000
CXUS53 KGRB 281533
CF6ISW
PRELIMINARY LOCAL CLIMATOLOGICAL DATA (WS FORM: F-6)
STATION: WISCONSIN RAPIDS ASOS
MONTH: FEBRUARY
YEAR: 2023
LATITUDE: 44 22 N
LONGITUDE: 89 50 W
TEMPERATURE IN F: :PCPN: SNOW: WIND :SUNSHINE: SKY :PK WND
================================================================================
1 2 3 4 5 6A 6B 7 8 9 10 11 12 13 14 15 16 17 18
12Z AVG MX 2MIN
DY MAX MIN AVG DEP HDD CDD WTR SNW DPTH SPD SPD DIR MIN PSBL S-S WX SPD DR
================================================================================
1 23 -5 9 -7 56 0 0.00 0.0 6 5.9 13 230 M M 3 17 230
2 19 -4 8 -8 57 0 0.00 0.0 6 13.7 25 330 M M 2 37 300
3 4 -12 -4 -21 69 0 0.00 0.0 6 6.2 14 330 M M 5 21 320
4 29 2 16 -1 49 0 0.00 0.0 6 6.4 15 200 M M 1 21 200
5 30 11 21 4 44 0 0.00 0.0 6 4.8 15 310 M M 2 1 20 290
6 36 5 21 4 44 0 0.12 0.0 6 7.0 18 130 M M 3 18 29 150
7 38 27 33 16 32 0 0.00 0.0 6 9.6 18 270 M M 7 1 29 290
8 48 20 34 16 31 0 0.00 0.0 5 4.8 14 220 M M 0 20 220
9 41 29 35 17 30 0 0.00 0.0 3 9.0 23 340 M M 6 37 330
10 32 15 24 6 41 0 0.00 0.0 2 10.7 21 320 M M 1 30 310
11 47 17 32 14 33 0 0.00 0.0 2 10.2 23 240 M M 0 34 250
12 47 20 34 15 31 0 0.00 0.0 1 3.9 10 260 M M 0 13 260
13 45 27 36 17 29 0 0.00 0.0 1 7.5 16 310 M M 1 22 310
14 46 31 39 20 26 0 0.16 0.0 1 8.8 21 150 M M 5 1 35 170
15 44 28 36 16 29 0 0.14 0.0 T 12.1 23 290 M M 10 1 34 250
16 28 16 22 2 43 0 0.00 0.0 T 11.3 21 350 M M 8 26 360
17 29 8 19 -1 46 0 0.00 0.0 T 8.4 16 10 M M 1 22 10
18 41 19 30 9 35 0 0.00 0.0 0 6.0 13 230 M M 0 19 230
19 45 25 35 14 30 0 0.00 0.0 0 9.2 20 310 M M 1 27 300
20 36 17 27 6 38 0 M M T 6.4 23 280 M M 5 12 37 260
21 28 14 21 -1 44 0 0.03 0.2 T 9.1 24 280 M M 9 1 34 290
22 23 18 21 -1 44 0 0.33 2.5 3 14.7 23 60 M M 10 12 37 60
23 22 11 17 -5 48 0 0.48 7.5 9 10.5 21 70 M M 10 18 35 70
24 20 -4 8 -15 57 0 0.11 1.8 10 3.1 9 320 M M 4 1 13 320
25 31 15 23 0 42 0 0.05 0.8 11 7.5 21 200 M M 5 1 29 190
26 38 11 25 1 40 0 0.00 0.0 11 5.0 16 100 M M 0 24 110
27 34 25 30 6 35 0 0.42 T 7 11.3 22 80 M M 8 16 36 80
28 45 27 36 11 29 0 0.00 0.0 7 5.7 18 300 M M 4 27 290
================================================================================
SM 949 413 1132 0 1.84 12.8 228.8 M 111
================================================================================
AV 33.9 14.8 8.2 FASTST M M 4 MAX(MPH)
MISC ----> 25 330 # 37 300
================================================================================
NOTES:
# LAST OF SEVERAL OCCURRENCES
COLUMN 17 PEAK WIND IN M.P.H.
PRELIMINARY LOCAL CLIMATOLOGICAL DATA (WS FORM: F-6) , PAGE 2
STATION: WISCONSIN RAPIDS ASOS
MONTH: FEBRUARY
YEAR: 2023
LATITUDE: 44 22 N
LONGITUDE: 89 50 W
[TEMPERATURE DATA] [PRECIPITATION DATA] SYMBOLS USED IN COLUMN 16
AVERAGE MONTHLY: 24.3 TOTAL FOR MONTH: 1.84 1 = FOG OR MIST
DPTR FM NORMAL: 4.5 DPTR FM NORMAL: 0.94 2 = FOG REDUCING VISIBILITY
HIGHEST: 48 ON 8 GRTST 24HR 0.48 ON 23-23 TO 1/4 MILE OR LESS
LOWEST: -12 ON 3 3 = THUNDER
SNOW, ICE PELLETS, HAIL 4 = ICE PELLETS
TOTAL MONTH: 12.8 INCHES 5 = HAIL
GRTST 24HR 7.5 ON 23-23 6 = FREEZING RAIN OR DRIZZLE
GRTST DEPTH: 11 ON 26,25 7 = DUSTSTORM OR SANDSTORM:
VSBY 1/2 MILE OR LESS
8 = SMOKE OR HAZE
[NO. OF DAYS WITH] [WEATHER - DAYS WITH] 9 = BLOWING SNOW
X = TORNADO
MAX 32 OR BELOW: 13 0.01 INCH OR MORE: 9
MAX 90 OR ABOVE: 0 0.10 INCH OR MORE: 7
MIN 32 OR BELOW: 28 0.50 INCH OR MORE: 0
MIN 0 OR BELOW: 4 1.00 INCH OR MORE: 0
[HDD (BASE 65) ]
TOTAL THIS MO. 1132 CLEAR (SCALE 0-3) 14
DPTR FM NORMAL -134 PTCLDY (SCALE 4-7) 9
TOTAL FM JUL 1 5319 CLOUDY (SCALE 8-10) 5
DPTR FM NORMAL -505
[CDD (BASE 65) ]
TOTAL THIS MO. 0
DPTR FM NORMAL 0 [PRESSURE DATA]
TOTAL FM JAN 1 0 HIGHEST SLP 30.72 ON 24
DPTR FM NORMAL 0 LOWEST SLP 29.19 ON 15
[REMARKS]
#FINAL-02-23#