000
CXUS53 KGRB 301716
CF6ISW
PRELIMINARY LOCAL CLIMATOLOGICAL DATA (WS FORM: F-6)
STATION: WISCONSIN RAPIDS ASOS
MONTH: DECEMBER
YEAR: 2022
LATITUDE: 44 22 N
LONGITUDE: 89 50 W
TEMPERATURE IN F: :PCPN: SNOW: WIND :SUNSHINE: SKY :PK WND
================================================================================
1 2 3 4 5 6A 6B 7 8 9 10 11 12 13 14 15 16 17 18
12Z AVG MX 2MIN
DY MAX MIN AVG DEP HDD CDD WTR SNW DPTH SPD SPD DIR MIN PSBL S-S WX SPD DR
================================================================================
1 33 10 22 -5 43 0 0.00 0.0 0 7.3 15 150 M M 2 24 130
2 45 26 36 9 29 0 T T 0 9.8 22 280 M M 3 1 34 290
3 33 11 22 -4 43 0 T T T 13.1 24 290 M M 3 1 40 280
4 37 11 24 -2 41 0 0.00 0.0 0 10.0 18 230 M M 0 26 230
5 35 22 29 3 36 0 0.00 0.0 0 6.0 15 350 M M 5 21 340
6 31 20 26 1 39 0 0.00 0.0 0 4.1 10 80 M M 7 15 100
7 32 22 27 2 38 0 0.00 0.0 0 4.9 14 320 M M 10 19 350
8 37 21 29 5 36 0 0.00 0.0 0 5.0 8 110 M M 4 13 80
9 34 23 29 5 36 0 0.00 0.0 0 10.6 20 100 M M 9 29 100
10 34 30 32 8 33 0 0.04 T 0 4.5 12 110 M M 10 128 18 100
11 35 32 34 11 31 0 0.00 0.0 T 3.3 7 20 M M 10 1 9 100
12 35 30 33 10 32 0 0.00 0.0 T 7.0 14 120 M M 10 21 110
13 35 32 34 12 31 0 0.02 0.0 0 14.1 24 100 M M 10 16 38 120
14 36 32 34 12 31 0 0.66 M 0 14.5 26 100 M M 10 16 43 100
15 33 27 30 8 35 0 0.37 5.0 5 8.9 15 190 M M 10 1 25 170
16 27 21 24 2 41 0 0.13 1.0 6 8.9 18 210 M M 10 1 27 180
17 24 19 22 1 43 0 0.12 1.0 7 8.4 16 260 M M 10 1 23 250
18 19 7 13 -8 52 0 0.03 1.0 8 10.8 17 290 M M 10 1 24 280
19 17 7 12 -9 53 0 0.16 2.0 10 4.0 12 280 M M 10 18 15 270
20 18 -5 7 -13 58 0 T T 12 8.9 17 300 M M 4 1 24 280
21 10 -8 1 -19 64 0 T T 10 5.5 13 90 M M 7 18 17 90
22 11 -11 0 -20 65 0 0.25 3.0 12 11.5 21 290 M M 10 18 29 310
23 1 -13 -6 -26 71 0 T T 12 17.1 28 300 M M 8 8 41 290
24 6 -1 3 -16 62 0 0.00 0.0 11 17.6 26 300 M M 4 89 40 300
25 5 -5 0 -19 65 0 0.00 0.0 11 10.2 23 280 M M 1 33 290
26 16 1 9 -10 56 0 0.00 0.0 11 5.3 15 350 M M 3 23 320
27 20 0 10 -8 55 0 0.00 0.0 11 7.9 15 170 M M 2 23 190
28 38 19 29 11 36 0 0.00 0.0 10 6.8 13 180 M M 0 21 170
29 47 32 40 22 25 0 0.01 0.0 10 5.2 14 280 M M 6 12 18 280
30 42 20 31 13 34 0 0.00 0.0 7 8.3 16 260 M M 10 12 25 290
31 32 16 24 6 41 0 T T T 4.0 9 120 M M 8 1 13 130
================================================================================
SM 858 448 1355 0 1.79 13.0 263.5 M 206
================================================================================
AV 27.7 14.5 8.5 FASTST M M 7 MAX(MPH)
MISC ----> 28 300 43 100
================================================================================
NOTES:
# LAST OF SEVERAL OCCURRENCES
COLUMN 17 PEAK WIND IN M.P.H.
PRELIMINARY LOCAL CLIMATOLOGICAL DATA (WS FORM: F-6) , PAGE 2
STATION: WISCONSIN RAPIDS ASOS
MONTH: DECEMBER
YEAR: 2022
LATITUDE: 44 22 N
LONGITUDE: 89 50 W
[TEMPERATURE DATA] [PRECIPITATION DATA] SYMBOLS USED IN COLUMN 16
AVERAGE MONTHLY: 21.1 TOTAL FOR MONTH: 1.79 1 = FOG OR MIST
DPTR FM NORMAL: -0.8 DPTR FM NORMAL: 0.57 2 = FOG REDUCING VISIBILITY
HIGHEST: 47 ON 29 GRTST 24HR 0.88 ON 14-15 TO 1/4 MILE OR LESS
LOWEST: -13 ON 23 3 = THUNDER
SNOW, ICE PELLETS, HAIL 4 = ICE PELLETS
TOTAL MONTH: 13.0 INCHES 5 = HAIL
GRTST 24HR 5.0 ON 15-15 6 = FREEZING RAIN OR DRIZZLE
GRTST DEPTH: 12 ON 23,22 7 = DUSTSTORM OR SANDSTORM:
VSBY 1/2 MILE OR LESS
8 = SMOKE OR HAZE
[NO. OF DAYS WITH] [WEATHER - DAYS WITH] 9 = BLOWING SNOW
X = TORNADO
MAX 32 OR BELOW: 15 0.01 INCH OR MORE: 10
MAX 90 OR ABOVE: 0 0.10 INCH OR MORE: 6
MIN 32 OR BELOW: 31 0.50 INCH OR MORE: 1
MIN 0 OR BELOW: 7 1.00 INCH OR MORE: 0
[HDD (BASE 65) ]
TOTAL THIS MO. 1355 CLEAR (SCALE 0-3) 7
DPTR FM NORMAL 17 PTCLDY (SCALE 4-7) 10
TOTAL FM JUL 1 2911 CLOUDY (SCALE 8-10) 14
DPTR FM NORMAL -133
[CDD (BASE 65) ]
TOTAL THIS MO. 0
DPTR FM NORMAL 0 [PRESSURE DATA]
TOTAL FM JAN 1 580 HIGHEST SLP 30.58 ON 21
DPTR FM NORMAL 78 LOWEST SLP 29.37 ON 15
[REMARKS]
#FINAL-12-22#