000
CXHW53 PHFO 011250
CF6ITO
PRELIMINARY LOCAL CLIMATOLOGICAL DATA (WS FORM: F-6)
STATION: HILO HI
MONTH: JANUARY
YEAR: 2024
LATITUDE: 19 43 N
LONGITUDE: 155 4 W
TEMPERATURE IN F: :PCPN: SNOW: WIND :SUNSHINE: SKY :PK WND
================================================================================
1 2 3 4 5 6A 6B 7 8 9 10 11 12 13 14 15 16 17 18
12Z AVG MX 2MIN
DY MAX MIN AVG DEP HDD CDD WTR SNW DPTH SPD SPD DIR MIN PSBL S-S WX SPD DR
================================================================================
1 81 63 72 0 0 7 0.07 M M 6.8 14 100 M M 5 1 M M
2 81 64 73 1 0 8 0.07 M M 7.9 14 120 M M 5 1 21 140
3 80 66 73 1 0 8 0.02 M M 7.4 13 150 M M 7 20 150
4 79 67 73 1 0 8 0.19 M M 7.9 15 150 M M 8 1 26 140
5 82 63 73 1 0 8 0.07 M M 7.1 15 100 M M 4 1 17 110
6 79 68 74 2 0 9 0.62 M M 6.2 14 130 M M 8 1 17 130
7 79 65 72 0 0 7 1.01 M M 7.0 14 140 M M 6 1 24 130
8 85 64 75 3 0 10 0.00 M M 7.8 23 160 M M 1 41 150
9 77 67 72 0 0 7 0.68 M M 9.2 18 160 M M 6 1 33 180
10 80 64 72 0 0 7 T M M 4.9 10 20 M M 6 M M
11 80 67 74 2 0 9 0.02 M M 5.2 12 340 M M 7 1 M M
12 82 61 72 0 0 7 0.00 M M 10.5 21 350 M M 2 37 350
13 78 59 69 -2 0 4 0.00 M M 6.7 14 360 M M 5 20 360
14 78 59 69 -2 0 4 0.00 M M 4.4 8 60 M M 7 M M
15 83 62 73 2 0 8 0.00 M M 6.9 14 120 M M 2 22 110
16 86 64 75 4 0 10 0.00 M M 7.9 18 150 M M 1 32 180
17 83 65 74 3 0 9 0.00 M M 6.5 12 10 M M 1 M M
18 82 66 74 3 0 9 0.02 M M 6.4 12 360 M M 5 M M
19 84 66 75 4 0 10 T M M 6.1 17 330 M M 4 M M
20 85 62 74 3 0 9 0.00 M M 7.8 16 110 M M 0 23 120
21 84 63 74 3 0 9 0.00 M M 8.6 16 130 M M 4 26 130
22 84 65 75 4 0 10 0.00 M M 6.1 17 130 M M 4 23 130
23 85 63 74 3 0 9 0.00 M M 8.5 18 140 M M 3 30 120
24 85 61 73 2 0 8 0.00 M M 6.2 20 350 M M 2 30 350
25 83 61 72 1 0 7 0.00 M M 7.2 16 20 M M 2 21 10
26 83 60 72 1 0 7 0.00 M M 4.3 15 20 M M 3 20 10
27 83 61 72 1 0 7 0.00 M M 5.3 15 20 M M 2 21 40
28 88 63 76 5 0 11 0.00 M M 6.3 18 360 M M 0 26 350
29 84 64 74 3 0 9 0.00 M M 6.5 16 20 M M 0 23 20
30 86 63 75 4 0 10 0.09 M M 6.3 14 30 M M 3 1 19 20
31 81 66 74 3 0 9 0.35 M M 5.0 17 360 M M 9 18 24 350
================================================================================
SM 2550 1972 0 254 3.21 M 210.7 M 122
================================================================================
AV 82.3 63.6 6.8 FASTST M M 4 MAX(MPH)
MISC ----> 23 160 41 150
================================================================================
NOTES:
# LAST OF SEVERAL OCCURRENCES
COLUMN 17 PEAK WIND IN M.P.H.
PRELIMINARY LOCAL CLIMATOLOGICAL DATA (WS FORM: F-6) , PAGE 2
STATION: HILO HI
MONTH: JANUARY
YEAR: 2024
LATITUDE: 19 43 N
LONGITUDE: 155 4 W
[TEMPERATURE DATA] [PRECIPITATION DATA] SYMBOLS USED IN COLUMN 16
AVERAGE MONTHLY: 72.9 TOTAL FOR MONTH: 3.21 1 = FOG OR MIST
DPTR FM NORMAL: 1.5 DPTR FM NORMAL: -4.65 2 = FOG REDUCING VISIBILITY
HIGHEST: 88 ON 28 GRTST 24HR 1.71 ON 8- 8 TO 1/4 MILE OR LESS
LOWEST: 59 ON 14,13 3 = THUNDER
SNOW, ICE PELLETS, HAIL 4 = ICE PELLETS
TOTAL MONTH: M 5 = HAIL
GRTST 24HR M ON M 6 = FREEZING RAIN OR DRIZZLE
GRTST DEPTH: M ON M 7 = DUSTSTORM OR SANDSTORM:
VSBY 1/2 MILE OR LESS
8 = SMOKE OR HAZE
[NO. OF DAYS WITH] [WEATHER - DAYS WITH] 9 = BLOWING SNOW
X = TORNADO
MAX 32 OR BELOW: 0 0.01 INCH OR MORE: 12
MAX 90 OR ABOVE: 0 0.10 INCH OR MORE: 5
MIN 32 OR BELOW: 0 0.50 INCH OR MORE: 3
MIN 0 OR BELOW: 0 1.00 INCH OR MORE: 1
[HDD (BASE 65) ]
TOTAL THIS MO. 0 CLEAR (SCALE 0-3) 14
DPTR FM NORMAL 0 PTCLDY (SCALE 4-7) 15
TOTAL FM JUL 1 0 CLOUDY (SCALE 8-10) 2
DPTR FM NORMAL 0
[CDD (BASE 65) ]
TOTAL THIS MO. 254
DPTR FM NORMAL 56 [PRESSURE DATA]
TOTAL FM JAN 1 254 HIGHEST SLP 30.24 ON 2
DPTR FM NORMAL 56 LOWEST SLP 29.67 ON 16
[REMARKS]
#FINAL-01-24#