000
CXUS53 KIWX 011833
CF6IWX
PRELIMINARY LOCAL CLIMATOLOGICAL DATA (WS FORM: F-6)
STATION: NORTH WEBSTER WFO
MONTH: OCTOBER
YEAR: 2023
LATITUDE: 41 21 N
LONGITUDE: 85 42 W
TEMPERATURE IN F: :PCPN: SNOW: WIND :SUNSHINE: SKY :PK WND
================================================================================
1 2 3 4 5 6A 6B 7 8 9 10 11 12 13 14 15 16 17 18
12Z AVG MX 2MIN
DY MAX MIN AVG DEP HDD CDD WTR SNW DPTH SPD SPD DIR MIN PSBL S-S WX SPD DR
================================================================================
1 82 56 69 10 0 4 0.00 0.0 0 M M M M M M M M
2 85 58 72 13 0 7 0.00 0.0 0 M M M M M M M M
3 85 58 72 14 0 7 0.00 0.0 0 M M M M M M M M
4 84 62 73 15 0 8 0.00 0.0 0 M M M M M M M M
5 70 59 65 7 0 0 0.90 0.0 0 M M M M M M 1 M M
6 66 42 54 -3 11 0 0.04 0.0 0 M M M M M M M M
7 59 41 50 -7 15 0 0.06 0.0 0 M M M M M M M M
8 58 38 48 -8 17 0 0.01 0.0 0 M M M M M M M M
9 60 39 50 -6 15 0 0.00 0.0 0 M M M M M M M M
10 57 37 47 -9 18 0 0.00 0.0 0 M M M M M M M M
11 69 37 53 -2 12 0 0.14 0.0 0 M M M M M M 1 M M
12 62 48 55 0 10 0 0.33 0.0 0 M M M M M M 1 M M
13 61 48 55 1 10 0 0.24 0.0 0 M M M M M M 1 M M
14 51 45 48 -6 17 0 0.39 0.0 0 M M M M M M M M
15 54 41 48 -6 17 0 0.10 0.0 0 M M M M M M M M
16 53 45 49 -4 16 0 0.00 0.0 0 M M M M M M M M
17 60 41 51 -2 14 0 0.00 0.0 0 M M M M M M M M
18 65 43 54 2 11 0 0.00 0.0 0 M M M M M M M M
19 54 51 53 1 12 0 0.48 0.0 0 M M M M M M M M
20 55 41 48 -4 17 0 0.13 0.0 0 M M M M M M M M
21 56 37 47 -4 18 0 0.16 0.0 0 M M M M M M M M
22 59 35 47 -4 18 0 0.00 0.0 0 M M M M M M M M
23 63 35 49 -1 16 0 0.00 0.0 0 M M M M M M M M
24 80 52 66 16 0 1 0.00 0.0 0 M M M M M M M M
25 67 58 63 13 2 0 0.08 0.0 0 M M M M M M 1 M M
26 71 61 66 17 0 1 0.14 0.0 0 M M M M M M 1 M M
27 76 56 66 17 0 1 0.02 0.0 0 M M M M M M M M
28 56 43 50 2 15 0 0.35 0.0 0 M M M M M M 1 M M
29 44 40 42 -6 23 0 0.41 0.0 0 M M M M M M 1 M M
30 47 27 37 -11 28 0 0.02 0.0 0 M M M M M M 1 M M
31 37 24 31 -16 34 0 0.01 0.3 0 M M M M M M M M
================================================================================
SM 1946 1398 366 29 4.01 0.3 M M M
================================================================================
AV 62.8 45.1 M FASTST M M M MAX(MPH)
MISC ----> M M M M
================================================================================
NOTES:
# LAST OF SEVERAL OCCURRENCES
COLUMN 17 PEAK WIND IN M.P.H.
PRELIMINARY LOCAL CLIMATOLOGICAL DATA (WS FORM: F-6) , PAGE 2
STATION: NORTH WEBSTER WFO
MONTH: OCTOBER
YEAR: 2023
LATITUDE: 41 21 N
LONGITUDE: 85 42 W
[TEMPERATURE DATA] [PRECIPITATION DATA] SYMBOLS USED IN COLUMN 16
AVERAGE MONTHLY: 53.9 TOTAL FOR MONTH: 4.01 1 = FOG OR MIST
DPTR FM NORMAL: 0.7 DPTR FM NORMAL: 0.93 2 = FOG REDUCING VISIBILITY
HIGHEST: 85 ON 3, 2 GRTST 24HR 0.90 ON 5- 5 TO 1/4 MILE OR LESS
LOWEST: 24 ON 31 3 = THUNDER
SNOW, ICE PELLETS, HAIL 4 = ICE PELLETS
TOTAL MONTH: 0.3 INCH 5 = HAIL
GRTST 24HR 0.3 ON 31-31 6 = FREEZING RAIN OR DRIZZLE
GRTST DEPTH: 0 7 = DUSTSTORM OR SANDSTORM:
VSBY 1/2 MILE OR LESS
8 = SMOKE OR HAZE
[NO. OF DAYS WITH] [WEATHER - DAYS WITH] 9 = BLOWING SNOW
X = TORNADO
MAX 32 OR BELOW: 0 0.01 INCH OR MORE: 19
MAX 90 OR ABOVE: 0 0.10 INCH OR MORE: 12
MIN 32 OR BELOW: 2 0.50 INCH OR MORE: 1
MIN 0 OR BELOW: 0 1.00 INCH OR MORE: 0
[HDD (BASE 65) ]
TOTAL THIS MO. 366 CLEAR (SCALE 0-3) 0
DPTR FM NORMAL -11 PTCLDY (SCALE 4-7) 0
TOTAL FM JUL 1 435 CLOUDY (SCALE 8-10) 31
DPTR FM NORMAL -65
[CDD (BASE 65) ]
TOTAL THIS MO. 29
DPTR FM NORMAL 18 [PRESSURE DATA]
TOTAL FM JAN 1 658 HIGHEST SLP M ON M
DPTR FM NORMAL -86 LOWEST SLP M ON M
[REMARKS]
#FINAL-10-23#