000
CXUS55 KRIW 011010
CF6JAC
PRELIMINARY LOCAL CLIMATOLOGICAL DATA (WS FORM: F-6)
STATION: JACKSON WY
MONTH: MAY
YEAR: 2023
LATITUDE: 43 35 N
LONGITUDE: 110 44 W
TEMPERATURE IN F: :PCPN: SNOW: WIND :SUNSHINE: SKY :PK WND
================================================================================
1 2 3 4 5 6A 6B 7 8 9 10 11 12 13 14 15 16 17 18
12Z AVG MX 2MIN
DY MAX MIN AVG DEP HDD CDD WTR SNW DPTH SPD SPD DIR MIN PSBL S-S WX SPD DR
================================================================================
1 72 28 50 8 15 0 0.00 M M 5.0 10 260 M M 1 M M
2 70 40 55 12 10 0 T M M 9.6 20 200 M M 2 30 190
3 69 30 50 7 15 0 0.00 M M 5.4 12 20 M M 0 M M
4 60 30 45 2 20 0 M M M 7.2 24 200 M M 4 32 220
5 55 33 44 0 21 0 0.00 M M 8.0 20 240 M M 5 25 220
6 52 25 39 -5 26 0 0.00 M M 8.4 18 210 M M 5 25 210
7 52 34 43 -1 22 0 M M M 8.7 17 190 M M 9 22 270
8 55 32 44 -1 21 0 M M M 5.9 18 210 M M 7 25 190
9 58 32 45 0 20 0 0.00 M M 7.3 17 210 M M 5 31 250
10 62 29 46 1 19 0 T M M 8.8 17 60 M M 5 21 60
11 62 31 47 1 18 0 0.00 M M 7.3 15 290 M M 5 22 290
12 63 32 48 2 17 0 0.00 M M 11.2 18 10 M M 4 23 10
13 61 36 49 3 16 0 0.00 M M 15.2 21 30 M M 6 27 360
14 65 42 54 8 11 0 T M M 15.2 23 190 M M 5 1 29 360
15 68 39 54 7 11 0 0.00 M M 5.6 17 170 M M 6 12 21 200
16 69 37 53 6 12 0 0.00 M M 6.5 27 320 M M 3 36 320
17 68 32 50 3 15 0 M M M 6.2 22 10 M M 4 30 280
18 67 34 51 3 14 0 0.00 M M 8.3 16 30 M M 2 8 21 30
19 72 32 52 4 13 0 0.00 M M 5.7 12 10 M M 0 8 M M
20 75 31 53 5 12 0 0.00 M M 5.7 15 10 M M 0 M M
21 76 39 58 10 7 0 0.00 M M 6.0 14 310 M M 1 17 320
22 72 37 55 6 10 0 0.00 M M 6.0 21 290 M M 2 28 290
23 73 40 57 8 8 0 M M M 6.4 17 310 M M 6 13 25 210
24 62 41 52 3 13 0 M M M 4.5 24 180 M M 7 1 31 180
25 64 40 52 3 13 0 M M M 4.7 24 150 M M 6 123 31 170
26 59 39 49 -1 16 0 0.00 M M 5.4 14 240 M M 3 18 220
27 59 34 47 -3 18 0 0.00 M M 4.7 21 200 M M 5 35 200
28 58 38 48 -2 17 0 0.00 M M 3.9 12 170 M M 7 1 M M
29 68 40 54 4 11 0 0.00 M M 6.7 17 20 M M 5 38 24 130
30 68 35 52 2 13 0 0.00 M M 6.2 18 90 M M 4 3 30 290
31 70 34 52 1 13 0 0.00 M M 3.8 21 200 M M 3 12 29 200
================================================================================
SM 2004 1076 467 0 T M 219.5 M 127
================================================================================
AV 64.6 34.7 7.1 FASTST M M 4 MAX(MPH)
MISC ----> 27 320 36 320
================================================================================
NOTES:
# LAST OF SEVERAL OCCURRENCES
COLUMN 17 PEAK WIND IN M.P.H.
PRELIMINARY LOCAL CLIMATOLOGICAL DATA (WS FORM: F-6) , PAGE 2
STATION: JACKSON WY
MONTH: MAY
YEAR: 2023
LATITUDE: 43 35 N
LONGITUDE: 110 44 W
[TEMPERATURE DATA] [PRECIPITATION DATA] SYMBOLS USED IN COLUMN 16
AVERAGE MONTHLY: 49.7 TOTAL FOR MONTH: T 1 = FOG OR MIST
DPTR FM NORMAL: 2.9 DPTR FM NORMAL: -1.88 2 = FOG REDUCING VISIBILITY
HIGHEST: 76 ON 21 GRTST 24HR 0.01 ON 7- 8 TO 1/4 MILE OR LESS
LOWEST: 25 ON 6 3 = THUNDER
SNOW, ICE PELLETS, HAIL 4 = ICE PELLETS
TOTAL MONTH: M 5 = HAIL
GRTST 24HR M ON M 6 = FREEZING RAIN OR DRIZZLE
GRTST DEPTH: M ON M 7 = DUSTSTORM OR SANDSTORM:
VSBY 1/2 MILE OR LESS
8 = SMOKE OR HAZE
[NO. OF DAYS WITH] [WEATHER - DAYS WITH] 9 = BLOWING SNOW
X = TORNADO
MAX 32 OR BELOW: 0 0.01 INCH OR MORE: 0
MAX 90 OR ABOVE: 0 0.10 INCH OR MORE: 0
MIN 32 OR BELOW: 12 0.50 INCH OR MORE: 0
MIN 0 OR BELOW: 0 1.00 INCH OR MORE: 0
[HDD (BASE 65) ]
TOTAL THIS MO. 467 CLEAR (SCALE 0-3) 10
DPTR FM NORMAL -97 PTCLDY (SCALE 4-7) 20
TOTAL FM JUL 1 9224 CLOUDY (SCALE 8-10) 1
DPTR FM NORMAL -469
[CDD (BASE 65) ]
TOTAL THIS MO. 0
DPTR FM NORMAL 0 [PRESSURE DATA]
TOTAL FM JAN 1 0 HIGHEST SLP 30.42 ON 14
DPTR FM NORMAL 0 LOWEST SLP 29.72 ON 1
[REMARKS]
#FINAL-05-23#