000
CXUS54 KMEG 010900
CF6JBR
PRELIMINARY LOCAL CLIMATOLOGICAL DATA (WS FORM: F-6)
STATION: JONESBORO
MONTH: OCTOBER
YEAR: 2021
LATITUDE: 35 49 N
LONGITUDE: 90 39 W
TEMPERATURE IN F: :PCPN: SNOW: WIND :SUNSHINE: SKY :PK WND
================================================================================
1 2 3 4 5 6A 6B 7 8 9 10 11 12 13 14 15 16 17 18
12Z AVG MX 2MIN
DY MAX MIN AVG DEP HDD CDD WTR SNW DPTH SPD SPD DIR MIN PSBL S-S WX SPD DR
================================================================================
1 83 70 77 9 0 12 1.22 M M 5.0 13 120 M M 8 13 16 130
2 75 70 73 5 0 8 0.69 M M 7.2 25 200 M M 8 13 32 210
3 82 64 73 6 0 8 0.01 M M 7.2 17 220 M M 2 18 20 220
4 82 62 72 5 0 7 0.00 M M 3.2 9 320 M M 4 12 350
5 83 63 73 6 0 8 0.03 M M 7.1 16 40 M M 4 3 23 40
6 79 62 71 5 0 6 0.15 M M 2.8 15 290 M M 7 1238 17 290
7 85 63 74 8 0 9 T M M 3.5 15 230 M M 5 1 18 220
8 89 60 75 10 0 10 0.00 M M 4.2 14 230 M M 1 12 19 250
9 89 64 77 12 0 12 0.00 M M 8.5 23 200 M M 0 26 210
10 88 66 77 12 0 12 0.00 M M 12.0 26 220 M M 0 31 210
11 84 60 72 8 0 7 T M M 14.5 30 200 M M 2 39 210
12 83 53 68 4 0 3 T M M 2.3 9 320 M M 0 18 12 200
13 88 68 78 15 0 13 0.00 M M 9.7 24 210 M M 2 30 210
14 85 70 78 15 0 13 0.00 M M 9.2 18 220 M M 5 24 230
15 81 52 67 4 0 2 0.13 M M 7.1 29 330 M M 5 13 37 330
16 71 47 59 -3 6 0 0.00 M M 7.6 16 300 M M 0 22 300
17 72 43 58 -4 7 0 0.00 M M 2.8 9 260 M M 0 8 14 300
18 73 42 58 -3 7 0 0.00 M M 2.0 14 190 M M 0 8 18 150
19 74 42 58 -3 7 0 0.00 M M 3.8 13 160 M M 0 8 18 150
20 80 48 64 3 1 0 0.00 M M 5.5 16 190 M M 0 1 21 200
21 75 50 63 3 2 0 0.05 M M 7.6 20 300 M M 2 18 26 290
22 71 46 59 -1 6 0 0.00 M M 3.1 12 250 M M 0 8 26 310
23 80 49 65 6 0 0 T M M 6.0 17 180 M M 3 24 190
24 83 63 73 14 0 8 0.19 M M 15.2 30 210 M M 3 1 41 210
25 71 51 61 3 4 0 0.21 M M 8.9 26 220 M M 10 1 34 210
26 65 46 56 -2 9 0 0.00 M M 6.4 15 60 M M 0 18 60
27 70 51 61 3 4 0 0.24 M M 11.3 22 120 M M 4 1 32 110
28 60 51 56 -1 9 0 0.32 M M 12.3 20 290 M M 10 1 30 300
29 59 50 55 -2 10 0 0.02 M M 12.8 23 320 M M 10 1 33 320
30 64 49 57 1 8 0 0.00 M M 7.1 17 320 M M 6 23 280
31 70 46 58 2 7 0 0.00 M M 5.5 15 10 M M 0 20 10
================================================================================
SM 2394 1721 87 138 3.26 M 221.4 M 101
================================================================================
AV 77.2 55.5 7.1 FASTST M M 3 MAX(MPH)
MISC ----> # 30 200 41 210
================================================================================
NOTES:
# LAST OF SEVERAL OCCURRENCES
COLUMN 17 PEAK WIND IN M.P.H.
PRELIMINARY LOCAL CLIMATOLOGICAL DATA (WS FORM: F-6) , PAGE 2
STATION: JONESBORO
MONTH: OCTOBER
YEAR: 2021
LATITUDE: 35 49 N
LONGITUDE: 90 39 W
[TEMPERATURE DATA] [PRECIPITATION DATA] SYMBOLS USED IN COLUMN 16
AVERAGE MONTHLY: 66.4 TOTAL FOR MONTH: 3.26 1 = FOG OR MIST
DPTR FM NORMAL: 4.2 DPTR FM NORMAL: -0.55 2 = FOG REDUCING VISIBILITY
HIGHEST: 89 ON 9, 8 GRTST 24HR 1.79 ON 1- 2 TO 1/4 MILE OR LESS
LOWEST: 42 ON 19,18 3 = THUNDER
SNOW, ICE PELLETS, HAIL 4 = ICE PELLETS
TOTAL MONTH: M 5 = HAIL
GRTST 24HR M ON M 6 = FREEZING RAIN OR DRIZZLE
GRTST DEPTH: M ON M 7 = DUSTSTORM OR SANDSTORM:
VSBY 1/2 MILE OR LESS
8 = SMOKE OR HAZE
[NO. OF DAYS WITH] [WEATHER - DAYS WITH] 9 = BLOWING SNOW
X = TORNADO
MAX 32 OR BELOW: 0 0.01 INCH OR MORE: 12
MAX 90 OR ABOVE: 0 0.10 INCH OR MORE: 8
MIN 32 OR BELOW: 0 0.50 INCH OR MORE: 2
MIN 0 OR BELOW: 0 1.00 INCH OR MORE: 1
[HDD (BASE 65) ]
TOTAL THIS MO. 87 CLEAR (SCALE 0-3) 17
DPTR FM NORMAL -70 PTCLDY (SCALE 4-7) 9
TOTAL FM JUL 1 87 CLOUDY (SCALE 8-10) 5
DPTR FM NORMAL -84
[CDD (BASE 65) ]
TOTAL THIS MO. 138
DPTR FM NORMAL 69 [PRESSURE DATA]
TOTAL FM JAN 1 2036 HIGHEST SLP 30.32 ON 17
DPTR FM NORMAL 47 LOWEST SLP 29.34 ON 28
[REMARKS]
#FINAL-10-21#