000
CXUS54 KSJT 011000
CF6JCT
PRELIMINARY LOCAL CLIMATOLOGICAL DATA (WS FORM: F-6)
STATION: JUNCTION
MONTH: JULY
YEAR: 2022
LATITUDE: 30 18 N
LONGITUDE: 99 28 W
TEMPERATURE IN F: :PCPN: SNOW: WIND :SUNSHINE: SKY :PK WND
================================================================================
1 2 3 4 5 6A 6B 7 8 9 10 11 12 13 14 15 16 17 18
12Z AVG MX 2MIN
DY MAX MIN AVG DEP HDD CDD WTR SNW DPTH SPD SPD DIR MIN PSBL S-S WX SPD DR
================================================================================
1 102 76 89 7 0 24 0.00 0.0 0 6.0 17 150 M M 2 24 140
2 96 75 86 4 0 21 0.79 0.0 0 5.3 32 270 M M 2 3 49 270
3 94 71 83 1 0 18 0.00 0.0 0 7.1 17 170 M M 1 23 170
4 97 73 85 3 0 20 0.00 0.0 0 9.9 21 170 M M 0 30 170
5 99 73 86 4 0 21 0.00 0.0 0 10.1 18 160 M M 1 33 160
6 102 75 89 6 0 24 0.00 0.0 0 9.2 18 160 M M 0 26 160
7 103 76 90 7 0 25 0.00 0.0 0 7.3 16 160 M M 0 22 160
8 105 77 91 8 0 26 0.00 0.0 0 4.9 14 180 M M 1 20 150
9 104 77 91 8 0 26 T 0.0 0 5.5 23 120 M M 0 3 31 110
10 104 73 89 6 0 24 T 0.0 0 3.4 21 200 M M 1 3 29 120
11 109 71 90 7 0 25 0.00 0.0 0 3.9 17 180 M M 0 24 190
12 104 77 91 8 0 26 0.08 0.0 0 4.4 24 30 M M 2 3 41 270
13 104 71 88 5 0 23 T 0.0 0 3.9 17 120 M M 0 25 130
14 102 73 88 5 0 23 T 0.0 0 2.8 40 50 M M 0 3 56 60
15 98 M M M M M 0.00 0.0 0 9.2 17 70 M M 1 8 23 150
16 99 72 86 2 0 21 0.00 0.0 0 4.1 14 170 M M 3 19 180
17 101 76 89 5 0 24 0.00 0.0 0 5.0 15 130 M M 0 8 23 170
18 105 73 89 5 0 24 0.00 0.0 0 5.8 16 150 M M 0 8 22 150
19 106 78 92 8 0 27 0.00 0.0 0 8.6 18 170 M M 0 8 27 190
20 106 77 92 8 0 27 0.00 0.0 0 6.8 16 140 M M 1 8 26 90
21 102 80 91 7 0 26 0.00 0.0 0 8.4 18 160 M M 2 8 26 150
22 101 76 89 5 0 24 0.00 0.0 0 11.0 22 140 M M 0 8 29 160
23 100 76 88 4 0 23 0.00 0.0 0 10.2 23 160 M M 0 31 160
24 100 76 88 4 0 23 0.00 0.0 0 10.8 23 160 M M 1 32 160
25 101 75 88 4 0 23 0.00 0.0 0 9.8 21 150 M M 0 8 31 140
26 102 74 88 4 0 23 0.00 0.0 0 9.6 20 140 M M 0 8 30 120
27 101 75 88 4 0 23 0.00 0.0 0 8.9 20 140 M M 0 28 150
28 100 77 89 5 0 24 0.00 0.0 0 10.0 18 140 M M 1 25 160
29 102 77 90 6 0 25 0.00 0.0 0 10.1 23 160 M M 1 32 160
30 101 77 89 5 0 24 0.00 0.0 0 9.2 18 170 M M 0 28 180
31 101 76 89 5 0 24 0.00 0.0 0 10.1 21 170 M M 0 33 160
================================================================================
SM 3151 2253 0 711 0.87 0.0 231.3 M 20
================================================================================
AV101.6 75.1 7.5 FASTST M M 1 MAX(MPH)
MISC ----> 40 50 56 60
================================================================================
NOTES:
# LAST OF SEVERAL OCCURRENCES
COLUMN 17 PEAK WIND IN M.P.H.
PRELIMINARY LOCAL CLIMATOLOGICAL DATA (WS FORM: F-6) , PAGE 2
STATION: JUNCTION
MONTH: JULY
YEAR: 2022
LATITUDE: 30 18 N
LONGITUDE: 99 28 W
[TEMPERATURE DATA] [PRECIPITATION DATA] SYMBOLS USED IN COLUMN 16
AVERAGE MONTHLY: 88.4 TOTAL FOR MONTH: 0.87 1 = FOG OR MIST
DPTR FM NORMAL: 4.9 DPTR FM NORMAL: -0.61 2 = FOG REDUCING VISIBILITY
HIGHEST: 109 ON 11 GRTST 24HR 0.79 ON 2- 2 TO 1/4 MILE OR LESS
LOWEST: 71 ON 13,11 3 = THUNDER
SNOW, ICE PELLETS, HAIL 4 = ICE PELLETS
TOTAL MONTH: 0.0 INCH 5 = HAIL
GRTST 24HR 0.0 6 = FREEZING RAIN OR DRIZZLE
GRTST DEPTH: 0 7 = DUSTSTORM OR SANDSTORM:
VSBY 1/2 MILE OR LESS
8 = SMOKE OR HAZE
[NO. OF DAYS WITH] [WEATHER - DAYS WITH] 9 = BLOWING SNOW
X = TORNADO
MAX 32 OR BELOW: 0 0.01 INCH OR MORE: 2
MAX 90 OR ABOVE: 31 0.10 INCH OR MORE: 1
MIN 32 OR BELOW: 0 0.50 INCH OR MORE: 1
MIN 0 OR BELOW: 0 1.00 INCH OR MORE: 0
[HDD (BASE 65) ]
TOTAL THIS MO. 0 CLEAR (SCALE 0-3) 31
DPTR FM NORMAL 0 PTCLDY (SCALE 4-7) 0
TOTAL FM JUL 1 0 CLOUDY (SCALE 8-10) 0
DPTR FM NORMAL 0
[CDD (BASE 65) ]
TOTAL THIS MO. 711
DPTR FM NORMAL 139 [PRESSURE DATA]
TOTAL FM JAN 1 2209 HIGHEST SLP 30.06 ON 26
DPTR FM NORMAL 664 LOWEST SLP 29.65 ON 11
[REMARKS]
#FINAL-07-22#