000
CXUS54 KSJT 011000
CF6JCT
PRELIMINARY LOCAL CLIMATOLOGICAL DATA (WS FORM: F-6)
STATION: JUNCTION
MONTH: JUNE
YEAR: 2021
LATITUDE: 30 18 N
LONGITUDE: 99 28 W
TEMPERATURE IN F: :PCPN: SNOW: WIND :SUNSHINE: SKY :PK WND
================================================================================
1 2 3 4 5 6A 6B 7 8 9 10 11 12 13 14 15 16 17 18
12Z AVG MX 2MIN
DY MAX MIN AVG DEP HDD CDD WTR SNW DPTH SPD SPD DIR MIN PSBL S-S WX SPD DR
================================================================================
1 M M M M M M 0.00 0.0 0 M M M M M M M M
2 86 63 75 -4 0 10 0.00 0.0 0 4.8 33 360 M M 2 3 51 360
3 77 62 70 -10 0 5 0.91 0.0 0 6.9 22 350 M M 3 13 30 350
4 80 62 71 -9 0 6 0.06 0.0 0 4.1 16 100 M M 6 13 21 110
5 86 65 76 -4 0 11 0.07 0.0 0 4.8 18 160 M M 4 123 26 160
6 89 69 79 -1 0 14 0.11 0.0 0 10.7 18 170 M M 3 8 26 160
7 91 77 84 4 0 19 T 0.0 0 7.3 22 160 M M 6 8 30 160
8 90 71 81 1 0 16 0.04 0.0 0 8.1 25 50 M M 5 18 34 50
9 91 77 84 3 0 19 0.00 0.0 0 7.3 17 140 M M 6 8 24 140
10 94 75 85 4 0 20 0.00 0.0 0 9.1 17 150 M M 2 26 180
11 95 76 86 5 0 21 0.00 0.0 0 10.0 17 170 M M 2 24 200
12 97 73 85 4 0 20 0.00 0.0 0 6.4 14 160 M M 0 20 130
13 98 69 84 3 0 19 0.00 0.0 0 3.0 9 70 M M 0 18 17 160
14 97 69 83 2 0 18 0.00 0.0 0 5.8 18 30 M M 0 25 30
15 98 67 83 2 0 18 0.00 0.0 0 4.4 16 90 M M 1 8 21 80
16 97 66 82 1 0 17 0.00 0.0 0 4.1 16 60 M M 0 18 25 90
17 96 64 80 -1 0 15 0.00 0.0 0 3.7 17 140 M M 1 18 24 130
18 96 65 81 -1 0 16 0.00 0.0 0 4.2 14 140 M M 0 18 20 130
19 96 69 83 1 0 18 0.00 0.0 0 6.1 16 160 M M 1 23 150
20 96 72 84 2 0 19 0.00 0.0 0 9.3 20 170 M M 0 26 160
21 98 76 87 5 0 22 0.00 0.0 0 7.9 23 20 M M 4 8 34 40
22 93 71 82 0 0 17 0.00 0.0 0 8.0 18 50 M M 6 27 60
23 96 71 84 2 0 19 0.00 0.0 0 9.0 20 160 M M 3 18 28 160
24 95 77 86 4 0 21 0.00 0.0 0 11.8 22 160 M M 4 29 150
25 95 74 85 3 0 20 0.00 0.0 0 12.5 24 160 M M 4 32 160
26 96 77 87 5 0 22 0.00 0.0 0 13.5 23 150 M M 3 32 160
27 94 69 82 0 0 17 T 0.0 0 5.9 24 100 M M 1 32 110
28 92 71 82 0 0 17 0.03 0.0 0 7.2 20 160 M M 3 26 150
29 90 72 81 -1 0 16 0.00 0.0 0 6.5 23 130 M M 6 38 32 130
30 94 70 82 0 0 17 0.00 M M 6.8 17 170 M M 5 13 24 190
================================================================================
SM 2693 2039 0 489 1.22 0.0 209.2 M 81
================================================================================
AV 92.9 70.3 7.2 FASTST M M 3 MAX(MPH)
MISC ----> 33 360 51 360
================================================================================
NOTES:
# LAST OF SEVERAL OCCURRENCES
COLUMN 17 PEAK WIND IN M.P.H.
PRELIMINARY LOCAL CLIMATOLOGICAL DATA (WS FORM: F-6) , PAGE 2
STATION: JUNCTION
MONTH: JUNE
YEAR: 2021
LATITUDE: 30 18 N
LONGITUDE: 99 28 W
[TEMPERATURE DATA] [PRECIPITATION DATA] SYMBOLS USED IN COLUMN 16
AVERAGE MONTHLY: 81.6 TOTAL FOR MONTH: 1.22 1 = FOG OR MIST
DPTR FM NORMAL: 0.5 DPTR FM NORMAL: -1.61 2 = FOG REDUCING VISIBILITY
HIGHEST: 98 ON 21,15 GRTST 24HR 0.91 ON 3- 3 TO 1/4 MILE OR LESS
LOWEST: 62 ON 4, 3 3 = THUNDER
SNOW, ICE PELLETS, HAIL 4 = ICE PELLETS
TOTAL MONTH: 0.0 INCH 5 = HAIL
GRTST 24HR 0.0 6 = FREEZING RAIN OR DRIZZLE
GRTST DEPTH: 0 7 = DUSTSTORM OR SANDSTORM:
VSBY 1/2 MILE OR LESS
8 = SMOKE OR HAZE
[NO. OF DAYS WITH] [WEATHER - DAYS WITH] 9 = BLOWING SNOW
X = TORNADO
MAX 32 OR BELOW: 0 0.01 INCH OR MORE: 6
MAX 90 OR ABOVE: 24 0.10 INCH OR MORE: 2
MIN 32 OR BELOW: 0 0.50 INCH OR MORE: 1
MIN 0 OR BELOW: 0 1.00 INCH OR MORE: 0
[HDD (BASE 65) ]
TOTAL THIS MO. 0 CLEAR (SCALE 0-3) 15
DPTR FM NORMAL 0 PTCLDY (SCALE 4-7) 14
TOTAL FM JUL 1 2144 CLOUDY (SCALE 8-10) 1
DPTR FM NORMAL 86
[CDD (BASE 65) ]
TOTAL THIS MO. 489
DPTR FM NORMAL 6 [PRESSURE DATA]
TOTAL FM JAN 1 840 HIGHEST SLP 30.06 ON 1
DPTR FM NORMAL -133 LOWEST SLP 29.61 ON 20
[REMARKS]
#FINAL-06-21#