000
CXUS55 KGGW 010810
CF6JDN
PRELIMINARY LOCAL CLIMATOLOGICAL DATA (WS FORM: F-6)
STATION: JORDAN ASOS MT
MONTH: SEPTEMBER
YEAR: 2020
LATITUDE: 47 19 N
LONGITUDE: 106 50 W
TEMPERATURE IN F: :PCPN: SNOW: WIND :SUNSHINE: SKY :PK WND
================================================================================
1 2 3 4 5 6A 6B 7 8 9 10 11 12 13 14 15 16 17 18
12Z AVG MX 2MIN
DY MAX MIN AVG DEP HDD CDD WTR SNW DPTH SPD SPD DIR MIN PSBL S-S WX SPD DR
================================================================================
1 85 46 66 2 0 1 0.00 M M 11.9 29 320 M M 0 35 310
2 93 54 74 11 0 9 0.00 M M 17.5 47 340 M M 0 60 330
3 80 47 64 1 1 0 0.00 M M 5.3 16 330 M M 0 23 300
4 86 47 67 5 0 2 0.00 M M 3.8 12 70 M M 0 16 70
5 92 53 73 11 0 8 0.00 M M 5.4 15 140 M M 0 19 130
6 75 50 63 1 2 0 0.22 M M 11.2 23 360 M M 0 34 30
7 51 41 46 -15 19 0 0.90 M M 10.9 25 10 M M 0 34 360
8 55 30 43 -18 22 0 0.00 M M 4.0 12 240 M M 0 19 300
9 71 37 54 -6 11 0 0.00 M M 4.5 13 250 M M 0 17 240
10 77 37 57 -3 8 0 0.00 M M 2.8 13 130 M M 0 17 130
11 82 41 62 3 3 0 0.00 M M 3.7 10 30 M M 0 14 340
12 85 44 65 6 0 0 0.00 M M 6.9 21 60 M M 0 27 50
13 70 47 59 1 6 0 0.00 M M 10.0 20 120 M M 0 26 120
14 92 43 68 10 0 3 0.00 M M 6.0 22 260 M M 0 30 250
15 76 43 60 3 5 0 0.00 M M 5.2 15 350 M M 0 20 350
16 69 39 54 -3 11 0 0.00 M M 5.6 14 360 M M 0 25 150
17 77 39 58 2 7 0 0.00 M M 2.1 9 110 M M 0 13 70
18 79 43 61 5 4 0 0.00 M M 6.9 16 110 M M 0 22 110
19 79 49 64 8 1 0 0.06 M M 8.3 25 280 M M 0 36 280
20 73 50 62 7 3 0 0.00 M M 14.0 32 280 M M 0 49 280
21 80 42 61 6 4 0 0.00 M M 5.5 18 250 M M 0 27 250
22 86 38 62 8 3 0 0.00 M M 5.5 18 360 M M 0 24 350
23 79 49 64 10 1 0 0.00 M M 5.1 14 330 M M 0 15 330
24 92 51 72 19 0 7 0.00 M M 13.3 33 310 M M 0 44 310
25 72 37 55 2 10 0 0.00 M M 7.2 22 290 M M 0 28 320
26 68 38 53 1 12 0 0.00 M M 15.0 43 310 M M 0 55 310
27 65 38 52 0 13 0 0.00 M M 15.9 37 310 M M 0 47 310
28 71 30 51 -1 14 0 0.00 M M 9.0 21 280 M M 0 26 280
29 83 48 66 15 0 1 0.00 M M 13.3 28 320 M M 0 36 330
30 66 32 49 -2 16 0 0.00 M M 13.7 28 320 M M 0 37 320
================================================================================
SM 2309 1283 176 31 1.18 M 249.5 M 0
================================================================================
AV 77.0 42.8 8.3 FASTST M M 0 MAX(MPH)
MISC ----> 47 340 60 330
================================================================================
NOTES:
# LAST OF SEVERAL OCCURRENCES
COLUMN 17 PEAK WIND IN M.P.H.
PRELIMINARY LOCAL CLIMATOLOGICAL DATA (WS FORM: F-6) , PAGE 2
STATION: JORDAN ASOS MT
MONTH: SEPTEMBER
YEAR: 2020
LATITUDE: 47 19 N
LONGITUDE: 106 50 W
[TEMPERATURE DATA] [PRECIPITATION DATA] SYMBOLS USED IN COLUMN 16
AVERAGE MONTHLY: 59.9 TOTAL FOR MONTH: 1.18 1 = FOG OR MIST
DPTR FM NORMAL: 2.7 DPTR FM NORMAL: -0.03 2 = FOG REDUCING VISIBILITY
HIGHEST: 93 ON 2 GRTST 24HR 1.12 ON 6- 7 TO 1/4 MILE OR LESS
LOWEST: 30 ON 28, 8 3 = THUNDER
SNOW, ICE PELLETS, HAIL 4 = ICE PELLETS
TOTAL MONTH: M 5 = HAIL
GRTST 24HR M ON M 6 = FREEZING RAIN OR DRIZZLE
GRTST DEPTH: M ON M 7 = DUSTSTORM OR SANDSTORM:
VSBY 1/2 MILE OR LESS
8 = SMOKE OR HAZE
[NO. OF DAYS WITH] [WEATHER - DAYS WITH] 9 = BLOWING SNOW
X = TORNADO
MAX 32 OR BELOW: 0 0.01 INCH OR MORE: 3
MAX 90 OR ABOVE: 4 0.10 INCH OR MORE: 2
MIN 32 OR BELOW: 3 0.50 INCH OR MORE: 1
MIN 0 OR BELOW: 0 1.00 INCH OR MORE: 0
[HDD (BASE 65) ]
TOTAL THIS MO. 176 CLEAR (SCALE 0-3) 30
DPTR FM NORMAL -85 PTCLDY (SCALE 4-7) 0
TOTAL FM JUL 1 193 CLOUDY (SCALE 8-10) 0
DPTR FM NORMAL -134
[CDD (BASE 65) ]
TOTAL THIS MO. 31
DPTR FM NORMAL 4 [PRESSURE DATA]
TOTAL FM JAN 1 637 HIGHEST SLP M ON M
DPTR FM NORMAL 217 LOWEST SLP 29.53 ON 24
[REMARKS]
#FINAL-09-20#