000
CXUS55 KBOI 011002
CF6JER
PRELIMINARY LOCAL CLIMATOLOGICAL DATA (WS FORM: F-6)
STATION: JEROME ID
MONTH: JULY
YEAR: 2021
LATITUDE: 42 43 N
LONGITUDE: 114 27 W
TEMPERATURE IN F: :PCPN: SNOW: WIND :SUNSHINE: SKY :PK WND
================================================================================
1 2 3 4 5 6A 6B 7 8 9 10 11 12 13 14 15 16 17 18
12Z AVG MX 2MIN
DY MAX MIN AVG DEP HDD CDD WTR SNW DPTH SPD SPD DIR MIN PSBL S-S WX SPD DR
================================================================================
1 94 66 80 9 0 15 0.00 M M 8.8 23 60 M M 0 8 32 70
2 95 62 79 8 0 14 0.00 M M 6.8 16 100 M M 0 22 70
3 97 64 81 10 0 16 0.00 M M 7.2 20 210 M M 0 8 28 210
4 93 62 78 6 0 13 T M M 8.1 36 260 M M 1 8 47 270
5 94 63 79 7 0 14 0.00 M M 7.0 14 130 M M 0 18 110
6 100 64 82 10 0 17 0.00 M M 8.5 18 80 M M 0 26 80
7 100 67 84 11 0 19 0.00 M M 9.7 17 210 M M 0 8 25 210
8 97 64 81 8 0 16 0.00 M M 6.3 13 260 M M 0 16 250
9 94 64 79 6 0 14 0.00 M M 11.6 23 270 M M 0 32 290
10 97 55 76 2 0 11 T M M 7.8 15 120 M M 0 19 90
11 97 67 82 8 0 17 0.00 M M 10.8 18 80 M M 0 27 270
12 99 63 81 7 0 16 0.00 M M 4.1 9 120 M M 0 8 11 170
13 95 65 80 6 0 15 0.00 M M 11.1 23 280 M M 0 8 30 270
14 92 60 76 2 0 11 0.00 M M 8.4 17 100 M M 0 22 120
15 95 65 80 5 0 15 0.00 M M 6.5 14 70 M M 0 8 20 80
16 95 59 77 2 0 12 0.00 M M 4.6 10 130 M M 0 13 250
17 95 58 77 2 0 12 0.00 M M 7.8 17 120 M M 0 23 150
18 97 64 81 6 0 16 T M M 7.1 22 170 M M 0 34 160
19 93 67 80 5 0 15 0.03 M M 7.0 17 130 M M 4 22 260
20 88 67 78 3 0 13 0.00 M M 7.8 20 290 M M 1 8 27 290
21 99 63 81 5 0 16 0.00 M M 8.1 15 120 M M 0 20 120
22 89 62 76 0 0 11 0.00 M M 6.0 15 300 M M 0 20 300
23 92 60 76 0 0 11 0.00 M M 8.2 16 270 M M 1 21 280
24 90 57 74 -2 0 9 0.00 M M 7.4 13 260 M M 0 17 260
25 90 59 75 -1 0 10 0.00 M M 5.4 10 250 M M 0 13 260
26 100 59 80 4 0 15 0.00 M M 5.6 14 170 M M 0 8 19 170
27 96 67 82 6 0 17 0.00 M M 6.8 18 160 M M 1 8 25 170
28 94 68 81 5 0 16 T M M 9.7 17 170 M M 0 8 25 170
29 93 69 81 5 0 16 0.00 M M 8.6 21 60 M M 0 29 60
30 96 67 82 7 0 17 0.00 M M 13.0 25 60 M M 0 36 60
31 89 65 77 2 0 12 0.07 M M 9.3 32 50 M M 4 138 47 50
================================================================================
SM 2935 1962 0 441 0.10 M 245.1 M 12
================================================================================
AV 94.7 63.3 7.9 FASTST M M 0 MAX(MPH)
MISC ----> 36 260 # 47 270
================================================================================
NOTES:
# LAST OF SEVERAL OCCURRENCES
COLUMN 17 PEAK WIND IN M.P.H.
PRELIMINARY LOCAL CLIMATOLOGICAL DATA (WS FORM: F-6) , PAGE 2
STATION: JEROME ID
MONTH: JULY
YEAR: 2021
LATITUDE: 42 43 N
LONGITUDE: 114 27 W
[TEMPERATURE DATA] [PRECIPITATION DATA] SYMBOLS USED IN COLUMN 16
AVERAGE MONTHLY: 79.0 TOTAL FOR MONTH: 0.10 1 = FOG OR MIST
DPTR FM NORMAL: 4.9 DPTR FM NORMAL: -0.01 2 = FOG REDUCING VISIBILITY
HIGHEST: 100 ON 26, 7 GRTST 24HR 0.07 ON 31-31 TO 1/4 MILE OR LESS
LOWEST: 55 ON 10 3 = THUNDER
SNOW, ICE PELLETS, HAIL 4 = ICE PELLETS
TOTAL MONTH: M 5 = HAIL
GRTST 24HR M ON M 6 = FREEZING RAIN OR DRIZZLE
GRTST DEPTH: M ON M 7 = DUSTSTORM OR SANDSTORM:
VSBY 1/2 MILE OR LESS
8 = SMOKE OR HAZE
[NO. OF DAYS WITH] [WEATHER - DAYS WITH] 9 = BLOWING SNOW
X = TORNADO
MAX 32 OR BELOW: 0 0.01 INCH OR MORE: 2
MAX 90 OR ABOVE: 28 0.10 INCH OR MORE: 0
MIN 32 OR BELOW: 0 0.50 INCH OR MORE: 0
MIN 0 OR BELOW: 0 1.00 INCH OR MORE: 0
[HDD (BASE 65) ]
TOTAL THIS MO. 0 CLEAR (SCALE 0-3) 29
DPTR FM NORMAL -6 PTCLDY (SCALE 4-7) 2
TOTAL FM JUL 1 0 CLOUDY (SCALE 8-10) 0
DPTR FM NORMAL -4
[CDD (BASE 65) ]
TOTAL THIS MO. 441
DPTR FM NORMAL 151 [PRESSURE DATA]
TOTAL FM JAN 1 735 HIGHEST SLP 30.13 ON 31
DPTR FM NORMAL 326 LOWEST SLP 29.70 ON 15
[REMARKS]
#FINAL-07-21#