000
CXUS53 KBIS 021229
CF6JMS
PRELIMINARY LOCAL CLIMATOLOGICAL DATA (WS FORM: F-6)
STATION: JAMESTOWN ND
MONTH: DECEMBER
YEAR: 2023
LATITUDE: 46 55 N
LONGITUDE: 98 40 W
TEMPERATURE IN F: :PCPN: SNOW: WIND :SUNSHINE: SKY :PK WND
================================================================================
1 2 3 4 5 6A 6B 7 8 9 10 11 12 13 14 15 16 17 18
12Z AVG MX 2MIN
DY MAX MIN AVG DEP HDD CDD WTR SNW DPTH SPD SPD DIR MIN PSBL S-S WX SPD DR
================================================================================
1 38 13 26 5 39 0 0.00 M M 5.3 13 170 M M 5 17 210
2 37 19 28 7 37 0 0.00 M M 9.9 20 170 M M 3 25 170
3 45 12 29 9 36 0 0.00 M M 5.5 9 260 M M 2 13 240
4 39 17 28 8 37 0 0.00 M M 3.9 9 310 M M 5 10 350
5 40 16 28 8 37 0 0.00 M M 7.4 16 180 M M 1 128 22 180
6 61 30 46 27 19 0 0.00 M M 7.7 18 180 M M 2 24 170
7 58 27 43 24 22 0 0.00 M M 7.7 21 270 M M 0 18 29 260
8 41 30 36 18 29 0 0.15 M M 19.8 37 340 M M 9 18 51 340
9 30 14 22 4 43 0 0.00 M M 19.5 37 340 M M 4 19 53 330
10 27 11 19 1 46 0 0.00 M M 5.2 12 160 M M 1 1 17 170
11 33 13 23 6 42 0 0.00 M M 14.1 28 310 M M 4 12 38 320
12 27 10 19 2 46 0 0.00 M M 11.4 21 310 M M 2 29 290
13 42 11 27 11 38 0 0.00 M M 8.2 16 210 M M 0 22 210
14 50 26 38 22 27 0 0.00 M M 10.3 20 190 M M 0 27 190
15 36 28 32 16 33 0 0.02 M M 9.5 18 70 M M 7 1 24 80
16 38 20 29 14 36 0 0.00 M M 7.8 14 310 M M 6 19 330
17 41 22 32 17 33 0 0.00 M M 16.5 35 330 M M 5 51 320
18 25 8 17 2 48 0 0.00 M M 12.0 23 190 M M 0 32 190
19 39 19 29 15 36 0 0.00 M M 7.1 15 80 M M 2 18 80
20 38 26 32 18 33 0 0.00 M M 11.0 18 140 M M 4 24 150
21 40 27 34 20 31 0 0.00 M M 8.1 16 180 M M 0 18 22 170
22 51 21 36 22 29 0 0.00 M M 3.3 9 170 M M 0 18 11 170
23 39 25 32 19 33 0 0.00 M M 7.6 14 110 M M 6 128 18 110
24 35 20 28 15 37 0 0.03 M M 19.1 28 340 M M 9 126 41 330
25 31 14 23 10 42 0 0.10 M M 20.4 31 360 M M 6 1 41 10
26 31 30 31 18 34 0 0.75 M M 14.4 26 20 M M 10 16 36 20
27 35 31 33 21 32 0 T M M 8.8 15 320 M M 9 126 20 350
28 36 20 28 16 37 0 0.00 M M 5.3 12 310 M M 0 12 14 310
29 39 21 30 18 35 0 0.00 M M 12.2 20 310 M M 0 26 310
30 32 21 27 15 38 0 0.00 M M 19.9 28 340 M M 9 37 350
31 26 14 20 8 45 0 0.00 M M 7.6 16 330 M M 0 21 330
================================================================================
SM 1180 616 1110 0 1.05 M 326.5 M 111
================================================================================
AV 38.1 19.9 10.5 FASTST M M 4 MAX(MPH)
MISC ----> # 37 340 53 330
================================================================================
NOTES:
# LAST OF SEVERAL OCCURRENCES
COLUMN 17 PEAK WIND IN M.P.H.
PRELIMINARY LOCAL CLIMATOLOGICAL DATA (WS FORM: F-6) , PAGE 2
STATION: JAMESTOWN ND
MONTH: DECEMBER
YEAR: 2023
LATITUDE: 46 55 N
LONGITUDE: 98 40 W
[TEMPERATURE DATA] [PRECIPITATION DATA] SYMBOLS USED IN COLUMN 16
AVERAGE MONTHLY: 29.0 TOTAL FOR MONTH: 1.05 1 = FOG OR MIST
DPTR FM NORMAL: 13.2 DPTR FM NORMAL: 0.71 2 = FOG REDUCING VISIBILITY
HIGHEST: 61 ON 6 GRTST 24HR 0.75 ON 26-26 TO 1/4 MILE OR LESS
LOWEST: 8 ON 18 3 = THUNDER
SNOW, ICE PELLETS, HAIL 4 = ICE PELLETS
TOTAL MONTH: M 5 = HAIL
GRTST 24HR M ON M 6 = FREEZING RAIN OR DRIZZLE
GRTST DEPTH: M ON M 7 = DUSTSTORM OR SANDSTORM:
VSBY 1/2 MILE OR LESS
8 = SMOKE OR HAZE
[NO. OF DAYS WITH] [WEATHER - DAYS WITH] 9 = BLOWING SNOW
X = TORNADO
MAX 32 OR BELOW: 8 0.01 INCH OR MORE: 5
MAX 90 OR ABOVE: 0 0.10 INCH OR MORE: 3
MIN 32 OR BELOW: 31 0.50 INCH OR MORE: 1
MIN 0 OR BELOW: 0 1.00 INCH OR MORE: 0
[HDD (BASE 65) ]
TOTAL THIS MO. 1110 CLEAR (SCALE 0-3) 16
DPTR FM NORMAL -417 PTCLDY (SCALE 4-7) 10
TOTAL FM JUL 1 2837 CLOUDY (SCALE 8-10) 5
DPTR FM NORMAL -742
[CDD (BASE 65) ]
TOTAL THIS MO. 0
DPTR FM NORMAL 0 [PRESSURE DATA]
TOTAL FM JAN 1 617 HIGHEST SLP 30.50 ON 13
DPTR FM NORMAL 196 LOWEST SLP 29.20 ON 8
[REMARKS]
#FINAL-12-23#
PRECIPITATION TAKEN FROM NEARBY COOP SITE ON 12/8, 12/15, 12/26.