000
CXUS53 KBIS 011440
CF6JMS
PRELIMINARY LOCAL CLIMATOLOGICAL DATA (WS FORM: F-6)
STATION: JAMESTOWN ND
MONTH: NOVEMBER
YEAR: 2023
LATITUDE: 46 55 N
LONGITUDE: 98 40 W
TEMPERATURE IN F: :PCPN: SNOW: WIND :SUNSHINE: SKY :PK WND
================================================================================
1 2 3 4 5 6A 6B 7 8 9 10 11 12 13 14 15 16 17 18
12Z AVG MX 2MIN
DY MAX MIN AVG DEP HDD CDD WTR SNW DPTH SPD SPD DIR MIN PSBL S-S WX SPD DR
================================================================================
1 35 23 29 -7 36 0 0.00 M M 10.1 18 320 M M 6 23 320
2 44 27 36 1 29 0 0.00 M M 7.1 15 200 M M 5 18 19 200
3 39 27 33 -1 32 0 0.00 M M 6.3 15 300 M M 6 18 22 40
4 41 28 35 1 30 0 0.00 M M 6.7 15 180 M M 8 8 20 180
5 51 32 42 8 23 0 0.08 M M 9.5 16 280 M M 9 1 22 270
6 48 34 41 8 24 0 0.00 M M 11.3 28 320 M M 9 37 320
7 43 32 38 6 27 0 T M M 10.9 18 130 M M 10 1 25 120
8 47 32 40 8 25 0 T M M 15.5 35 310 M M 5 12 47 300
9 37 31 34 2 31 0 0.00 M M 16.0 28 300 M M 6 37 260
10 35 25 30 -1 35 0 0.00 M M 6.2 12 320 M M 10 16 320
11 42 23 33 3 32 0 0.00 M M 8.5 17 130 M M M 24 140
12 57 27 42 12 23 0 0.00 M M 13.6 29 280 M M M 41 290
13 52 24 38 8 27 0 0.00 M M 9.9 23 130 M M M 32 130
14 55 29 42 13 23 0 0.00 M M 7.4 21 330 M M M 28 320
15 63 23 43 14 22 0 0.00 M M 8.3 22 200 M M M 29 200
16 43 24 34 6 31 0 0.00 M M 11.7 35 360 M M 1 51 350
17 52 20 36 8 29 0 0.00 M M 9.3 21 270 M M 1 27 270
18 61 28 45 18 20 0 0.00 M M 5.0 10 290 M M 0 8 13 300
19 50 24 37 10 28 0 0.00 M M 7.7 16 120 M M 2 1 20 140
20 56 33 45 19 20 0 0.04 M M 11.5 28 320 M M 8 1 40 330
21 39 23 31 5 34 0 0.00 M M 13.8 23 320 M M 0 32 320
22 46 23 35 10 30 0 0.00 M M 13.9 24 350 M M 2 33 340
23 24 9 17 -8 48 0 0.00 M M 10.2 20 350 M M 3 26 340
24 31 6 19 -5 46 0 0.00 M M 6.4 13 230 M M 0 16 250
25 35 13 24 0 41 0 T M M 11.5 21 240 M M 2 1 28 230
26 33 11 22 -1 43 0 T M M 18.5 32 330 M M 8 1 41 330
27 22 12 17 -6 48 0 T M M 9.5 18 320 M M 9 28 320
28 48 13 31 9 34 0 0.00 M M 11.5 24 290 M M 1 33 300
29 51 25 38 16 27 0 0.00 M M 8.8 18 320 M M 0 25 320
30 37 23 30 8 35 0 0.00 M M 9.3 17 320 M M 4 24 330
================================================================================
SM 1317 704 933 0 0.12 M 305.9 M 115
================================================================================
AV 43.9 23.5 10.2 FASTST M M 5 MAX(MPH)
MISC ----> # 35 310 51 350
================================================================================
NOTES:
# LAST OF SEVERAL OCCURRENCES
COLUMN 17 PEAK WIND IN M.P.H.
PRELIMINARY LOCAL CLIMATOLOGICAL DATA (WS FORM: F-6) , PAGE 2
STATION: JAMESTOWN ND
MONTH: NOVEMBER
YEAR: 2023
LATITUDE: 46 55 N
LONGITUDE: 98 40 W
[TEMPERATURE DATA] [PRECIPITATION DATA] SYMBOLS USED IN COLUMN 16
AVERAGE MONTHLY: 33.7 TOTAL FOR MONTH: 0.12 1 = FOG OR MIST
DPTR FM NORMAL: 5.3 DPTR FM NORMAL: -0.41 2 = FOG REDUCING VISIBILITY
HIGHEST: 63 ON 15 GRTST 24HR 0.08 ON 5- 5 TO 1/4 MILE OR LESS
LOWEST: 6 ON 24 3 = THUNDER
SNOW, ICE PELLETS, HAIL 4 = ICE PELLETS
TOTAL MONTH: M 5 = HAIL
GRTST 24HR M ON M 6 = FREEZING RAIN OR DRIZZLE
GRTST DEPTH: M ON M 7 = DUSTSTORM OR SANDSTORM:
VSBY 1/2 MILE OR LESS
8 = SMOKE OR HAZE
[NO. OF DAYS WITH] [WEATHER - DAYS WITH] 9 = BLOWING SNOW
X = TORNADO
MAX 32 OR BELOW: 3 0.01 INCH OR MORE: 2
MAX 90 OR ABOVE: 0 0.10 INCH OR MORE: 0
MIN 32 OR BELOW: 28 0.50 INCH OR MORE: 0
MIN 0 OR BELOW: 0 1.00 INCH OR MORE: 0
[HDD (BASE 65) ]
TOTAL THIS MO. 933 CLEAR (SCALE 0-3) 11
DPTR FM NORMAL -165 PTCLDY (SCALE 4-7) 8
TOTAL FM JUL 1 1727 CLOUDY (SCALE 8-10) 11
DPTR FM NORMAL -325
[CDD (BASE 65) ]
TOTAL THIS MO. 0
DPTR FM NORMAL 0 [PRESSURE DATA]
TOTAL FM JAN 1 617 HIGHEST SLP 30.74 ON 24
DPTR FM NORMAL 196 LOWEST SLP 29.52 ON 16
[REMARKS]
#FINAL-11-23#