000
CXUS51 KCTP 010800
CF6JST
PRELIMINARY LOCAL CLIMATOLOGICAL DATA (WS FORM: F-6)
STATION: JOHNSTOWN
MONTH: JULY
YEAR: 2020
LATITUDE: 40 18 N
LONGITUDE: 78 50 W
TEMPERATURE IN F: :PCPN: SNOW: WIND :SUNSHINE: SKY :PK WND
================================================================================
1 2 3 4 5 6A 6B 7 8 9 10 11 12 13 14 15 16 17 18
12Z AVG MX 2MIN
DY MAX MIN AVG DEP HDD CDD WTR SNW DPTH SPD SPD DIR MIN PSBL S-S WX SPD DR
================================================================================
1 80 60 70 2 0 5 0.00 M M 5.6 14 330 M M 2 19 360
2 86 59 73 4 0 8 0.00 M M 6.7 16 340 M M 2 21 360
3 88 65 77 8 0 12 T M M 7.8 18 300 M M 1 24 290
4 88 68 78 9 0 13 0.00 M M 5.4 14 310 M M 2 22 320
5 88 65 77 8 0 12 1.36 M M 3.9 39 190 M M 3 13 50 180
6 90 64 77 8 0 12 0.00 M M 5.5 13 320 M M 2 16 310
7 90 66 78 9 0 13 0.14 M M 5.8 18 170 M M 2 13 24 160
8 86 65 76 7 0 11 1.06 M M 3.2 25 350 M M 3 123 48 300
9 88 66 77 8 0 12 0.00 M M 5.8 14 160 M M 0 19 170
10 88 67 78 9 0 13 1.06 M M 6.2 29 290 M M 2 123 35 290
11 71 63 67 -2 0 2 0.14 M M 9.8 21 260 M M 7 1 27 260
12 75 62 69 0 0 4 0.57 M M 5.0 16 240 M M 5 13 21 240
13 76 58 67 -2 0 2 0.01 M M 6.9 15 310 M M 4 128 20 290
14 78 56 67 -3 0 2 0.00 M M 6.6 15 320 M M 2 19 320
15 82 58 70 0 0 5 0.00 M M 5.5 14 160 M M 1 25 130
16 80 68 74 4 0 9 0.79 M M 11.0 20 180 M M 4 13 26 170
17 82 68 75 5 0 10 0.00 M M 6.9 16 320 M M 4 12 21 290
18 87 64 76 6 0 11 0.00 M M 5.2 12 240 M M 0 15 230
19 88 71 80 10 0 15 0.00 M M 9.1 17 230 M M 2 23 230
20 86 71 79 9 0 14 0.00 M M 9.8 18 270 M M 2 27 260
21 82 67 75 5 0 10 0.76 M M 4.0 14 340 M M 3 13 18 320
22 81 66 74 4 0 9 0.50 M M 7.4 17 280 M M 3 138 24 280
23 79 67 73 3 0 8 1.26 M M 7.6 22 320 M M 7 123 27 310
24 82 68 75 5 0 10 0.05 M M 5.6 14 330 M M 6 12 17 300
25 83 65 74 5 0 9 0.00 M M 3.9 12 320 M M 2 15 300
26 85 65 75 6 0 10 0.00 M M 6.7 15 290 M M 2 20 300
27 86 67 77 8 0 12 0.17 M M 9.5 24 320 M M 3 13 33 330
28 80 67 74 5 0 9 0.01 M M 8.8 17 270 M M 6 1 23 260
29 82 63 73 4 0 8 0.00 M M 7.2 14 230 M M 0 19 250
30 81 68 75 6 0 10 T M M 5.8 12 240 M M 3 15 220
31 80 66 73 4 0 8 0.00 M M 4.1 10 360 M M 8 1 12 360
================================================================================
SM 2578 2013 0 288 7.88 M 202.3 M 93
================================================================================
AV 83.2 64.9 6.5 FASTST M M 3 MAX(MPH)
MISC ----> 39 190 50 180
================================================================================
NOTES:
# LAST OF SEVERAL OCCURRENCES
COLUMN 17 PEAK WIND IN M.P.H.
PRELIMINARY LOCAL CLIMATOLOGICAL DATA (WS FORM: F-6) , PAGE 2
STATION: JOHNSTOWN
MONTH: JULY
YEAR: 2020
LATITUDE: 40 18 N
LONGITUDE: 78 50 W
[TEMPERATURE DATA] [PRECIPITATION DATA] SYMBOLS USED IN COLUMN 16
AVERAGE MONTHLY: 74.0 TOTAL FOR MONTH: 7.88 1 = FOG OR MIST
DPTR FM NORMAL: 4.7 DPTR FM NORMAL: 4.03 2 = FOG REDUCING VISIBILITY
HIGHEST: 90 ON 7, 6 GRTST 24HR 1.36 ON 5- 5 TO 1/4 MILE OR LESS
LOWEST: 56 ON 14 3 = THUNDER
SNOW, ICE PELLETS, HAIL 4 = ICE PELLETS
TOTAL MONTH: M 5 = HAIL
GRTST 24HR M ON M 6 = FREEZING RAIN OR DRIZZLE
GRTST DEPTH: M ON M 7 = DUSTSTORM OR SANDSTORM:
VSBY 1/2 MILE OR LESS
8 = SMOKE OR HAZE
[NO. OF DAYS WITH] [WEATHER - DAYS WITH] 9 = BLOWING SNOW
X = TORNADO
MAX 32 OR BELOW: 0 0.01 INCH OR MORE: 14
MAX 90 OR ABOVE: 2 0.10 INCH OR MORE: 11
MIN 32 OR BELOW: 0 0.50 INCH OR MORE: 8
MIN 0 OR BELOW: 0 1.00 INCH OR MORE: 4
[HDD (BASE 65) ]
TOTAL THIS MO. 0 CLEAR (SCALE 0-3) 21
DPTR FM NORMAL -13 PTCLDY (SCALE 4-7) 10
TOTAL FM JUL 1 0 CLOUDY (SCALE 8-10) 0
DPTR FM NORMAL -8
[CDD (BASE 65) ]
TOTAL THIS MO. 288
DPTR FM NORMAL 143 [PRESSURE DATA]
TOTAL FM JAN 1 436 HIGHEST SLP 30.20 ON 15
DPTR FM NORMAL 194 LOWEST SLP 29.71 ON 11
[REMARKS]
#FINAL-07-20#