000
CXUS54 KFWD 010830
CF6JWY
PRELIMINARY LOCAL CLIMATOLOGICAL DATA (WS FORM: F-6)
STATION: WAXAHACHIE
MONTH: DECEMBER
YEAR: 2021
LATITUDE: 32 27 N
LONGITUDE: 96 54 W
TEMPERATURE IN F: :PCPN: SNOW: WIND :SUNSHINE: SKY :PK WND
================================================================================
1 2 3 4 5 6A 6B 7 8 9 10 11 12 13 14 15 16 17 18
12Z AVG MX 2MIN
DY MAX MIN AVG DEP HDD CDD WTR SNW DPTH SPD SPD DIR MIN PSBL S-S WX SPD DR
================================================================================
1 76 49 63 14 2 0 0.00 M M 5.1 13 210 M M 1 18 210
2 79 43 61 12 4 0 0.00 M M 3.3 9 210 M M 1 1 M M
3 76 59 68 19 0 3 0.00 M M 6.3 14 200 M M 5 1 18 210
4 76 59 68 20 0 3 0.03 M M 7.0 13 210 M M 7 1 16 220
5 77 56 67 19 0 2 0.00 M M 8.1 22 200 M M 7 28 200
6 69 37 53 5 12 0 0.01 M M 12.7 22 360 M M 2 36 10
7 61 32 47 0 18 0 0.00 M M 2.6 6 160 M M 0 M M
8 61 41 51 4 14 0 0.00 M M 3.4 9 160 M M 4 18 M M
9 80 56 68 21 0 3 0.00 M M 10.4 16 180 M M 5 1 21 180
10 82 65 74 27 0 9 0.00 M M 11.8 22 200 M M 6 1 31 180
11 70 31 51 5 14 0 0.00 M M 9.9 22 350 M M 1 33 340
12 59 29 44 -2 21 0 0.00 M M 4.5 12 190 M M 0 17 160
13 66 39 53 7 12 0 0.00 M M 6.2 10 180 M M 5 1 17 150
14 72 56 64 18 1 0 0.01 M M 6.1 17 200 M M 9 12 23 200
15 78 67 73 27 0 8 0.00 M M 16.7 26 180 M M 8 32 170
16 81 59 70 25 0 5 0.00 M M 7.9 17 190 M M 7 22 190
17 78 59 69 24 0 4 0.00 M M 10.1 21 190 M M 9 29 190
18 70 40 55 10 10 0 0.01 M M 15.7 22 360 M M 5 35 210
19 49 33 41 -4 24 0 0.00 M M 6.0 13 10 M M 3 21 20
20 52 36 44 -1 21 0 0.04 M M 0.5 5 100 M M 7 M M
21 62 30 46 1 19 0 0.00 M M 2.1 9 160 M M 4 12 M M
22 67 38 53 8 12 0 0.00 M M 3.9 9 170 M M 1 M M
23 74 51 63 18 2 0 0.00 M M 13.2 21 180 M M 3 1 30 190
24 78 60 69 25 0 4 0.00 M M 16.8 24 200 M M 4 32 200
25 82 61 72 28 0 7 0.00 M M 6.0 14 180 M M 2 18 180
26 78 57 68 24 0 3 0.00 M M 9.4 18 200 M M 4 1 26 180
27 78 62 70 26 0 5 0.00 M M 8.9 15 210 M M 7 1 21 190
28 82 58 70 26 0 5 0.00 M M 9.1 20 250 M M 3 1 28 180
29 76 55 66 22 0 1 0.00 M M 3.1 10 250 M M 5 12 M M
30 80 46 63 19 2 0 0.00 M M 3.1 7 340 M M 4 8 M M
31 71 58 65 21 0 0 0.00 M M 4.6 13 190 M M 8 1 24 190
================================================================================
SM 2240 1522 188 62 0.10 M 234.5 M 137
================================================================================
AV 72.3 49.1 7.6 FASTST M M 4 MAX(MPH)
MISC ----> 26 180 36 10
================================================================================
NOTES:
# LAST OF SEVERAL OCCURRENCES
COLUMN 17 PEAK WIND IN M.P.H.
PRELIMINARY LOCAL CLIMATOLOGICAL DATA (WS FORM: F-6) , PAGE 2
STATION: WAXAHACHIE
MONTH: DECEMBER
YEAR: 2021
LATITUDE: 32 27 N
LONGITUDE: 96 54 W
[TEMPERATURE DATA] [PRECIPITATION DATA] SYMBOLS USED IN COLUMN 16
AVERAGE MONTHLY: 60.7 TOTAL FOR MONTH: 0.10 1 = FOG OR MIST
DPTR FM NORMAL: 14.8 DPTR FM NORMAL: -3.00 2 = FOG REDUCING VISIBILITY
HIGHEST: 82 ON 28,25 GRTST 24HR 0.04 ON 20-20 TO 1/4 MILE OR LESS
LOWEST: 29 ON 12 3 = THUNDER
SNOW, ICE PELLETS, HAIL 4 = ICE PELLETS
TOTAL MONTH: M 5 = HAIL
GRTST 24HR M ON M 6 = FREEZING RAIN OR DRIZZLE
GRTST DEPTH: M ON M 7 = DUSTSTORM OR SANDSTORM:
VSBY 1/2 MILE OR LESS
8 = SMOKE OR HAZE
[NO. OF DAYS WITH] [WEATHER - DAYS WITH] 9 = BLOWING SNOW
X = TORNADO
MAX 32 OR BELOW: 0 0.01 INCH OR MORE: 5
MAX 90 OR ABOVE: 0 0.10 INCH OR MORE: 0
MIN 32 OR BELOW: 4 0.50 INCH OR MORE: 0
MIN 0 OR BELOW: 0 1.00 INCH OR MORE: 0
[HDD (BASE 65) ]
TOTAL THIS MO. 188 CLEAR (SCALE 0-3) 9
DPTR FM NORMAL -406 PTCLDY (SCALE 4-7) 19
TOTAL FM JUL 1 335 CLOUDY (SCALE 8-10) 3
DPTR FM NORMAL -657
[CDD (BASE 65) ]
TOTAL THIS MO. 62
DPTR FM NORMAL 60 [PRESSURE DATA]
TOTAL FM JAN 1 2508 HIGHEST SLP M ON M
DPTR FM NORMAL 75 LOWEST SLP M ON M
[REMARKS]
#FINAL-12-21#