000
CXUS54 KFWD 010833
CF6JWY
PRELIMINARY LOCAL CLIMATOLOGICAL DATA (WS FORM: F-6)
STATION: WAXAHACHIE
MONTH: NOVEMBER
YEAR: 2023
LATITUDE: 32 27 N
LONGITUDE: 96 54 W
TEMPERATURE IN F: :PCPN: SNOW: WIND :SUNSHINE: SKY :PK WND
================================================================================
1 2 3 4 5 6A 6B 7 8 9 10 11 12 13 14 15 16 17 18
12Z AVG MX 2MIN
DY MAX MIN AVG DEP HDD CDD WTR SNW DPTH SPD SPD DIR MIN PSBL S-S WX SPD DR
================================================================================
1 56 32 44 -17 21 0 0.00 M M 0.8 6 20 M M 0 M M
2 63 33 48 -13 17 0 0.00 M M 3.2 12 170 M M 0 16 170
3 72 43 58 -2 7 0 0.00 M M 6.0 17 190 M M 1 25 200
4 74 50 62 2 3 0 0.00 M M 4.7 12 180 M M 3 1 16 170
5 79 56 68 9 0 3 0.00 M M 6.7 16 200 M M 4 22 210
6 81 63 72 13 0 7 0.00 M M 10.4 22 200 M M 2 28 200
7 84 61 73 14 0 8 0.00 M M 11.1 16 180 M M 0 21 180
8 84 67 76 18 0 11 0.00 M M 10.2 16 200 M M 2 30 200
9 70 52 61 3 4 0 0.17 M M 7.6 15 350 M M 9 23 360
10 60 51 56 -2 9 0 0.00 M M 6.5 10 20 M M 10 1 18 20
11 63 53 58 1 7 0 0.00 M M 4.2 9 50 M M 10 M M
12 63 49 56 -1 9 0 0.00 M M 1.2 5 360 M M 4 M M
13 67 52 60 4 5 0 0.00 M M 3.6 8 40 M M 2 M M
14 69 49 59 3 6 0 0.00 M M 0.9 5 70 M M 6 M M
15 72 45 59 3 6 0 0.00 M M 0.8 5 50 M M 2 M M
16 60 50 55 0 10 0 0.00 M M 4.2 9 180 M M 10 1 16 180
17 60 56 58 3 7 0 0.00 M M 5.4 12 190 M M 10 1 17 190
18 70 53 62 8 3 0 0.00 M M 2.5 5 360 M M 7 1 M M
19 65 50 58 4 7 0 0.10 M M 5.3 14 160 M M 9 1 18 140
20 76 54 65 12 0 0 0.00 M M 13.3 21 300 M M 8 1 31 350
21 56 44 50 -3 15 0 0.00 M M 15.0 24 350 M M 7 35 340
22 60 35 48 -5 17 0 0.00 M M 4.9 13 350 M M 0 16 350
23 61 37 49 -3 16 0 0.00 M M 2.7 8 170 M M 0 M M
24 64 38 51 -1 14 0 0.00 M M 0.3 5 160 M M 4 12 M M
25 62 39 51 0 14 0 0.19 M M 1.9 8 100 M M 6 M M
26 51 34 43 -8 22 0 0.00 M M 10.2 18 330 M M 1 29 330
27 52 28 40 -11 25 0 0.00 M M 1.7 7 360 M M 0 M M
28 61 37 49 -1 16 0 0.00 M M 2.2 9 180 M M 3 M M
29 65 39 52 2 13 0 0.00 M M 4.3 10 190 M M 4 17 170
30 65 54 60 10 5 0 0.56 M M 3.5 9 160 M M 9 12 M M
================================================================================
SM 1985 1404 278 29 1.02 M 155.2 M 133
================================================================================
AV 66.2 46.8 5.2 FASTST M M 4 MAX(MPH)
MISC ----> 24 350 35 340
================================================================================
NOTES:
# LAST OF SEVERAL OCCURRENCES
COLUMN 17 PEAK WIND IN M.P.H.
PRELIMINARY LOCAL CLIMATOLOGICAL DATA (WS FORM: F-6) , PAGE 2
STATION: WAXAHACHIE
MONTH: NOVEMBER
YEAR: 2023
LATITUDE: 32 27 N
LONGITUDE: 96 54 W
[TEMPERATURE DATA] [PRECIPITATION DATA] SYMBOLS USED IN COLUMN 16
AVERAGE MONTHLY: 56.5 TOTAL FOR MONTH: 1.02 1 = FOG OR MIST
DPTR FM NORMAL: 1.2 DPTR FM NORMAL: -2.01 2 = FOG REDUCING VISIBILITY
HIGHEST: 84 ON 8, 7 GRTST 24HR 0.56 ON 30-30 TO 1/4 MILE OR LESS
LOWEST: 28 ON 27 3 = THUNDER
SNOW, ICE PELLETS, HAIL 4 = ICE PELLETS
TOTAL MONTH: M 5 = HAIL
GRTST 24HR M ON M 6 = FREEZING RAIN OR DRIZZLE
GRTST DEPTH: M ON M 7 = DUSTSTORM OR SANDSTORM:
VSBY 1/2 MILE OR LESS
8 = SMOKE OR HAZE
[NO. OF DAYS WITH] [WEATHER - DAYS WITH] 9 = BLOWING SNOW
X = TORNADO
MAX 32 OR BELOW: 0 0.01 INCH OR MORE: 4
MAX 90 OR ABOVE: 0 0.10 INCH OR MORE: 3
MIN 32 OR BELOW: 2 0.50 INCH OR MORE: 1
MIN 0 OR BELOW: 0 1.00 INCH OR MORE: 0
[HDD (BASE 65) ]
TOTAL THIS MO. 278 CLEAR (SCALE 0-3) 12
DPTR FM NORMAL -32 PTCLDY (SCALE 4-7) 11
TOTAL FM JUL 1 369 CLOUDY (SCALE 8-10) 7
DPTR FM NORMAL -29
[CDD (BASE 65) ]
TOTAL THIS MO. 29
DPTR FM NORMAL 11 [PRESSURE DATA]
TOTAL FM JAN 1 2517 HIGHEST SLP M ON M
DPTR FM NORMAL 86 LOWEST SLP M ON M
[REMARKS]
#FINAL-11-23#