000
CXHW53 PHFO 011250
CF6KOA
PRELIMINARY LOCAL CLIMATOLOGICAL DATA (WS FORM: F-6)
STATION: KONA HI
MONTH: AUGUST
YEAR: 2021
LATITUDE: 19 38 N
LONGITUDE: 156 0 W
TEMPERATURE IN F: :PCPN: SNOW: WIND :SUNSHINE: SKY :PK WND
================================================================================
1 2 3 4 5 6A 6B 7 8 9 10 11 12 13 14 15 16 17 18
12Z AVG MX 2MIN
DY MAX MIN AVG DEP HDD CDD WTR SNW DPTH SPD SPD DIR MIN PSBL S-S WX SPD DR
================================================================================
1 86 76 81 0 0 16 0.00 M M 8.8 20 10 M M 7 8 23 10
2 86 74 80 -1 0 15 0.00 M M 5.3 13 200 M M 8 16 200
3 85 74 80 -1 0 15 0.00 M M 5.6 15 200 M M 6 18 180
4 86 74 80 -1 0 15 0.05 M M 8.7 21 150 M M 7 22 140
5 88 73 81 0 0 16 0.01 M M 9.7 16 110 M M 7 19 360
6 88 77 83 1 0 18 0.00 M M 8.6 13 190 M M 6 16 180
7 89 75 82 0 0 17 0.00 M M 6.1 17 210 M M 5 20 210
8 88 76 82 0 0 17 0.00 M M 8.1 15 200 M M 4 19 190
9 87 78 83 1 0 18 0.00 M M 7.9 13 150 M M 5 18 160
10 89 75 82 0 0 17 0.01 M M 6.7 14 220 M M 5 18 210
11 89 78 84 2 0 19 0.04 M M 7.8 15 180 M M 6 19 210
12 86 77 82 0 0 17 T M M 7.7 16 150 M M 5 22 110
13 88 76 82 0 0 17 0.47 M M 9.7 20 180 M M 4 24 180
14 86 73 80 -2 0 15 T M M 8.1 14 200 M M 3 18 220
15 84 74 79 -3 0 14 0.24 M M 8.3 15 150 M M 7 1 17 230
16 84 74 79 -3 0 14 0.01 M M 9.5 20 200 M M 9 24 170
17 86 72 79 -3 0 14 0.00 M M 7.2 14 290 M M 6 18 310
18 87 75 81 -1 0 16 0.01 M M 7.7 15 200 M M 4 19 200
19 87 75 81 -1 0 16 0.00 M M 8.3 15 200 M M 5 19 50
20 87 76 82 0 0 17 0.00 M M 7.8 13 240 M M 4 17 180
21 88 75 82 0 0 17 0.00 M M 6.8 14 190 M M 4 19 210
22 90 75 83 1 0 18 0.00 M M 11.0 25 10 M M 5 31 30
23 88 77 83 1 0 18 0.00 M M 10.8 24 170 M M 6 30 180
24 86 75 81 -1 0 16 T M M 8.9 16 190 M M 6 20 180
25 87 75 81 -1 0 16 0.08 M M 9.6 17 140 M M 8 1 23 220
26 87 73 80 -2 0 15 T M M 8.9 20 70 M M 5 27 80
27 87 75 81 -1 0 16 0.13 M M 7.9 18 40 M M 6 23 50
28 86 74 80 -1 0 15 T M M 8.9 22 70 M M 3 27 70
29 84 75 80 -1 0 15 0.00 M M 9.3 18 40 M M 7 24 50
30 86 74 80 -1 0 15 0.00 M M 8.5 20 150 M M 6 24 140
31 85 73 79 -2 0 14 0.00 M M 7.0 14 290 M M 5 16 320
================================================================================
SM 2690 2323 0 498 1.05 M 255.2 M 174
================================================================================
AV 86.8 74.9 8.2 FASTST M M 6 MAX(MPH)
MISC ----> 25 10 31 30
================================================================================
NOTES:
# LAST OF SEVERAL OCCURRENCES
COLUMN 17 PEAK WIND IN M.P.H.
PRELIMINARY LOCAL CLIMATOLOGICAL DATA (WS FORM: F-6) , PAGE 2
STATION: KONA HI
MONTH: AUGUST
YEAR: 2021
LATITUDE: 19 38 N
LONGITUDE: 156 0 W
[TEMPERATURE DATA] [PRECIPITATION DATA] SYMBOLS USED IN COLUMN 16
AVERAGE MONTHLY: 80.9 TOTAL FOR MONTH: 1.05 1 = FOG OR MIST
DPTR FM NORMAL: -0.6 DPTR FM NORMAL: 0.51 2 = FOG REDUCING VISIBILITY
HIGHEST: 90 ON 22 GRTST 24HR 0.47 ON 13-13 TO 1/4 MILE OR LESS
LOWEST: 72 ON 17 3 = THUNDER
SNOW, ICE PELLETS, HAIL 4 = ICE PELLETS
TOTAL MONTH: M 5 = HAIL
GRTST 24HR M ON M 6 = FREEZING RAIN OR DRIZZLE
GRTST DEPTH: M ON M 7 = DUSTSTORM OR SANDSTORM:
VSBY 1/2 MILE OR LESS
8 = SMOKE OR HAZE
[NO. OF DAYS WITH] [WEATHER - DAYS WITH] 9 = BLOWING SNOW
X = TORNADO
MAX 32 OR BELOW: 0 0.01 INCH OR MORE: 10
MAX 90 OR ABOVE: 1 0.10 INCH OR MORE: 3
MIN 32 OR BELOW: 0 0.50 INCH OR MORE: 0
MIN 0 OR BELOW: 0 1.00 INCH OR MORE: 0
[HDD (BASE 65) ]
TOTAL THIS MO. 0 CLEAR (SCALE 0-3) 0
DPTR FM NORMAL 0 PTCLDY (SCALE 4-7) 29
TOTAL FM JUL 1 0 CLOUDY (SCALE 8-10) 2
DPTR FM NORMAL 0
[CDD (BASE 65) ]
TOTAL THIS MO. 498
DPTR FM NORMAL -14 [PRESSURE DATA]
TOTAL FM JAN 1 3299 HIGHEST SLP 30.09 ON 5
DPTR FM NORMAL 164 LOWEST SLP 29.86 ON 22
[REMARKS]
#FINAL-08-21#