000
CXUS53 KIND 011503
CLMLAF
CLIMATE REPORT
NATIONAL WEATHER SERVICE INDIANAPOLIS IN
1103 AM EDT THU JUN 01 2023
...................................
...THE LAFAYETTE IN CLIMATE SUMMARY FOR THE MONTH OF MAY 2023...
CLIMATE NORMAL PERIOD 1991 TO 2020
CLIMATE RECORD PERIOD 9999 TO 9999
WEATHER OBSERVED NORMAL DEPART LAST YEAR`S
VALUE DATE(S) VALUE FROM VALUE DATE(S)
NORMAL
................................................................
TEMPERATURE (F)
HIGHEST 90 05/31 89 05/11
LOWEST 35 05/04 41 05/02
AVG. MAXIMUM 76.0 72.5 3.5 75.2
AVG. MINIMUM 50.6 50.7 -0.1 54.6
MEAN 63.3 61.6 1.7 64.9
DAYS MAX >= 90 1 1.0 0.0 0
DAYS MAX <= 32 0 0.0 0.0 0
DAYS MIN <= 32 0 0.3 -0.3 0
DAYS MIN <= 0 0 0.0 0.0 0
PRECIPITATION (INCHES)
TOTALS 0.83R 4.04 -3.21 3.55
DAILY AVG. 0.03 0.13 -0.10 0.12
DAYS >= .01 5 12.6 -7.6 8
DAYS >= .10 3 8.2 -5.2 6
DAYS >= .50 0 2.7 -2.7 2
DAYS >= 1.00 0 1.0 -1.0 1
GREATEST
24 HR. TOTAL 0.41 05/13 TO 05/14
DEGREE DAYS
HEATING TOTAL 109 170 -61 112
SINCE 7/1 5112 5800 -688 MM
COOLING TOTAL 63 64 -1 117
SINCE 1/1 74 74 0 MM
................................................................
WIND (MPH)
AVERAGE WIND SPEED 6.4
HIGHEST WIND SPEED/DIRECTION 28/290 DATE 05/01
HIGHEST GUST SPEED/DIRECTION 39/290 DATE 05/01
SKY COVER
AVERAGE SKY COVER 0.27
AVERAGE RH (PERCENT) 58
WEATHER CONDITIONS. NUMBER OF DAYS WITH
THUNDERSTORM 4 MIXED PRECIP 0
HEAVY RAIN 1 RAIN 4
LIGHT RAIN 9 FREEZING RAIN 0
LT FREEZING RAIN 0 HAIL 0
HEAVY SNOW 0 SNOW 0
LIGHT SNOW 0 SLEET 0
FOG 8 FOG W/VIS <= 1/4 MILE 0
HAZE 3
- INDICATES NEGATIVE NUMBERS.
R INDICATES RECORD WAS SET OR TIED.
MM INDICATES DATA IS MISSING.
T INDICATES TRACE AMOUNT.
$$