000
CXUS52 KTBW 250823
CF6LAL
PRELIMINARY LOCAL CLIMATOLOGICAL DATA (WS FORM: F-6)
STATION: LAKELAND LINDER
MONTH: MARCH
YEAR: 2023
LATITUDE: 28 0 N
LONGITUDE: 82 3 W
TEMPERATURE IN F: :PCPN: SNOW: WIND :SUNSHINE: SKY :PK WND
================================================================================
1 2 3 4 5 6A 6B 7 8 9 10 11 12 13 14 15 16 17 18
12Z AVG MX 2MIN
DY MAX MIN AVG DEP HDD CDD WTR SNW DPTH SPD SPD DIR MIN PSBL S-S WX SPD DR
================================================================================
1 87 63 75 8 0 10 0.00 0.0 0 2.9 14 260 M M 6 12 M M
2 88 59 74 7 0 9 0.00 0.0 0 4.9 12 230 M M 3 12 M M
3 88 65 77 10 0 12 0.00 0.0 0 12.6 29 190 M M 2 36 200
4 88 68 78 11 0 13 0.00 0.0 0 7.2 16 240 M M 4 28 250
5 88 70 79 12 0 14 0.00 0.0 0 4.5 13 310 M M 7 1 M M
6 91 67 79 12 0 14 0.00 0.0 0 4.5 15 310 M M 6 12 18 320
7 87 64 76 8 0 11 0.00 0.0 0 5.2 13 300 M M 3 20 320
8 86 70 78 10 0 13 0.00 0.0 0 9.5 20 50 M M 5 1 25 70
9 83 60 72 4 0 7 0.00 0.0 0 7.3 13 110 M M 1 16 110
10 85 59 72 4 0 7 0.00 0.0 0 6.8 16 280 M M 3 1 28 280
11 82 65 74 6 0 9 0.18 0.0 0 5.7 14 320 M M 3 1 M M
12 86 54 70 2 0 5 0.00 0.0 0 5.4 17 280 M M 1 22 250
13 84 69 77 9 0 12 1.22 0.0 0 9.9 25 300 M M 7 13 31 300
14 82 55 69 1 0 4 0.00 0.0 0 7.8 14 10 M M 0 17 10
15 80 48 64 -4 1 0 0.07 0.0 0 8.7 12 60 M M 3 22 60
16 76 50 63 -6 2 0 0.00 0.0 0 8.8 17 110 M M 0 23 110
17 83 55 69 0 0 4 0.00 0.0 0 7.8 15 200 M M 3 22 160
18 86 65 76 7 0 11 0.00 0.0 0 11.1 20 230 M M 5 25 230
19 81 49 65 -4 0 0 0.00 0.0 0 9.2 16 360 M M 9 24 360
20 70 45 58 -11 7 0 T 0.0 0 8.6 13 360 M M 1 17 350
21 80 44 62 -7 3 0 0.00 0.0 0 4.9 10 50 M M 0 16 50
22 83 57 70 1 0 5 0.00 0.0 0 4.4 16 110 M M 3 23 110
23 86 59 73 3 0 8 0.00 0.0 0 4.7 12 120 M M 0 M M
24 88 59 74 4 0 9 0.00 0.0 0 5.2 14 260 M M 1 17 280
25 92 67 80 10 0 15 0.00 0.0 0 5.9 12 250 M M 6 1 18 220
26 91 68 80 10 0 15 0.00 0.0 0 4.8 13 310 M M 5 12 17 230
27 92 66 79 9 0 14 0.00 0.0 0 4.9 12 290 M M 2 20 290
28 91 62 77 7 0 12 0.00 0.0 0 4.7 13 270 M M 4 12 20 270
29 82 69 76 6 0 11 0.00 0.0 0 6.3 14 30 M M 5 16 50
30 83 70 77 7 0 12 0.00 0.0 0 9.3 14 80 M M 2 20 90
31 85 69 77 7 0 12 0.00 0.0 0 8.4 15 140 M M 2 22 120
================================================================================
SM 2634 1890 13 268 1.47 0.0 211.9 M 102
================================================================================
AV 85.0 61.0 6.8 FASTST M M 3 MAX(MPH)
MISC ----> 29 190 36 200
================================================================================
NOTES:
# LAST OF SEVERAL OCCURRENCES
COLUMN 17 PEAK WIND IN M.P.H.
PRELIMINARY LOCAL CLIMATOLOGICAL DATA (WS FORM: F-6) , PAGE 2
STATION: LAKELAND LINDER
MONTH: MARCH
YEAR: 2023
LATITUDE: 28 0 N
LONGITUDE: 82 3 W
[TEMPERATURE DATA] [PRECIPITATION DATA] SYMBOLS USED IN COLUMN 16
AVERAGE MONTHLY: 73.0 TOTAL FOR MONTH: 1.47 1 = FOG OR MIST
DPTR FM NORMAL: 4.7 DPTR FM NORMAL: -1.59 2 = FOG REDUCING VISIBILITY
HIGHEST: 92 ON 27,25 GRTST 24HR 1.22 ON 13-13 TO 1/4 MILE OR LESS
LOWEST: 44 ON 21 3 = THUNDER
SNOW, ICE PELLETS, HAIL 4 = ICE PELLETS
TOTAL MONTH: 0.0 INCH 5 = HAIL
GRTST 24HR 0.0 6 = FREEZING RAIN OR DRIZZLE
GRTST DEPTH: 0 7 = DUSTSTORM OR SANDSTORM:
VSBY 1/2 MILE OR LESS
8 = SMOKE OR HAZE
[NO. OF DAYS WITH] [WEATHER - DAYS WITH] 9 = BLOWING SNOW
X = TORNADO
MAX 32 OR BELOW: 0 0.01 INCH OR MORE: 3
MAX 90 OR ABOVE: 5 0.10 INCH OR MORE: 2
MIN 32 OR BELOW: 0 0.50 INCH OR MORE: 1
MIN 0 OR BELOW: 0 1.00 INCH OR MORE: 1
[HDD (BASE 65) ]
TOTAL THIS MO. 13 CLEAR (SCALE 0-3) 17
DPTR FM NORMAL -24 PTCLDY (SCALE 4-7) 13
TOTAL FM JUL 1 248 CLOUDY (SCALE 8-10) 1
DPTR FM NORMAL -193
[CDD (BASE 65) ]
TOTAL THIS MO. 268
DPTR FM NORMAL 120 [PRESSURE DATA]
TOTAL FM JAN 1 561 HIGHEST SLP M ON M
DPTR FM NORMAL 280 LOWEST SLP M ON M
[REMARKS]
#FINAL-03-23#