000
CXUS52 KTBW 061144
CF6LAL
PRELIMINARY LOCAL CLIMATOLOGICAL DATA (WS FORM: F-6)
STATION: LAKELAND LINDER
MONTH: DECEMBER
YEAR: 2023
LATITUDE: 28 0 N
LONGITUDE: 82 3 W
TEMPERATURE IN F: :PCPN: SNOW: WIND :SUNSHINE: SKY :PK WND
================================================================================
1 2 3 4 5 6A 6B 7 8 9 10 11 12 13 14 15 16 17 18
12Z AVG MX 2MIN
DY MAX MIN AVG DEP HDD CDD WTR SNW DPTH SPD SPD DIR MIN PSBL S-S WX SPD DR
================================================================================
1 84 48 66 0 0 1 0.00 0.0 0 3.1 10 160 M M 3 M M
2 86 70 78 12 0 13 0.00 0.0 0 4.2 12 200 M M 5 12 M M
3 87 70 79 14 0 14 0.00 0.0 0 3.9 12 330 M M 7 12 M M
4 83 69 76 11 0 11 0.00 0.0 0 4.9 12 300 M M 5 1 18 290
5 83 55 69 4 0 4 0.00 0.0 0 3.5 9 330 M M 0 1 M M
6 68 53 61 -4 4 0 0.00 0.0 0 6.9 17 350 M M 0 25 340
7 70 43 57 -8 8 0 0.00 0.0 0 5.0 12 360 M M 0 M M
8 77 55 66 2 0 1 0.00 0.0 0 4.8 12 80 M M 3 M M
9 83 61 72 8 0 7 0.00 0.0 0 4.3 10 130 M M 2 M M
10 84 63 74 10 0 9 0.00 0.0 0 7.5 16 310 M M 3 24 310
11 78 47 63 -1 2 0 0.88 0.0 0 9.3 20 300 M M 3 25 300
12 71 43 57 -7 8 0 0.00 0.0 0 9.6 17 20 M M 2 23 20
13 75 58 67 3 0 2 0.00 0.0 0 12.0 17 50 M M 3 27 40
14 73 61 67 3 0 2 0.00 0.0 0 13.0 22 70 M M 1 32 80
15 74 62 68 5 0 3 0.00 0.0 0 16.4 25 90 M M 2 31 90
16 68 65 67 4 0 2 0.45 0.0 0 11.9 25 110 M M 6 38 110
17 73 63 68 5 0 3 1.15 0.0 0 M 25 160 M M 9 1 37 180
18 68 55 62 -1 3 0 0.00 0.0 0 8.7 15 290 M M 2 23 290
19 63 43 53 -10 12 0 0.00 0.0 0 7.6 15 40 M M 0 18 40
20 67 44 56 -7 9 0 0.00 0.0 0 8.5 13 60 M M 3 16 40
21 72 54 63 0 2 0 0.00 0.0 0 11.4 18 40 M M 4 29 70
22 70 55 63 1 2 0 0.00 0.0 0 7.1 9 70 M M 2 M M
23 76 58 67 5 0 2 0.00 0.0 0 11.7 15 60 M M 5 17 80
24 73 56 65 3 0 0 0.00 0.0 0 7.8 16 100 M M 2 23 100
25 73 64 69 7 0 4 0.05 0.0 0 7.7 15 140 M M 6 22 140
26 76 64 70 8 0 5 0.00 0.0 0 4.0 8 280 M M 7 9 330
27 73 61 67 5 0 2 0.00 0.0 0 5.2 9 350 M M 6 M M
28 69 55 62 0 3 0 0.38 0.0 0 2.3 14 140 M M 8 1 M M
29 65 51 58 -4 7 0 0.00 0.0 0 5.4 12 320 M M 5 12 18 320
30 63 45 54 -8 11 0 0.00 0.0 0 1.6 10 310 M M 3 M M
31 69 42 56 -6 9 0 0.00 0.0 0 2.2 9 340 M M 2 16 270
================================================================================
SM 2294 1733 80 85 2.91 0.0 211.5 M 109
================================================================================
AV 74.0 55.9 7.1 FASTST M M 4 MAX(MPH)
MISC ----> # 25 90 38 110
================================================================================
NOTES:
# LAST OF SEVERAL OCCURRENCES
COLUMN 17 PEAK WIND IN M.P.H.
PRELIMINARY LOCAL CLIMATOLOGICAL DATA (WS FORM: F-6) , PAGE 2
STATION: LAKELAND LINDER
MONTH: DECEMBER
YEAR: 2023
LATITUDE: 28 0 N
LONGITUDE: 82 3 W
[TEMPERATURE DATA] [PRECIPITATION DATA] SYMBOLS USED IN COLUMN 16
AVERAGE MONTHLY: 65.0 TOTAL FOR MONTH: 2.91 1 = FOG OR MIST
DPTR FM NORMAL: 0.2 DPTR FM NORMAL: 0.30 2 = FOG REDUCING VISIBILITY
HIGHEST: 87 ON 3 GRTST 24HR 1.15 ON 17-17 TO 1/4 MILE OR LESS
LOWEST: 42 ON 31 3 = THUNDER
SNOW, ICE PELLETS, HAIL 4 = ICE PELLETS
TOTAL MONTH: 0.0 INCH 5 = HAIL
GRTST 24HR 0.0 6 = FREEZING RAIN OR DRIZZLE
GRTST DEPTH: 0 7 = DUSTSTORM OR SANDSTORM:
VSBY 1/2 MILE OR LESS
8 = SMOKE OR HAZE
[NO. OF DAYS WITH] [WEATHER - DAYS WITH] 9 = BLOWING SNOW
X = TORNADO
MAX 32 OR BELOW: 0 0.01 INCH OR MORE: 5
MAX 90 OR ABOVE: 0 0.10 INCH OR MORE: 4
MIN 32 OR BELOW: 0 0.50 INCH OR MORE: 2
MIN 0 OR BELOW: 0 1.00 INCH OR MORE: 1
[HDD (BASE 65) ]
TOTAL THIS MO. 80 CLEAR (SCALE 0-3) 15
DPTR FM NORMAL -43 PTCLDY (SCALE 4-7) 15
TOTAL FM JUL 1 109 CLOUDY (SCALE 8-10) 1
DPTR FM NORMAL -59
[CDD (BASE 65) ]
TOTAL THIS MO. 85
DPTR FM NORMAL 11 [PRESSURE DATA]
TOTAL FM JAN 1 4343 HIGHEST SLP M ON M
DPTR FM NORMAL 629 LOWEST SLP M ON M
[REMARKS]
#FINAL-12-23#