000
CXUS55 KCYS 151050
CF6LAR
PRELIMINARY LOCAL CLIMATOLOGICAL DATA (WS FORM: F-6)...CORRECTED
STATION: LARAMIE WYOMING AIRPORT
MONTH: NOVEMBER
YEAR: 2021
LATITUDE: 41 18 N
LONGITUDE: 105 40 W
TEMPERATURE IN F: :PCPN: SNOW: WIND :SUNSHINE: SKY :PK WND
================================================================================
1 2 3 4 5 6A 6B 7 8 9 10 11 12 13 14 15 16 17 18
12Z AVG MX 2MIN
DY MAX MIN AVG DEP HDD CDD WTR SNW DPTH SPD SPD DIR MIN PSBL S-S WX SPD DR
================================================================================
1 32 25 29 -7 36 0 0.11 M M 6.3 15 320 M M 9 12 20 320
2 42 29 36 0 29 0 0.04 M M 3.9 16 340 M M 8 1 23 350
3 50 24 37 2 28 0 0.00 M M 5.8 16 270 M M 1 12 24 250
4 59 26 43 8 22 0 0.00 M M 12.0 32 240 M M 0 43 220
5 58 34 46 12 19 0 0.00 M M 15.2 33 250 M M 0 41 250
6 64 32 48 14 17 0 0.00 M M 13.5 26 240 M M 0 35 240
7 63 27 45 11 20 0 0.00 M M 11.8 29 230 M M 0 38 250
8 48 22 35 2 30 0 0.00 M M 5.5 17 160 M M 2 12 20 170
9 59 22 41 8 24 0 0.00 M M 11.5 29 240 M M 2 38 240
10 42 26 34 2 31 0 0.00 M M 24.6 41 290 M M 1 53 280
11 43 23 33 1 32 0 T M M 26.0 46 290 M M 4 59 280
12 47 20 34 2 31 0 T M M 14.7 30 290 M M 4 40 290
13 54 33 44 13 21 0 0.00 M M 21.0 37 270 M M 2 49 290
14 57 33 45 14 20 0 0.00 M M 26.2 43 280 M M 3 56 250
15 61 46 54 24 11 0 0.00 M M 22.9 41 240 M M 0 58 250
16 54 33 44 14 21 0 T M M 21.6 47 250 M M 3 61 250
17 33 10 22 -8 43 0 T M M 9.2 22 270 M M 4 8 29 270
18 50 9 30 1 35 0 0.00 M M 14.1 29 230 M M 0 37 230
19 52 36 44 15 21 0 0.00 M M 23.6 39 270 M M 2 52 240
20 44 20 32 4 33 0 0.00 M M 11.2 26 310 M M 5 36 290
21 45 15 30 2 35 0 0.00 M M 12.3 28 260 M M 0 34 260
22 57 30 44 16 21 0 0.00 M M 14.9 25 260 M M 0 32 250
23 54 33 44 17 21 0 0.00 M M 20.1 36 260 M M 1 45 250
24 35 8 22 -5 43 0 T M M 15.7 29 330 M M 2 39 330
25 46 10 28 2 37 0 0.00 M M 14.9 30 260 M M 1 38 250
26 58 31 45 19 20 0 0.00 M M 18.1 31 240 M M 1 41 240
27 48 21 35 9 30 0 0.00 M M 4.9 18 250 M M 1 24 250
28 58 26 42 17 23 0 0.00 M M 15.0 29 270 M M 0 35 260
29 58 35 47 22 18 0 0.00 M M 16.4 33 270 M M 0 46 270
30 53 20 37 12 28 0 0.00 M M 18.4 38 210 M M 1 52 200
================================================================================
SM 1524 759 800 0 0.15 M 451.3 M 57
================================================================================
AV 50.8 25.3 15.0 FASTST M M 2 MAX(MPH)
MISC ----> 47 250 61 250
================================================================================
NOTES:
# LAST OF SEVERAL OCCURRENCES
COLUMN 17 PEAK WIND IN M.P.H.
PRELIMINARY LOCAL CLIMATOLOGICAL DATA (WS FORM: F-6) , PAGE 2
STATION: LARAMIE WYOMING AIRPORT
MONTH: NOVEMBER
YEAR: 2021
LATITUDE: 41 18 N
LONGITUDE: 105 40 W
[TEMPERATURE DATA] [PRECIPITATION DATA] SYMBOLS USED IN COLUMN 16
AVERAGE MONTHLY: 38.1 TOTAL FOR MONTH: 0.15 1 = FOG OR MIST
DPTR FM NORMAL: 7.8 DPTR FM NORMAL: -0.27 2 = FOG REDUCING VISIBILITY
HIGHEST: 64 ON 6 GRTST 24HR 0.17 ON 31- 1 TO 1/4 MILE OR LESS
LOWEST: 8 ON 24 3 = THUNDER
SNOW, ICE PELLETS, HAIL 4 = ICE PELLETS
TOTAL MONTH: M 5 = HAIL
GRTST 24HR M ON M 6 = FREEZING RAIN OR DRIZZLE
GRTST DEPTH: M ON M 7 = DUSTSTORM OR SANDSTORM:
VSBY 1/2 MILE OR LESS
8 = SMOKE OR HAZE
[NO. OF DAYS WITH] [WEATHER - DAYS WITH] 9 = BLOWING SNOW
X = TORNADO
MAX 32 OR BELOW: 1 0.01 INCH OR MORE: 2
MAX 90 OR ABOVE: 0 0.10 INCH OR MORE: 1
MIN 32 OR BELOW: 22 0.50 INCH OR MORE: 0
MIN 0 OR BELOW: 0 1.00 INCH OR MORE: 0
[HDD (BASE 65) ]
TOTAL THIS MO. 800 CLEAR (SCALE 0-3) 24
DPTR FM NORMAL -242 PTCLDY (SCALE 4-7) 4
TOTAL FM JUL 1 1749 CLOUDY (SCALE 8-10) 2
DPTR FM NORMAL -478
[CDD (BASE 65) ]
TOTAL THIS MO. 0
DPTR FM NORMAL 0 [PRESSURE DATA]
TOTAL FM JAN 1 159 HIGHEST SLP 30.55 ON 25
DPTR FM NORMAL 74 LOWEST SLP 29.57 ON 23
[REMARKS]
NOVEMBER 29...RECORD HIGH 58 DEGREES (PREVIOUS 57 DEGREES IN 1999)
MEAN TEMPERATURE 38.1 DEGREES WAS 4TH WARMEST FOR NOVEMBER
#FINAL-11-21#