000
CXUS54 KOUN 010810
CF6LAW
PRELIMINARY LOCAL CLIMATOLOGICAL DATA (WS FORM: F-6)
STATION: LAWTON
MONTH: JUNE
YEAR: 2023
LATITUDE: 34 34 N
LONGITUDE: 98 25 W
TEMPERATURE IN F: :PCPN: SNOW: WIND :SUNSHINE: SKY :PK WND
================================================================================
1 2 3 4 5 6A 6B 7 8 9 10 11 12 13 14 15 16 17 18
12Z AVG MX 2MIN
DY MAX MIN AVG DEP HDD CDD WTR SNW DPTH SPD SPD DIR MIN PSBL S-S WX SPD DR
================================================================================
1 88 66 77 0 0 12 0.00 0.0 0 8.5 17 150 M M 1 13 23 160
2 90 65 78 1 0 13 0.78 0.0 0 10.9 33 360 M M 4 13 40 360
3 83 64 74 -3 0 9 T 0.0 0 4.9 22 40 M M 5 3 25 40
4 86 63 75 -3 0 10 0.00 0.0 0 5.8 24 80 M M 3 3 31 80
5 89 65 77 -1 0 12 0.00 0.0 0 3.8 13 100 M M 2 17 70
6 89 64 77 -1 0 12 0.00 0.0 0 6.1 15 110 M M 1 3 20 120
7 89 63 76 -2 0 11 0.01 0.0 0 2.8 23 230 M M 1 13 40 230
8 89 62 76 -3 0 11 0.00 0.0 0 5.9 16 100 M M 2 1 19 100
9 96 64 80 1 0 15 0.00 0.0 0 3.2 10 340 M M 0 1 15 20
10 93 67 80 1 0 15 0.03 0.0 0 8.3 31 10 M M 1 3 40 20
11 95 66 81 2 0 16 0.00 0.0 0 8.5 22 30 M M 0 27 30
12 76 62 69 -11 0 4 0.60 0.0 0 12.1 24 340 M M 8 13 33 300
13 80 64 72 -8 0 7 0.06 0.0 0 6.9 14 30 M M 9 138 17 20
14 90 65 78 -2 0 13 0.00 0.0 0 3.1 13 10 M M 4 12 16 10
15 94 63 79 -1 0 14 0.97 0.0 0 12.5 40 350 M M 2 13 56 120
16 89 67 78 -2 0 13 0.00 0.0 0 8.2 15 30 M M 4 18 40
17 90 65 78 -2 0 13 0.27 0.0 0 9.9 30 350 M M 2 138 40 360
18 90 63 77 -4 0 12 0.00 0.0 0 4.5 17 360 M M 2 3 24 360
19 95 63 79 -2 0 14 0.00 0.0 0 10.8 21 110 M M 0 27 130
20 97 78 88 7 0 23 0.00 0.0 0 11.2 17 120 M M 2 1 23 130
21 90 76 83 2 0 18 0.00 0.0 0 12.7 24 60 M M 7 18 31 70
22 90 73 82 1 0 17 0.00 0.0 0 9.6 17 130 M M 2 21 120
23 88 71 80 -2 0 15 0.09 0.0 0 10.6 26 360 M M 3 13 33 360
24 102 68 85 3 0 20 0.00 0.0 0 7.6 21 120 M M 0 1 24 110
25 100 71 86 4 0 21 0.00 0.0 0 8.4 18 30 M M 0 1 24 20
26 96 76 86 4 0 21 0.00 0.0 0 12.4 25 70 M M 1 31 80
27 98 75 87 5 0 22 0.00 0.0 0 12.0 24 110 M M 1 1 29 110
28 110 72 91 9 0 26 0.00 0.0 0 9.7 18 190 M M 0 26 200
29 106 69 88 6 0 23 0.00 0.0 0 9.7 25 110 M M 0 30 100
30 99 74 87 5 0 22 0.09 0.0 0 8.6 21 340 M M 1 1 24 340
================================================================================
SM 2767 2024 0 454 2.90 0.0 249.2 M 68
================================================================================
AV 92.2 67.5 8.3 FASTST M M 2 MAX(MPH)
MISC ----> 40 350 56 120
================================================================================
NOTES:
# LAST OF SEVERAL OCCURRENCES
COLUMN 17 PEAK WIND IN M.P.H.
PRELIMINARY LOCAL CLIMATOLOGICAL DATA (WS FORM: F-6) , PAGE 2
STATION: LAWTON
MONTH: JUNE
YEAR: 2023
LATITUDE: 34 34 N
LONGITUDE: 98 25 W
[TEMPERATURE DATA] [PRECIPITATION DATA] SYMBOLS USED IN COLUMN 16
AVERAGE MONTHLY: 79.9 TOTAL FOR MONTH: 2.90 1 = FOG OR MIST
DPTR FM NORMAL: -0.2 DPTR FM NORMAL: -1.08 2 = FOG REDUCING VISIBILITY
HIGHEST: 110 ON 28 GRTST 24HR 0.97 ON 15-15 TO 1/4 MILE OR LESS
LOWEST: 62 ON 12, 8 3 = THUNDER
SNOW, ICE PELLETS, HAIL 4 = ICE PELLETS
TOTAL MONTH: 0.0 INCH 5 = HAIL
GRTST 24HR 0.0 6 = FREEZING RAIN OR DRIZZLE
GRTST DEPTH: 0 7 = DUSTSTORM OR SANDSTORM:
VSBY 1/2 MILE OR LESS
8 = SMOKE OR HAZE
[NO. OF DAYS WITH] [WEATHER - DAYS WITH] 9 = BLOWING SNOW
X = TORNADO
MAX 32 OR BELOW: 0 0.01 INCH OR MORE: 9
MAX 90 OR ABOVE: 19 0.10 INCH OR MORE: 4
MIN 32 OR BELOW: 0 0.50 INCH OR MORE: 3
MIN 0 OR BELOW: 0 1.00 INCH OR MORE: 0
[HDD (BASE 65) ]
TOTAL THIS MO. 0 CLEAR (SCALE 0-3) 23
DPTR FM NORMAL 0 PTCLDY (SCALE 4-7) 6
TOTAL FM JUL 1 2979 CLOUDY (SCALE 8-10) 1
DPTR FM NORMAL -184
[CDD (BASE 65) ]
TOTAL THIS MO. 454
DPTR FM NORMAL 3 [PRESSURE DATA]
TOTAL FM JAN 1 707 HIGHEST SLP M ON M
DPTR FM NORMAL -34 LOWEST SLP 29.45 ON 15
[REMARKS]
#FINAL-06-23#