000
CXUS54 KOUN 061451
CF6LAW
PRELIMINARY LOCAL CLIMATOLOGICAL DATA (WS FORM: F-6)
STATION: LAWTON
MONTH: DECEMBER
YEAR: 2021
LATITUDE: 34 34 N
LONGITUDE: 98 25 W
TEMPERATURE IN F: :PCPN: SNOW: WIND :SUNSHINE: SKY :PK WND
================================================================================
1 2 3 4 5 6A 6B 7 8 9 10 11 12 13 14 15 16 17 18
12Z AVG MX 2MIN
DY MAX MIN AVG DEP HDD CDD WTR SNW DPTH SPD SPD DIR MIN PSBL S-S WX SPD DR
================================================================================
1 75 33 54 9 11 0 0.00 0.0 0 1.2 7 240 M M 0 9 250
2 79 33 56 11 9 0 0.00 0.0 0 2.4 12 190 M M 0 15 190
3 77 38 58 13 7 0 0.00 0.0 0 5.3 17 20 M M 0 23 20
4 57 40 49 5 16 0 0.00 0.0 0 8.7 21 10 M M 7 1 24 360
5 78 33 56 12 9 0 0.00 0.0 0 9.4 37 20 M M 3 12 47 20
6 53 25 39 -5 26 0 0.00 0.0 0 17.6 38 20 M M 0 48 20
7 53 22 38 -5 27 0 0.00 0.0 0 3.7 14 150 M M 0 20 160
8 59 26 43 0 22 0 0.00 0.0 0 5.8 16 160 M M 0 1 20 140
9 75 35 55 12 10 0 0.00 0.0 0 5.8 14 280 M M 0 1 19 280
10 83 45 64 21 1 0 0.00 0.0 0 12.0 35 240 M M 4 53 240
11 54 31 43 1 22 0 0.00 0.0 0 9.7 24 340 M M 0 37 340
12 64 25 45 3 20 0 0.00 0.0 0 10.7 24 180 M M 0 31 200
13 69 26 48 6 17 0 0.00 0.0 0 7.8 17 150 M M 0 22 170
14 76 43 60 18 5 0 0.00 0.0 0 10.3 20 180 M M 1 12 25 200
15 81 52 67 26 0 2 0.00 0.0 0 14.0 33 190 M M 3 1 46 180
16 64 44 54 13 11 0 0.00 0.0 0 11.8 24 30 M M 2 33 30
17 69 42 56 15 9 0 0.01 0.0 0 5.7 28 360 M M 7 3 35 10
18 50 27 39 -2 26 0 0.00 0.0 0 18.1 32 10 M M 0 39 10
19 46 14 30 -11 35 0 0.00 0.0 0 4.0 10 10 M M 0 12 210
20 56 28 42 1 23 0 0.00 0.0 0 4.5 12 150 M M 0 16 160
21 63 22 43 3 22 0 0.00 0.0 0 3.3 14 180 M M 0 17 180
22 64 28 46 6 19 0 0.00 0.0 0 4.0 16 130 M M 0 1 19 140
23 72 30 51 11 14 0 0.00 0.0 0 4.6 13 180 M M 4 12 16 170
24 86 40 63 23 2 0 0.00 0.0 0 9.6 20 190 M M 0 29 210
25 76 42 59 19 6 0 0.00 0.0 0 5.4 13 250 M M 0 19 240
26 83 38 61 21 4 0 0.00 0.0 0 7.9 22 190 M M 0 28 190
27 67 38 53 13 12 0 0.00 0.0 0 8.1 22 20 M M 0 26 20
28 72 41 57 17 8 0 0.00 0.0 0 6.7 23 250 M M 1 33 250
29 70 36 53 13 12 0 0.09 0.0 0 5.7 15 240 M M 3 1 21 240
30 70 28 49 9 16 0 0.00 0.0 0 7.6 20 230 M M 0 27 230
31 60 42 51 11 14 0 0.21 0.0 0 4.7 17 120 M M 6 1 18 170
================================================================================
SM 2101 1047 435 2 0.31 0.0 236.1 M 41
================================================================================
AV 67.8 33.8 7.6 FASTST M M 1 MAX(MPH)
MISC ----> 38 20 53 240
================================================================================
NOTES:
# LAST OF SEVERAL OCCURRENCES
COLUMN 17 PEAK WIND IN M.P.H.
PRELIMINARY LOCAL CLIMATOLOGICAL DATA (WS FORM: F-6) , PAGE 2
STATION: LAWTON
MONTH: DECEMBER
YEAR: 2021
LATITUDE: 34 34 N
LONGITUDE: 98 25 W
[TEMPERATURE DATA] [PRECIPITATION DATA] SYMBOLS USED IN COLUMN 16
AVERAGE MONTHLY: 50.8 TOTAL FOR MONTH: 0.31 1 = FOG OR MIST
DPTR FM NORMAL: 9.1 DPTR FM NORMAL: -1.15 2 = FOG REDUCING VISIBILITY
HIGHEST: 86 ON 24 GRTST 24HR 0.21 ON 31-31 TO 1/4 MILE OR LESS
LOWEST: 14 ON 19 3 = THUNDER
SNOW, ICE PELLETS, HAIL 4 = ICE PELLETS
TOTAL MONTH: 0.0 INCH 5 = HAIL
GRTST 24HR 0.0 6 = FREEZING RAIN OR DRIZZLE
GRTST DEPTH: 0 7 = DUSTSTORM OR SANDSTORM:
VSBY 1/2 MILE OR LESS
8 = SMOKE OR HAZE
[NO. OF DAYS WITH] [WEATHER - DAYS WITH] 9 = BLOWING SNOW
X = TORNADO
MAX 32 OR BELOW: 0 0.01 INCH OR MORE: 3
MAX 90 OR ABOVE: 0 0.10 INCH OR MORE: 1
MIN 32 OR BELOW: 13 0.50 INCH OR MORE: 0
MIN 0 OR BELOW: 0 1.00 INCH OR MORE: 0
[HDD (BASE 65) ]
TOTAL THIS MO. 435 CLEAR (SCALE 0-3) 24
DPTR FM NORMAL -287 PTCLDY (SCALE 4-7) 7
TOTAL FM JUL 1 849 CLOUDY (SCALE 8-10) 0
DPTR FM NORMAL -441
[CDD (BASE 65) ]
TOTAL THIS MO. 2
DPTR FM NORMAL 2 [PRESSURE DATA]
TOTAL FM JAN 1 2186 HIGHEST SLP 30.45 ON 19
DPTR FM NORMAL -135 LOWEST SLP 29.47 ON 10
[REMARKS]
#FINAL-12-21#