000
CXUS54 KLUB 010730
CF6LBB
PRELIMINARY LOCAL CLIMATOLOGICAL DATA (WS FORM: F-6)
STATION: LUBBOCK
MONTH: AUGUST
YEAR: 2021
LATITUDE: 33 39 N
LONGITUDE: 101 49 W
TEMPERATURE IN F: :PCPN: SNOW: WIND :SUNSHINE: SKY :PK WND
================================================================================
1 2 3 4 5 6A 6B 7 8 9 10 11 12 13 14 15 16 17 18
12Z AVG MX 2MIN
DY MAX MIN AVG DEP HDD CDD WTR SNW DPTH SPD SPD DIR MIN PSBL S-S WX SPD DR
================================================================================
1 86 68 77 -5 0 12 0.12 0.0 0 11.0 30 320 M M 8 13 40 320
2 85 65 75 -7 0 10 0.00 0.0 0 7.8 16 50 M M 6 8 22 60
3 86 57 72 -10 0 7 0.00 0.0 0 5.6 15 140 M M 1 8 20 150
4 86 59 73 -8 0 8 0.00 0.0 0 4.5 12 110 M M 5 19 80
5 94 71 83 2 0 18 0.00 0.0 0 8.4 18 180 M M 5 26 190
6 96 68 82 1 0 17 0.00 0.0 0 11.8 21 160 M M 0 28 160
7 95 72 84 3 0 19 0.00 0.0 0 15.8 25 190 M M 3 3 34 180
8 98 73 86 5 0 21 0.00 0.0 0 13.8 26 200 M M 1 37 190
9 100 75 88 7 0 23 0.00 0.0 0 13.9 23 180 M M 2 31 200
10 96 75 86 5 0 21 0.00 0.0 0 16.4 24 200 M M 2 33 150
11 93 74 84 3 0 19 0.00 0.0 0 14.8 25 200 M M 7 33 210
12 93 71 82 1 0 17 0.07 0.0 0 14.0 28 210 M M 7 3 38 210
13 90 65 78 -3 0 13 0.79 0.0 0 7.3 26 40 M M 7 13 34 40
14 80 65 73 -7 0 8 1.15 0.0 0 6.7 16 20 M M 7 138 21 20
15 86 65 76 -4 0 11 0.00 0.0 0 3.9 14 180 M M 4 1 17 210
16 87 65 76 -4 0 11 1.50 0.0 0 8.3 29 30 M M 5 13 39 30
17 82 66 74 -6 0 9 T 0.0 0 6.3 20 160 M M 7 26 160
18 84 69 77 -3 0 12 0.00 0.0 0 9.5 15 160 M M 6 1 20 150
19 93 72 83 3 0 18 0.00 0.0 0 12.4 21 200 M M 5 1 28 200
20 93 70 82 2 0 17 0.00 0.0 0 13.5 21 190 M M 6 33 200
21 87 72 80 1 0 15 0.00 0.0 0 11.7 22 160 M M 7 29 160
22 90 71 81 2 0 16 0.00 0.0 0 14.5 23 170 M M 6 33 170
23 93 71 82 3 0 17 0.00 0.0 0 15.0 24 200 M M 3 34 190
24 94 72 83 4 0 18 0.00 0.0 0 13.3 20 160 M M 2 28 210
25 93 72 83 5 0 18 0.00 0.0 0 11.3 18 160 M M 2 24 180
26 90 66 78 0 0 13 0.00 0.0 0 7.6 16 160 M M 1 22 150
27 91 68 80 2 0 15 0.00 0.0 0 8.0 15 160 M M 2 8 23 140
28 91 69 80 2 0 15 0.00 0.0 0 10.2 18 160 M M 2 23 150
29 89 63 76 -2 0 11 0.00 0.0 0 6.6 14 110 M M 4 19 120
30 90 65 78 1 0 13 0.00 0.0 0 4.8 16 70 M M 3 21 60
31 93 70 82 5 0 17 0.00 0.0 0 7.7 14 160 M M 3 20 150
================================================================================
SM 2804 2124 0 459 3.63 0.0 316.4 M 129
================================================================================
AV 90.5 68.5 10.2 FASTST M M 4 MAX(MPH)
MISC ----> 30 320 40 320
================================================================================
NOTES:
# LAST OF SEVERAL OCCURRENCES
COLUMN 17 PEAK WIND IN M.P.H.
PRELIMINARY LOCAL CLIMATOLOGICAL DATA (WS FORM: F-6) , PAGE 2
STATION: LUBBOCK
MONTH: AUGUST
YEAR: 2021
LATITUDE: 33 39 N
LONGITUDE: 101 49 W
[TEMPERATURE DATA] [PRECIPITATION DATA] SYMBOLS USED IN COLUMN 16
AVERAGE MONTHLY: 79.5 TOTAL FOR MONTH: 3.63 1 = FOG OR MIST
DPTR FM NORMAL: -0.4 DPTR FM NORMAL: 1.89 2 = FOG REDUCING VISIBILITY
HIGHEST: 100 ON 9 GRTST 24HR 1.94 ON 13-14 TO 1/4 MILE OR LESS
LOWEST: 57 ON 3 3 = THUNDER
SNOW, ICE PELLETS, HAIL 4 = ICE PELLETS
TOTAL MONTH: 0.0 INCH 5 = HAIL
GRTST 24HR 0.0 6 = FREEZING RAIN OR DRIZZLE
GRTST DEPTH: 0 7 = DUSTSTORM OR SANDSTORM:
VSBY 1/2 MILE OR LESS
8 = SMOKE OR HAZE
[NO. OF DAYS WITH] [WEATHER - DAYS WITH] 9 = BLOWING SNOW
X = TORNADO
MAX 32 OR BELOW: 0 0.01 INCH OR MORE: 5
MAX 90 OR ABOVE: 20 0.10 INCH OR MORE: 4
MIN 32 OR BELOW: 0 0.50 INCH OR MORE: 3
MIN 0 OR BELOW: 0 1.00 INCH OR MORE: 2
[HDD (BASE 65) ]
TOTAL THIS MO. 0 CLEAR (SCALE 0-3) 13
DPTR FM NORMAL 0 PTCLDY (SCALE 4-7) 17
TOTAL FM JUL 1 0 CLOUDY (SCALE 8-10) 1
DPTR FM NORMAL 0
[CDD (BASE 65) ]
TOTAL THIS MO. 459
DPTR FM NORMAL -1 [PRESSURE DATA]
TOTAL FM JAN 1 1532 HIGHEST SLP M ON M
DPTR FM NORMAL -112 LOWEST SLP 29.63 ON 31
[REMARKS]
#FINAL-08-21#