000
CXUS54 KLUB 010730
CF6LBB
PRELIMINARY LOCAL CLIMATOLOGICAL DATA (WS FORM: F-6)
STATION: LUBBOCK
MONTH: JUNE
YEAR: 2021
LATITUDE: 33 39 N
LONGITUDE: 101 49 W
TEMPERATURE IN F: :PCPN: SNOW: WIND :SUNSHINE: SKY :PK WND
================================================================================
1 2 3 4 5 6A 6B 7 8 9 10 11 12 13 14 15 16 17 18
12Z AVG MX 2MIN
DY MAX MIN AVG DEP HDD CDD WTR SNW DPTH SPD SPD DIR MIN PSBL S-S WX SPD DR
================================================================================
1 77 56 67 -9 0 2 0.00 0.0 0 4.7 17 40 M M 6 3 23 40
2 81 55 68 -8 0 3 0.80 0.0 0 7.7 44 300 M M 7 13 53 310
3 78 57 68 -8 0 3 0.20 0.0 0 6.9 30 180 M M 6 13 33 180
4 80 59 70 -7 0 5 0.00 0.0 0 8.1 18 150 M M 5 24 150
5 83 62 73 -4 0 8 0.00 0.0 0 12.8 21 130 M M 4 29 120
6 92 64 78 1 0 13 T 0.0 0 12.8 21 140 M M 5 3 26 150
7 97 67 82 5 0 17 T 0.0 0 8.1 25 30 M M 7 34 20
8 97 70 84 6 0 19 0.00 0.0 0 15.7 26 140 M M 3 35 140
9 103 74 89 11 0 24 0.00 0.0 0 11.5 22 160 M M 3 8 29 160
10 99 74 87 9 0 22 0.00 0.0 0 12.4 26 150 M M 3 8 30 160
11 108 76 92 14 0 27 0.00 0.0 0 12.6 24 300 M M 5 33 300
12 98 72 85 7 0 20 0.00 0.0 0 10.9 22 130 M M 2 28 120
13 100 72 86 8 0 21 0.00 0.0 0 10.5 23 90 M M 5 29 100
14 92 70 81 2 0 16 0.00 0.0 0 11.3 20 150 M M 3 3 25 130
15 95 65 80 1 0 15 0.00 0.0 0 5.0 14 140 M M 2 16 140
16 97 72 85 6 0 20 0.00 0.0 0 12.0 20 150 M M 3 24 160
17 95 71 83 4 0 18 0.00 0.0 0 11.2 21 150 M M 3 25 140
18 96 69 83 4 0 18 0.00 0.0 0 11.3 21 150 M M 1 32 130
19 97 69 83 4 0 18 0.00 0.0 0 11.8 20 160 M M 2 26 170
20 101 74 88 8 0 23 0.00 0.0 0 14.7 24 130 M M 3 28 190
21 82 65 74 -6 0 9 0.00 0.0 0 17.4 36 40 M M 7 8 45 50
22 92 60 76 -4 0 11 0.00 0.0 0 11.3 21 180 M M 6 26 190
23 100 74 87 7 0 22 0.00 0.0 0 19.2 28 180 M M 4 8 35 180
24 99 73 86 6 0 21 0.00 0.0 0 16.8 28 150 M M 2 32 210
25 97 77 87 7 0 22 0.07 0.0 0 16.1 32 180 M M 5 38 39 180
26 91 63 77 -3 0 12 0.75 0.0 0 15.3 56 330 M M 6 13 68 320
27 79 65 72 -8 0 7 0.03 0.0 0 7.6 20 50 M M 9 13 24 60
28 74 65 70 -10 0 5 0.03 0.0 0 11.2 18 30 M M 9 1 23 50
29 77 66 72 -8 0 7 0.60 0.0 0 7.8 17 100 M M 8 138 22 110
30 83 69 76 -4 0 11 T 0.0 0 7.5 18 140 M M 7 1 22 170
================================================================================
SM 2740 2025 0 439 2.48 0.0 342.2 M 141
================================================================================
AV 91.3 67.5 11.4 FASTST M M 5 MAX(MPH)
MISC ----> 56 330 68 320
================================================================================
NOTES:
# LAST OF SEVERAL OCCURRENCES
COLUMN 17 PEAK WIND IN M.P.H.
PRELIMINARY LOCAL CLIMATOLOGICAL DATA (WS FORM: F-6) , PAGE 2
STATION: LUBBOCK
MONTH: JUNE
YEAR: 2021
LATITUDE: 33 39 N
LONGITUDE: 101 49 W
[TEMPERATURE DATA] [PRECIPITATION DATA] SYMBOLS USED IN COLUMN 16
AVERAGE MONTHLY: 79.4 TOTAL FOR MONTH: 2.48 1 = FOG OR MIST
DPTR FM NORMAL: 0.8 DPTR FM NORMAL: -0.10 2 = FOG REDUCING VISIBILITY
HIGHEST: 108 ON 11 GRTST 24HR 1.00 ON 2- 3 TO 1/4 MILE OR LESS
LOWEST: 55 ON 2 3 = THUNDER
SNOW, ICE PELLETS, HAIL 4 = ICE PELLETS
TOTAL MONTH: 0.0 INCH 5 = HAIL
GRTST 24HR 0.0 6 = FREEZING RAIN OR DRIZZLE
GRTST DEPTH: 0 7 = DUSTSTORM OR SANDSTORM:
VSBY 1/2 MILE OR LESS
8 = SMOKE OR HAZE
[NO. OF DAYS WITH] [WEATHER - DAYS WITH] 9 = BLOWING SNOW
X = TORNADO
MAX 32 OR BELOW: 0 0.01 INCH OR MORE: 7
MAX 90 OR ABOVE: 20 0.10 INCH OR MORE: 4
MIN 32 OR BELOW: 0 0.50 INCH OR MORE: 3
MIN 0 OR BELOW: 0 1.00 INCH OR MORE: 0
[HDD (BASE 65) ]
TOTAL THIS MO. 0 CLEAR (SCALE 0-3) 10
DPTR FM NORMAL -1 PTCLDY (SCALE 4-7) 18
TOTAL FM JUL 1 3417 CLOUDY (SCALE 8-10) 2
DPTR FM NORMAL 174
[CDD (BASE 65) ]
TOTAL THIS MO. 439
DPTR FM NORMAL 30 [PRESSURE DATA]
TOTAL FM JAN 1 626 HIGHEST SLP M ON M
DPTR FM NORMAL -56 LOWEST SLP 29.52 ON 20
[REMARKS]
#FINAL-06-21#