000
CXUS54 KLCH 010830
CF6LCH
PRELIMINARY LOCAL CLIMATOLOGICAL DATA (WS FORM: F-6)
STATION: LAKE CHARLES
MONTH: OCTOBER
YEAR: 2022
LATITUDE: 30 7 N
LONGITUDE: 93 13 W
TEMPERATURE IN F: :PCPN: SNOW: WIND :SUNSHINE: SKY :PK WND
================================================================================
1 2 3 4 5 6A 6B 7 8 9 10 11 12 13 14 15 16 17 18
12Z AVG MX 2MIN
DY MAX MIN AVG DEP HDD CDD WTR SNW DPTH SPD SPD DIR MIN PSBL S-S WX SPD DR
================================================================================
1 84 53 69 -7 0 4 0.00 0.0 M 7.7 15 20 M M 0 20 10
2 85 51 68 -8 0 3 0.00 0.0 M 6.6 14 30 M M 0 22 30
3 87 57 72 -4 0 7 0.00 0.0 M 7.2 15 360 M M 0 21 40
4 82 58 70 -5 0 5 0.00 0.0 M 5.5 12 70 M M 1 18 20
5 86 60 73 -2 0 8 0.00 0.0 M 3.6 9 210 M M 1 1 14 320
6 88 57 73 -2 0 8 0.00 0.0 M 3.1 14 40 M M 0 128 19 60
7 90 57 74 0 0 9 0.00 0.0 M 3.7 12 350 M M 2 128 16 360
8 87 64 76 2 0 11 0.00 0.0 M 11.9 20 60 M M 0 31 50
9 85 58 72 -2 0 7 0.00 0.0 M 6.7 14 60 M M 0 21 70
10 84 54 69 -4 0 4 0.00 0.0 M 5.1 15 110 M M 0 25 80
11 84 58 71 -2 0 6 0.00 0.0 M 7.1 17 120 M M 1 23 120
12 86 68 77 4 0 12 0.02 0.0 M 6.4 16 200 M M 3 123 21 190
13 85 60 73 1 0 8 0.40 0.0 M 6.8 31 50 M M 1 123 41 50
14 85 56 71 -1 0 6 0.00 0.0 M 4.9 13 220 M M 0 17 110
15 85 58 72 0 0 7 0.00 0.0 M 5.5 13 220 M M 0 12 19 220
16 86 61 74 3 0 9 0.00 0.0 0 4.1 10 190 M M 3 1 16 170
17 72 56 64 -7 1 0 0.02 0.0 M 9.3 21 30 M M 3 13 26 40
18 64 42 53 -18 12 0 T M M 12.4 23 360 M M 0 31 30
19 63 36 50 -20 15 0 0.00 0.0 M 4.6 13 70 M M 0 20 70
20 74 37 56 -14 9 0 0.00 0.0 M 5.0 17 200 M M 0 24 200
21 81 52 67 -3 0 2 0.00 0.0 M 7.4 21 200 M M 0 1 31 200
22 82 57 70 1 0 5 0.00 0.0 M 10.4 23 180 M M 1 33 170
23 84 59 72 3 0 7 0.00 0.0 M 12.5 25 150 M M 1 35 170
24 85 67 76 8 0 11 0.08 0.0 M 14.7 26 170 M M 3 18 37 180
25 75 52 64 -4 1 0 0.37 0.0 M 11.2 29 300 M M 3 1 42 290
26 74 46 60 -8 5 0 0.00 0.0 M 4.6 14 40 M M 0 24 80
27 77 45 61 -6 4 0 0.00 0.0 M 5.0 10 150 M M 0 16 120
28 71 59 65 -2 0 0 0.51 0.0 M 11.5 29 120 M M 7 13 40 120
29 69 58 64 -3 1 0 0.05 0.0 M 9.5 15 250 M M 9 1 21 110
30 75 56 66 0 0 1 0.00 0.0 M 5.6 13 280 M M 4 1 19 270
31 77 51 64 -2 1 0 0.00 0.0 M 2.0 9 190 M M 2 12 13 190
================================================================================
SM 2492 1703 49 140 1.45 0.0 221.6 M 45
================================================================================
AV 80.4 54.9 7.1 FASTST M M 1 MAX(MPH)
MISC ----> 31 50 42 290
================================================================================
NOTES:
# LAST OF SEVERAL OCCURRENCES
COLUMN 17 PEAK WIND IN M.P.H.
PRELIMINARY LOCAL CLIMATOLOGICAL DATA (WS FORM: F-6) , PAGE 2
STATION: LAKE CHARLES
MONTH: OCTOBER
YEAR: 2022
LATITUDE: 30 7 N
LONGITUDE: 93 13 W
[TEMPERATURE DATA] [PRECIPITATION DATA] SYMBOLS USED IN COLUMN 16
AVERAGE MONTHLY: 67.7 TOTAL FOR MONTH: 1.45 1 = FOG OR MIST
DPTR FM NORMAL: -3.6 DPTR FM NORMAL: -3.35 2 = FOG REDUCING VISIBILITY
HIGHEST: 90 ON 7 GRTST 24HR 0.56 ON 28-29 TO 1/4 MILE OR LESS
LOWEST: 36 ON 19 3 = THUNDER
SNOW, ICE PELLETS, HAIL 4 = ICE PELLETS
TOTAL MONTH: 0.0 INCH 5 = HAIL
GRTST 24HR 0.0 6 = FREEZING RAIN OR DRIZZLE
GRTST DEPTH: 0 7 = DUSTSTORM OR SANDSTORM:
VSBY 1/2 MILE OR LESS
8 = SMOKE OR HAZE
[NO. OF DAYS WITH] [WEATHER - DAYS WITH] 9 = BLOWING SNOW
X = TORNADO
MAX 32 OR BELOW: 0 0.01 INCH OR MORE: 7
MAX 90 OR ABOVE: 1 0.10 INCH OR MORE: 3
MIN 32 OR BELOW: 0 0.50 INCH OR MORE: 1
MIN 0 OR BELOW: 0 1.00 INCH OR MORE: 0
[HDD (BASE 65) ]
TOTAL THIS MO. 49 CLEAR (SCALE 0-3) 25
DPTR FM NORMAL 21 PTCLDY (SCALE 4-7) 5
TOTAL FM JUL 1 49 CLOUDY (SCALE 8-10) 1
DPTR FM NORMAL 24
[CDD (BASE 65) ]
TOTAL THIS MO. 140
DPTR FM NORMAL -82 [PRESSURE DATA]
TOTAL FM JAN 1 2814 HIGHEST SLP 30.38 ON 19
DPTR FM NORMAL -168 LOWEST SLP 29.79 ON 25
[REMARKS]
#FINAL-10-22#