000
CXUS54 KLCH 012211
CF6LCH
PRELIMINARY LOCAL CLIMATOLOGICAL DATA (WS FORM: F-6)
STATION: LAKE CHARLES
MONTH: DECEMBER
YEAR: 2020
LATITUDE: 30 7 N
LONGITUDE: 93 13 W
TEMPERATURE IN F: :PCPN: SNOW: WIND :SUNSHINE: SKY :PK WND
================================================================================
1 2 3 4 5 6A 6B 7 8 9 10 11 12 13 14 15 16 17 18
12Z AVG MX 2MIN
DY MAX MIN AVG DEP HDD CDD WTR SNW DPTH SPD SPD DIR MIN PSBL S-S WX SPD DR
================================================================================
1 55 30 43 -14 22 0 0.00 0.0 M 5.2 13 110 M M 0 18 110
2 62 45 54 -2 11 0 0.11 0.0 M 15.0 29 120 M M 5 1 38 130
3 55 45 50 -6 15 0 0.15 0.0 M 11.1 20 350 M M 10 1 26 340
4 55 39 47 -9 18 0 0.00 0.0 M 8.8 18 10 M M 1 24 360
5 55 36 46 -10 19 0 0.00 0.0 M 4.1 14 60 M M 2 18 18 60
6 57 44 51 -4 14 0 0.09 0.0 M 4.6 12 340 M M 5 1 17 340
7 63 38 51 -4 14 0 0.00 0.0 M 5.7 14 340 M M 0 20 360
8 65 36 51 -4 14 0 0.00 0.0 M 4.3 14 230 M M 0 1 19 260
9 73 42 58 3 7 0 0.00 0.0 M 4.5 12 230 M M 1 12 17 210
10 73 42 58 3 7 0 0.00 0.0 M 5.8 16 210 M M 3 12 23 230
11 74 52 63 9 2 0 0.01 0.0 M 10.4 22 150 M M 6 31 200
12 69 54 62 8 3 0 0.72 0.0 M 6.4 21 270 M M 6 13 31 290
13 70 47 59 5 6 0 0.29 0.0 M 14.9 30 330 M M 8 13 44 320
14 47 43 45 -9 20 0 0.00 0.0 M 11.8 26 330 M M 10 37 340
15 50 42 46 -8 19 0 0.25 0.0 M 10.9 18 70 M M 10 1 24 70
16 49 40 45 -9 20 0 0.00 0.0 M 11.2 18 340 M M 9 1 26 330
17 54 34 44 -9 21 0 0.00 0.0 M 5.2 13 20 M M 2 18 20
18 59 33 46 -7 19 0 0.00 0.0 M 9.9 18 110 M M 1 1 24 120
19 68 52 60 7 5 0 2.19 0.0 M 11.3 24 160 M M 10 123 32 150
20 64 43 54 1 11 0 0.00 0.0 M 6.5 13 10 M M 6 12 17 10
21 67 39 53 0 12 0 0.00 0.0 M 2.5 13 210 M M 0 12 19 220
22 67 40 54 1 11 0 0.00 0.0 M 5.1 15 150 M M 4 128 22 150
23 73 54 64 11 1 0 0.34 0.0 M 11.2 28 360 M M 8 13 38 360
24 58 39 49 -3 16 0 0.00 0.0 M 16.4 29 340 M M 3 40 340
25 56 35 46 -6 19 0 0.00 0.0 M 7.0 16 330 M M 0 23 340
26 61 36 49 -3 16 0 0.00 0.0 M 6.4 12 160 M M 0 20 160
27 68 40 54 2 11 0 0.00 0.0 M 8.8 18 190 M M 1 1 29 190
28 74 51 63 11 2 0 0.00 0.0 M 6.5 13 150 M M 4 17 180
29 72 48 60 8 5 0 0.00 0.0 M 11.4 23 140 M M 1 30 140
30 73 57 65 13 0 0 0.24 0.0 M 12.6 25 150 M M 9 1 37 150
31 74 50 62 10 3 0 0.10 0.0 M 15.3 31 150 M M 10 1 40 170
================================================================================
SM 1960 1326 363 0 4.49 0.0 270.8 M 135
================================================================================
AV 63.2 42.8 8.7 FASTST M M 4 MAX(MPH)
MISC ----> 31 150 44 320
================================================================================
NOTES:
# LAST OF SEVERAL OCCURRENCES
COLUMN 17 PEAK WIND IN M.P.H.
PRELIMINARY LOCAL CLIMATOLOGICAL DATA (WS FORM: F-6) , PAGE 2
STATION: LAKE CHARLES
MONTH: DECEMBER
YEAR: 2020
LATITUDE: 30 7 N
LONGITUDE: 93 13 W
[TEMPERATURE DATA] [PRECIPITATION DATA] SYMBOLS USED IN COLUMN 16
AVERAGE MONTHLY: 53.0 TOTAL FOR MONTH: 4.49 1 = FOG OR MIST
DPTR FM NORMAL: -0.8 DPTR FM NORMAL: -0.19 2 = FOG REDUCING VISIBILITY
HIGHEST: 74 ON 31,28 GRTST 24HR 2.19 ON 19-19 TO 1/4 MILE OR LESS
LOWEST: 30 ON 1 3 = THUNDER
SNOW, ICE PELLETS, HAIL 4 = ICE PELLETS
TOTAL MONTH: 0.0 INCH 5 = HAIL
GRTST 24HR 0.0 6 = FREEZING RAIN OR DRIZZLE
GRTST DEPTH: M ON M 7 = DUSTSTORM OR SANDSTORM:
VSBY 1/2 MILE OR LESS
8 = SMOKE OR HAZE
[NO. OF DAYS WITH] [WEATHER - DAYS WITH] 9 = BLOWING SNOW
X = TORNADO
MAX 32 OR BELOW: 0 0.01 INCH OR MORE: 11
MAX 90 OR ABOVE: 0 0.10 INCH OR MORE: 9
MIN 32 OR BELOW: 1 0.50 INCH OR MORE: 2
MIN 0 OR BELOW: 0 1.00 INCH OR MORE: 1
[HDD (BASE 65) ]
TOTAL THIS MO. 363 CLEAR (SCALE 0-3) 15
DPTR FM NORMAL -4 PTCLDY (SCALE 4-7) 9
TOTAL FM JUL 1 481 CLOUDY (SCALE 8-10) 7
DPTR FM NORMAL -92
[CDD (BASE 65) ]
TOTAL THIS MO. 0
DPTR FM NORMAL -20 [PRESSURE DATA]
TOTAL FM JAN 1 2640 HIGHEST SLP 30.40 ON 18
DPTR FM NORMAL -169 LOWEST SLP 29.64 ON 31
[REMARKS]
#FINAL-12-20#