000
CXUS52 KMLB 010625
CF6LEE
PRELIMINARY LOCAL CLIMATOLOGICAL DATA (WS FORM: F-6)
STATION: LEESBURG
MONTH: MAY
YEAR: 2022
LATITUDE: 28 49 N
LONGITUDE: 81 49 W
TEMPERATURE IN F: :PCPN: SNOW: WIND :SUNSHINE: SKY :PK WND
================================================================================
1 2 3 4 5 6A 6B 7 8 9 10 11 12 13 14 15 16 17 18
12Z AVG MX 2MIN
DY MAX MIN AVG DEP HDD CDD WTR SNW DPTH SPD SPD DIR MIN PSBL S-S WX SPD DR
================================================================================
1 87 65 76 1 0 11 0.01 0.0 0 5.6 17 80 M M 1 23 90
2 88 67 78 3 0 13 0.00 0.0 0 5.8 17 100 M M 0 22 120
3 87 69 78 2 0 13 0.00 0.0 0 5.3 14 190 M M 1 20 150
4 90 67 79 3 0 14 0.07 0.0 0 3.8 16 190 M M 1 3 20 180
5 92 71 82 6 0 17 0.00 0.0 0 4.9 13 290 M M 1 18 300
6 90 71 81 5 0 16 0.00 0.0 0 7.1 18 220 M M 1 25 240
7 87 72 80 4 0 15 0.08 0.0 0 10.5 21 290 M M 2 13 33 240
8 89 69 79 3 0 14 0.00 0.0 0 7.4 16 70 M M 2 23 290
9 83 62 73 -4 0 8 0.00 0.0 0 11.1 21 50 M M 4 24 60
10 84 59 72 -5 0 7 0.00 0.0 0 9.7 22 60 M M 0 26 40
11 85 60 73 -4 0 8 0.00 0.0 0 10.4 22 30 M M 0 29 30
12 83 62 73 -4 0 8 T 0.0 0 7.6 20 70 M M 3 24 70
13 85 61 73 -4 0 8 0.00 0.0 0 4.5 13 120 M M 2 17 310
14 89 63 76 -2 0 11 0.00 0.0 0 4.1 13 70 M M 1 3 18 60
15 91 67 79 1 0 14 1.16 0.0 0 5.6 22 80 M M 6 13 29 90
16 87 65 76 -2 0 11 0.00 0.0 0 4.5 13 270 M M 1 1 18 280
17 90 68 79 1 0 14 0.16 0.0 0 3.7 20 220 M M 2 13 31 270
18 92 70 81 3 0 16 T 0.0 0 3.8 22 120 M M 1 13 30 120
19 90 71 81 3 0 16 0.00 0.0 0 3.0 9 160 M M 0 8 12 150
20 87 70 79 0 0 14 5.65 0.0 0 6.1 33 160 M M 3 1238 44 140
21 89 70 80 1 0 15 0.93 0.0 0 6.3 23 90 M M 4 13 32 100
22 91 70 81 2 0 16 0.00 0.0 0 6.9 14 120 M M 1 19 110
23 90 75 83 4 0 18 0.00 0.0 0 6.9 14 160 M M 2 20 170
24 91 76 84 5 0 19 0.00 0.0 0 9.7 17 110 M M 2 22 110
25 89 74 82 2 0 17 0.00 0.0 0 9.4 17 100 M M 1 21 100
26 89 76 83 3 0 18 0.00 0.0 0 8.2 15 140 M M 3 21 140
27 87 72 80 0 0 15 0.23 0.0 0 6.3 20 220 M M 3 13 28 220
28 89 72 81 1 0 16 0.00 0.0 0 3.8 12 80 M M 3 1 14 280
29 92 71 82 2 0 17 0.00 0.0 0 5.4 17 110 M M 1 24 120
30 90 71 81 1 0 16 0.00 0.0 0 6.7 17 110 M M 0 21 120
31 89 73 81 1 0 16 T 0.0 0 7.2 16 70 M M 2 3 21 60
================================================================================
SM 2742 2129 0 431 8.29 0.0 201.3 M 54
================================================================================
AV 88.5 68.7 6.5 FASTST M M 2 MAX(MPH)
MISC ----> 33 160 44 140
================================================================================
NOTES:
# LAST OF SEVERAL OCCURRENCES
COLUMN 17 PEAK WIND IN M.P.H.
PRELIMINARY LOCAL CLIMATOLOGICAL DATA (WS FORM: F-6) , PAGE 2
STATION: LEESBURG
MONTH: MAY
YEAR: 2022
LATITUDE: 28 49 N
LONGITUDE: 81 49 W
[TEMPERATURE DATA] [PRECIPITATION DATA] SYMBOLS USED IN COLUMN 16
AVERAGE MONTHLY: 78.6 TOTAL FOR MONTH: 8.29 1 = FOG OR MIST
DPTR FM NORMAL: 0.7 DPTR FM NORMAL: 5.61 2 = FOG REDUCING VISIBILITY
HIGHEST: 92 ON 29,18 GRTST 24HR 5.77 ON 20-21 TO 1/4 MILE OR LESS
LOWEST: 59 ON 10 3 = THUNDER
SNOW, ICE PELLETS, HAIL 4 = ICE PELLETS
TOTAL MONTH: 0.0 INCH 5 = HAIL
GRTST 24HR 0.0 6 = FREEZING RAIN OR DRIZZLE
GRTST DEPTH: 0 7 = DUSTSTORM OR SANDSTORM:
VSBY 1/2 MILE OR LESS
8 = SMOKE OR HAZE
[NO. OF DAYS WITH] [WEATHER - DAYS WITH] 9 = BLOWING SNOW
X = TORNADO
MAX 32 OR BELOW: 0 0.01 INCH OR MORE: 8
MAX 90 OR ABOVE: 12 0.10 INCH OR MORE: 5
MIN 32 OR BELOW: 0 0.50 INCH OR MORE: 3
MIN 0 OR BELOW: 0 1.00 INCH OR MORE: 2
[HDD (BASE 65) ]
TOTAL THIS MO. 0 CLEAR (SCALE 0-3) 27
DPTR FM NORMAL 0 PTCLDY (SCALE 4-7) 4
TOTAL FM JUL 1 443 CLOUDY (SCALE 8-10) 0
DPTR FM NORMAL -187
[CDD (BASE 65) ]
TOTAL THIS MO. 431
DPTR FM NORMAL 31 [PRESSURE DATA]
TOTAL FM JAN 1 976 HIGHEST SLP M ON M
DPTR FM NORMAL 134 LOWEST SLP 29.73 ON 7
[REMARKS]
#FINAL-05-22#