000
CXUS52 KMLB 010736
CF6LEE
PRELIMINARY LOCAL CLIMATOLOGICAL DATA (WS FORM: F-6)
STATION: LEESBURG
MONTH: OCTOBER
YEAR: 2020
LATITUDE: 28 49 N
LONGITUDE: 81 49 W
TEMPERATURE IN F: :PCPN: SNOW: WIND :SUNSHINE: SKY :PK WND
================================================================================
1 2 3 4 5 6A 6B 7 8 9 10 11 12 13 14 15 16 17 18
12Z AVG MX 2MIN
DY MAX MIN AVG DEP HDD CDD WTR SNW DPTH SPD SPD DIR MIN PSBL S-S WX SPD DR
================================================================================
1 83 60 72 -7 0 7 0.00 0.0 0 4.9 12 10 M M 2 16 270
2 83 63 73 -6 0 8 0.00 0.0 0 5.5 12 330 M M 0 1 24 30
3 83 64 74 -5 0 9 0.03 0.0 0 8.5 17 40 M M 5 28 30
4 76 71 74 -4 0 9 0.08 0.0 0 7.3 14 40 M M 10 1 18 20
5 87 71 79 1 0 14 T 0.0 0 9.3 18 60 M M 3 24 60
6 93 75 84 6 0 19 0.00 0.0 0 6.4 15 40 M M 4 12 20 50
7 93 76 85 7 0 20 0.00 0.0 0 6.7 16 120 M M 4 3 20 120
8 91 76 84 7 0 19 0.00 0.0 0 4.5 9 10 M M 4 12 17 50
9 89 75 82 5 0 17 0.80 0.0 0 5.4 20 90 M M 3 18 24 100
10 91 74 83 6 0 18 0.00 0.0 0 5.7 13 120 M M 2 16 120
11 88 75 82 5 0 17 0.24 0.0 0 7.5 20 230 M M 2 13 26 240
12 88 72 80 4 0 15 0.00 0.0 0 4.9 13 280 M M 1 18 280
13 88 72 80 4 0 15 0.00 0.0 0 4.1 12 350 M M 2 1 17 310
14 90 71 81 5 0 16 0.00 0.0 0 4.2 13 60 M M 2 1 17 70
15 89 71 80 4 0 15 0.00 0.0 0 2.6 8 120 M M 0 11 120
16 90 71 81 6 0 16 0.00 0.0 0 3.8 10 350 M M 0 17 10
17 87 66 77 2 0 12 T 0.0 0 10.3 18 30 M M 2 1 23 30
18 88 69 79 4 0 14 T 0.0 0 10.1 23 40 M M 6 29 60
19 88 71 80 6 0 15 0.54 0.0 0 9.3 18 50 M M 3 138 26 50
20 85 74 80 6 0 15 0.04 0.0 0 8.1 22 70 M M 2 1 27 80
21 86 73 80 6 0 15 0.01 0.0 0 7.3 16 100 M M 2 29 360
22 87 73 80 7 0 15 0.02 0.0 0 7.9 18 120 M M 3 1 24 80
23 85 72 79 6 0 14 0.11 0.0 0 6.8 16 80 M M 5 1 20 80
24 88 70 79 6 0 14 0.00 0.0 0 5.7 15 70 M M 3 20 60
25 91 71 81 8 0 16 0.00 0.0 0 3.6 13 70 M M 2 16 60
26 88 72 80 8 0 15 0.00 0.0 0 6.9 15 90 M M 3 21 70
27 89 73 81 9 0 16 0.49 0.0 0 7.1 16 210 M M 6 138 23 230
28 90 76 83 11 0 18 0.00 0.0 0 8.2 13 150 M M 1 19 140
29 90 75 83 12 0 18 0.10 0.0 0 10.8 18 220 M M 4 1 31 210
30 77 61 69 -2 0 4 0.00 0.0 0 7.3 14 310 M M 2 21 330
31 86 58 72 1 0 7 0.00 0.0 0 6.6 15 70 M M 0 20 70
================================================================================
SM 2707 2191 0 442 2.46 0.0 207.3 M 88
================================================================================
AV 87.3 70.7 6.7 FASTST M M 3 MAX(MPH)
MISC ----> 23 40 31 210
================================================================================
NOTES:
# LAST OF SEVERAL OCCURRENCES
COLUMN 17 PEAK WIND IN M.P.H.
PRELIMINARY LOCAL CLIMATOLOGICAL DATA (WS FORM: F-6) , PAGE 2
STATION: LEESBURG
MONTH: OCTOBER
YEAR: 2020
LATITUDE: 28 49 N
LONGITUDE: 81 49 W
[TEMPERATURE DATA] [PRECIPITATION DATA] SYMBOLS USED IN COLUMN 16
AVERAGE MONTHLY: 79.0 TOTAL FOR MONTH: 2.46 1 = FOG OR MIST
DPTR FM NORMAL: 3.9 DPTR FM NORMAL: -0.64 2 = FOG REDUCING VISIBILITY
HIGHEST: 93 ON 7, 6 GRTST 24HR 0.80 ON 9- 9 TO 1/4 MILE OR LESS
LOWEST: 58 ON 31 3 = THUNDER
SNOW, ICE PELLETS, HAIL 4 = ICE PELLETS
TOTAL MONTH: 0.0 INCH 5 = HAIL
GRTST 24HR 0.0 6 = FREEZING RAIN OR DRIZZLE
GRTST DEPTH: 0 7 = DUSTSTORM OR SANDSTORM:
VSBY 1/2 MILE OR LESS
8 = SMOKE OR HAZE
[NO. OF DAYS WITH] [WEATHER - DAYS WITH] 9 = BLOWING SNOW
X = TORNADO
MAX 32 OR BELOW: 0 0.01 INCH OR MORE: 11
MAX 90 OR ABOVE: 9 0.10 INCH OR MORE: 6
MIN 32 OR BELOW: 0 0.50 INCH OR MORE: 2
MIN 0 OR BELOW: 0 1.00 INCH OR MORE: 0
[HDD (BASE 65) ]
TOTAL THIS MO. 0 CLEAR (SCALE 0-3) 20
DPTR FM NORMAL -6 PTCLDY (SCALE 4-7) 10
TOTAL FM JUL 1 0 CLOUDY (SCALE 8-10) 1
DPTR FM NORMAL -3
[CDD (BASE 65) ]
TOTAL THIS MO. 442
DPTR FM NORMAL 123 [PRESSURE DATA]
TOTAL FM JAN 1 3897 HIGHEST SLP 30.18 ON 31
DPTR FM NORMAL 737 LOWEST SLP 29.82 ON 29
[REMARKS]
#FINAL-10-20#