000
CXUS53 KLMK 020137
CF6LEX
PRELIMINARY LOCAL CLIMATOLOGICAL DATA (WS FORM: F-6)
STATION: LEXINGTON KY
MONTH: MARCH
YEAR: 2020
LATITUDE: 38 1 N
LONGITUDE: 84 36 W
TEMPERATURE IN F: :PCPN: SNOW: WIND :SUNSHINE: SKY :PK WND
================================================================================
1 2 3 4 5 6A 6B 7 8 9 10 11 12 13 14 15 16 17 18
12Z AVG MX 2MIN
DY MAX MIN AVG DEP HDD CDD WTR SNW DPTH SPD SPD DIR MIN PSBL S-S WX SPD DR
================================================================================
1 63 25 44 3 21 0 0.00 0.0 0 11.7 21 200 M M 1 30 160
2 56 47 52 11 13 0 0.58 0.0 0 11.6 29 210 M M 9 1 39 220
3 58 42 50 9 15 0 0.47 0.0 0 13.1 29 260 M M 6 13 41 260
4 63 31 47 5 18 0 T 0.0 0 10.4 24 220 M M 2 33 210
5 60 35 48 6 17 0 0.00 0.0 0 9.3 15 270 M M 1 23 270
6 50 33 42 0 23 0 T T 0 14.3 25 290 M M 9 38 280
7 49 29 39 -4 26 0 0.00 0.0 0 4.7 12 40 M M 4 16 300
8 64 30 47 4 18 0 0.00 0.0 0 10.2 20 210 M M 0 8 25 250
9 65 44 55 12 10 0 T 0.0 0 15.3 24 190 M M 1 35 180
10 59 46 53 9 12 0 0.30 0.0 0 12.5 26 190 M M 10 1 39 200
11 56 44 50 6 15 0 T 0.0 0 5.4 14 210 M M 6 1 18 230
12 68 41 55 11 10 0 1.15 0.0 0 8.0 17 210 M M 7 13 24 170
13 61 41 51 6 14 0 0.03 0.0 0 10.0 22 330 M M 2 1 29 340
14 44 35 40 -5 25 0 0.56 0.0 0 11.2 21 70 M M 9 1 26 60
15 41 34 38 -7 27 0 0.01 0.0 0 10.2 17 40 M M 10 1 24 50
16 46 38 42 -4 23 0 0.01 0.0 0 3.9 12 210 M M 10 16 150
17 51 40 46 0 19 0 0.05 0.0 0 5.1 12 320 M M 7 1 15 310
18 62 38 50 4 15 0 0.43 0.0 0 11.0 22 200 M M 8 1 33 190
19 70 60 65 19 0 0 0.10 0.0 0 10.2 23 210 M M 9 1 36 210
20 71 42 57 10 8 0 0.15 0.0 0 15.3 25 210 M M 5 1 37 210
21 42 33 38 -9 27 0 T 0.0 0 8.7 16 340 M M 10 1 22 10
22 51 29 40 -7 25 0 0.09 0.0 0 9.8 17 20 M M 4 1 23 80
23 53 39 46 -2 19 0 0.09 0.0 0 6.2 14 310 M M 8 1 22 310
24 55 39 47 -1 18 0 0.21 0.0 0 10.0 22 30 M M 4 1 28 20
25 60 40 50 2 15 0 T 0.0 0 6.0 14 330 M M 5 18 19 360
26 73 42 58 9 7 0 0.00 0.0 0 11.0 18 180 M M 0 24 220
27 78 54 66 17 0 1 T 0.0 0 6.3 15 100 M M 6 20 190
28 78 63 71 22 0 6 0.52 0.0 0 12.8 29 260 M M 2 13 38 250
29 68 54 61 11 4 0 0.05 0.0 0 17.8 33 240 M M 1 13 47 220
30 63 45 54 4 11 0 0.00 0.0 0 10.3 20 260 M M 0 29 280
31 48 40 44 -6 21 0 0.16 0.0 0 7.5 16 330 M M 8 1 22 320
================================================================================
SM 1826 1253 476 7 4.96 T 309.8 M 164
================================================================================
AV 58.9 40.4 10.0 FASTST M M 5 MAX(MPH)
MISC ----> # 33 240 # 47 220
================================================================================
NOTES:
# LAST OF SEVERAL OCCURRENCES
COLUMN 17 PEAK WIND IN M.P.H.
PRELIMINARY LOCAL CLIMATOLOGICAL DATA (WS FORM: F-6) , PAGE 2
STATION: LEXINGTON KY
MONTH: MARCH
YEAR: 2020
LATITUDE: 38 1 N
LONGITUDE: 84 36 W
[TEMPERATURE DATA] [PRECIPITATION DATA] SYMBOLS USED IN COLUMN 16
AVERAGE MONTHLY: 49.7 TOTAL FOR MONTH: 4.96 1 = FOG OR MIST
DPTR FM NORMAL: 4.2 DPTR FM NORMAL: 0.89 2 = FOG REDUCING VISIBILITY
HIGHEST: 78 ON 28,27 GRTST 24HR 1.15 ON 12-12 TO 1/4 MILE OR LESS
LOWEST: 25 ON 1 3 = THUNDER
SNOW, ICE PELLETS, HAIL 4 = ICE PELLETS
TOTAL MONTH: T 5 = HAIL
GRTST 24HR T ON 6- 6 6 = FREEZING RAIN OR DRIZZLE
GRTST DEPTH: 0 7 = DUSTSTORM OR SANDSTORM:
VSBY 1/2 MILE OR LESS
8 = SMOKE OR HAZE
[NO. OF DAYS WITH] [WEATHER - DAYS WITH] 9 = BLOWING SNOW
X = TORNADO
MAX 32 OR BELOW: 0 0.01 INCH OR MORE: 18
MAX 90 OR ABOVE: 0 0.10 INCH OR MORE: 11
MIN 32 OR BELOW: 5 0.50 INCH OR MORE: 4
MIN 0 OR BELOW: 0 1.00 INCH OR MORE: 1
[HDD (BASE 65) ]
TOTAL THIS MO. 476 CLEAR (SCALE 0-3) 10
DPTR FM NORMAL -129 PTCLDY (SCALE 4-7) 12
TOTAL FM JUL 1 3509 CLOUDY (SCALE 8-10) 9
DPTR FM NORMAL -667
[CDD (BASE 65) ]
TOTAL THIS MO. 7
DPTR FM NORMAL 5 [PRESSURE DATA]
TOTAL FM JAN 1 7 HIGHEST SLP 30.60 ON 7
DPTR FM NORMAL 5 LOWEST SLP 29.60 ON 3
[REMARKS]
#FINAL-03-20#