000
CSUS54 KSHV 011500
CF6LFK
PRELIMINARY LOCAL CLIMATOLOGICAL DATA (WS FORM: F-6)
STATION: LUFKIN
MONTH: SEPTEMBER
YEAR: 2020
LATITUDE: 31 14 N
LONGITUDE: 94 45 W
TEMPERATURE IN F: :PCPN: SNOW: WIND :SUNSHINE: SKY :PK WND
================================================================================
1 2 3 4 5 6A 6B 7 8 9 10 11 12 13 14 15 16 17 18
12Z AVG MX 2MIN
DY MAX MIN AVG DEP HDD CDD WTR SNW DPTH SPD SPD DIR MIN PSBL S-S WX SPD DR
================================================================================
1 97 81 89 8 0 24 T 0.0 0 10.5 22 160 M M 5 30 150
2 90 74 82 1 0 17 0.34 0.0 0 5.2 18 280 M M 4 1 28 290
3 90 75 83 2 0 18 0.36 0.0 0 3.0 22 140 M M 1 13 30 130
4 91 73 82 1 0 17 0.08 0.0 0 4.2 13 60 M M 4 3 16 60
5 92 73 83 3 0 18 0.13 0.0 0 4.0 23 80 M M 1 13 27 80
6 94 71 83 3 0 18 0.00 0.0 0 3.0 9 90 M M 1 1 15 80
7 94 68 81 1 0 16 0.00 0.0 0 2.9 18 150 M M 1 26 140
8 91 72 82 2 0 17 0.41 0.0 0 5.2 21 100 M M 1 13 41 150
9 91 74 83 4 0 18 T 0.0 0 6.2 15 150 M M 1 13 19 120
10 89 72 81 2 0 16 0.51 0.0 0 4.2 16 330 M M 4 138 23 330
11 89 69 79 0 0 14 0.01 0.0 0 4.8 12 10 M M 5 3 15 10
12 92 71 82 3 0 17 0.00 0.0 0 4.2 13 10 M M 1 17 320
13 90 74 82 4 0 17 0.07 0.0 0 4.9 13 50 M M 2 1 17 30
14 90 75 83 5 0 18 0.00 0.0 0 7.4 13 20 M M 5 18 20
15 92 74 83 5 0 18 0.01 0.0 0 5.8 13 360 M M 2 18 330
16 93 73 83 6 0 18 0.00 0.0 0 4.9 13 40 M M 0 20 30
17 91 74 83 6 0 18 0.00 0.0 0 6.4 12 60 M M 2 18 40
18 88 70 79 2 0 14 0.00 0.0 0 7.6 17 70 M M 0 23 40
19 83 65 74 -2 0 9 0.00 0.0 0 8.2 15 10 M M 0 23 30
20 85 61 73 -3 0 8 T 0.0 0 9.8 21 80 M M 5 29 90
21 75 67 71 -5 0 6 0.43 0.0 0 9.8 17 70 M M 10 1 22 80
22 76 70 73 -2 0 8 0.41 0.0 0 8.4 14 70 M M 10 1 18 30
23 72 68 70 -5 0 5 0.48 0.0 0 7.5 13 340 M M 10 1 19 330
24 75 66 71 -4 0 6 T 0.0 0 4.2 9 360 M M 10 1 14 350
25 80 64 72 -2 0 7 0.00 0.0 0 1.0 7 60 M M 7 1 9 80
26 84 63 74 0 0 9 0.00 0.0 0 3.7 9 150 M M 5 12 14 220
27 90 66 78 4 0 13 0.00 0.0 0 7.5 16 200 M M 2 1 22 200
28 78 57 68 -5 0 3 0.05 0.0 0 8.0 21 330 M M 5 1 29 340
29 81 49 65 -8 0 0 0.00 0.0 0 4.0 18 310 M M 0 26 10
30 86 49 68 -5 0 3 0.00 0.0 0 2.7 12 170 M M 0 15 180
================================================================================
SM 2609 2058 0 390 3.29 0.0 169.2 M 104
================================================================================
AV 87.0 68.6 5.6 FASTST M M 3 MAX(MPH)
MISC ----> # 23 80 # 41 150
================================================================================
NOTES:
# LAST OF SEVERAL OCCURRENCES
COLUMN 17 PEAK WIND IN M.P.H.
PRELIMINARY LOCAL CLIMATOLOGICAL DATA (WS FORM: F-6) , PAGE 2
STATION: LUFKIN
MONTH: SEPTEMBER
YEAR: 2020
LATITUDE: 31 14 N
LONGITUDE: 94 45 W
[TEMPERATURE DATA] [PRECIPITATION DATA] SYMBOLS USED IN COLUMN 16
AVERAGE MONTHLY: 77.8 TOTAL FOR MONTH: 3.29 1 = FOG OR MIST
DPTR FM NORMAL: 0.5 DPTR FM NORMAL: -0.79 2 = FOG REDUCING VISIBILITY
HIGHEST: 97 ON 1 GRTST 24HR 0.51 ON 10-10 TO 1/4 MILE OR LESS
LOWEST: 49 ON 30,29 3 = THUNDER
SNOW, ICE PELLETS, HAIL 4 = ICE PELLETS
TOTAL MONTH: 0.0 INCH 5 = HAIL
GRTST 24HR 0.0 6 = FREEZING RAIN OR DRIZZLE
GRTST DEPTH: 0 7 = DUSTSTORM OR SANDSTORM:
VSBY 1/2 MILE OR LESS
8 = SMOKE OR HAZE
[NO. OF DAYS WITH] [WEATHER - DAYS WITH] 9 = BLOWING SNOW
X = TORNADO
MAX 32 OR BELOW: 0 0.01 INCH OR MORE: 13
MAX 90 OR ABOVE: 16 0.10 INCH OR MORE: 8
MIN 32 OR BELOW: 0 0.50 INCH OR MORE: 1
MIN 0 OR BELOW: 0 1.00 INCH OR MORE: 0
[HDD (BASE 65) ]
TOTAL THIS MO. 0 CLEAR (SCALE 0-3) 16
DPTR FM NORMAL -4 PTCLDY (SCALE 4-7) 10
TOTAL FM JUL 1 0 CLOUDY (SCALE 8-10) 4
DPTR FM NORMAL -4
[CDD (BASE 65) ]
TOTAL THIS MO. 390
DPTR FM NORMAL 16 [PRESSURE DATA]
TOTAL FM JAN 1 2675 HIGHEST SLP 30.23 ON 5
DPTR FM NORMAL 278 LOWEST SLP 29.70 ON 27
[REMARKS]
#FINAL-09-20#