000
CXUS54 KLCH 010830
CF6LFT
PRELIMINARY LOCAL CLIMATOLOGICAL DATA (WS FORM: F-6)
STATION: LAFAYETTE
MONTH: MARCH
YEAR: 2022
LATITUDE: 30 12 N
LONGITUDE: 92 0 W
TEMPERATURE IN F: :PCPN: SNOW: WIND :SUNSHINE: SKY :PK WND
================================================================================
1 2 3 4 5 6A 6B 7 8 9 10 11 12 13 14 15 16 17 18
12Z AVG MX 2MIN
DY MAX MIN AVG DEP HDD CDD WTR SNW DPTH SPD SPD DIR MIN PSBL S-S WX SPD DR
================================================================================
1 73 37 55 -5 10 0 0.00 0.0 M 2.2 10 210 M M 0 14 250
2 74 44 59 -1 6 0 0.00 0.0 M 2.8 12 200 M M 0 1 14 200
3 72 47 60 0 5 0 0.00 0.0 M 1.1 8 200 M M 0 13 170
4 75 45 60 0 5 0 0.00 0.0 M 3.8 12 200 M M 2 12 16 200
5 79 58 69 8 0 4 0.00 0.0 M 9.3 24 190 M M 6 36 170
6 81 68 75 14 0 10 0.00 0.0 M 10.8 21 190 M M 8 8 36 190
7 79 53 66 5 0 1 T 0.0 M 11.6 26 340 M M 8 1 36 340
8 63 46 55 -6 10 0 0.03 0.0 M 11.0 18 340 M M 10 1 27 10
9 59 44 52 -10 13 0 0.01 M M 11.8 22 20 M M 7 28 20
10 74 43 59 -3 6 0 0.00 0.0 M 5.2 12 40 M M 2 16 40
11 68 45 57 -5 8 0 0.12 0.0 M 9.0 35 330 M M 9 138 50 330
12 54 34 44 -18 21 0 0.00 0.0 M 15.2 36 350 M M 2 8 47 10
13 60 32 46 -16 19 0 0.00 0.0 M 4.7 14 180 M M 0 22 190
14 69 51 60 -3 5 0 T 0.0 M 5.2 13 150 M M 10 24 150
15 74 55 65 2 0 0 1.08 0.0 M 8.4 25 310 M M 5 13 36 300
16 74 54 64 1 1 0 0.00 0.0 M 5.0 10 280 M M 4 17 340
17 75 49 62 -1 3 0 0.01 M M 6.0 18 160 M M 6 12 36 160
18 81 69 75 12 0 10 0.13 M M 14.0 22 190 M M 5 13 38 190
19 71 49 60 -4 5 0 0.00 0.0 M 8.0 22 10 M M 0 27 340
20 77 42 60 -4 5 0 0.00 0.0 M 3.8 14 200 M M 0 1 21 60
21 75 54 65 1 0 0 0.00 0.0 M 7.6 22 140 M M 7 33 180
22 76 55 66 2 0 1 0.62 0.0 M 12.7 35 190 M M 8 13 56 200
23 69 49 59 -5 6 0 0.00 0.0 M 10.6 23 310 M M 1 34 320
24 73 46 60 -4 5 0 0.00 0.0 M 8.9 26 230 M M 1 37 230
25 76 46 61 -4 4 0 0.00 0.0 M 5.5 17 330 M M 0 27 340
26 79 46 63 -2 2 0 0.00 0.0 M 4.5 14 200 M M 0 1 20 170
27 80 51 66 1 0 1 0.00 0.0 M 6.3 18 210 M M 2 128 24 210
28 81 61 71 6 0 6 0.00 0.0 M 8.9 21 230 M M 6 128 31 240
29 80 68 74 8 0 9 0.00 0.0 M 11.7 20 170 M M 9 36 190
30 77 59 68 2 0 3 0.96 0.0 M 12.9 35 260 M M 7 1238 54 160
31 73 50 62 -4 3 0 0.00 0.0 M 7.0 16 20 M M 0 27 360
================================================================================
SM 2271 1550 142 45 2.96 0.0 245.5 M 125
================================================================================
AV 73.3 50.0 7.9 FASTST M M 4 MAX(MPH)
MISC ----> 36 350 56 200
================================================================================
NOTES:
# LAST OF SEVERAL OCCURRENCES
COLUMN 17 PEAK WIND IN M.P.H.
PRELIMINARY LOCAL CLIMATOLOGICAL DATA (WS FORM: F-6) , PAGE 2
STATION: LAFAYETTE
MONTH: MARCH
YEAR: 2022
LATITUDE: 30 12 N
LONGITUDE: 92 0 W
[TEMPERATURE DATA] [PRECIPITATION DATA] SYMBOLS USED IN COLUMN 16
AVERAGE MONTHLY: 61.6 TOTAL FOR MONTH: 2.96 1 = FOG OR MIST
DPTR FM NORMAL: -1.3 DPTR FM NORMAL: -0.76 2 = FOG REDUCING VISIBILITY
HIGHEST: 81 ON 28,18 GRTST 24HR 1.08 ON 14-15 TO 1/4 MILE OR LESS
LOWEST: 32 ON 13 3 = THUNDER
SNOW, ICE PELLETS, HAIL 4 = ICE PELLETS
TOTAL MONTH: 0.0 INCH 5 = HAIL
GRTST 24HR 0.0 6 = FREEZING RAIN OR DRIZZLE
GRTST DEPTH: M ON M 7 = DUSTSTORM OR SANDSTORM:
VSBY 1/2 MILE OR LESS
8 = SMOKE OR HAZE
[NO. OF DAYS WITH] [WEATHER - DAYS WITH] 9 = BLOWING SNOW
X = TORNADO
MAX 32 OR BELOW: 0 0.01 INCH OR MORE: 8
MAX 90 OR ABOVE: 0 0.10 INCH OR MORE: 5
MIN 32 OR BELOW: 1 0.50 INCH OR MORE: 3
MIN 0 OR BELOW: 0 1.00 INCH OR MORE: 1
[HDD (BASE 65) ]
TOTAL THIS MO. 142 CLEAR (SCALE 0-3) 15
DPTR FM NORMAL 6 PTCLDY (SCALE 4-7) 10
TOTAL FM JUL 1 1186 CLOUDY (SCALE 8-10) 6
DPTR FM NORMAL -153
[CDD (BASE 65) ]
TOTAL THIS MO. 45
DPTR FM NORMAL -28 [PRESSURE DATA]
TOTAL FM JAN 1 87 HIGHEST SLP 30.47 ON 13
DPTR FM NORMAL -26 LOWEST SLP 29.50 ON 30
[REMARKS]
#FINAL-03-22#