000
CXUS51 KOKX 010910
CF6LGA
PRELIMINARY LOCAL CLIMATOLOGICAL DATA (WS FORM: F-6)
STATION: LAGUARDIA NY
MONTH: OCTOBER
YEAR: 2021
LATITUDE: 40 46 N
LONGITUDE: 73 54 W
TEMPERATURE IN F: :PCPN: SNOW: WIND :SUNSHINE: SKY :PK WND
================================================================================
1 2 3 4 5 6A 6B 7 8 9 10 11 12 13 14 15 16 17 18
12Z AVG MX 2MIN
DY MAX MIN AVG DEP HDD CDD WTR SNW DPTH SPD SPD DIR MIN PSBL S-S WX SPD DR
================================================================================
1 70 54 62 -3 3 0 0.00 0.0 0 7.5 14 260 M M 1 18 280
2 77 59 68 3 0 3 0.00 0.0 0 7.4 17 270 M M 5 24 260
3 81 63 72 8 0 7 0.00 0.0 0 5.5 13 160 M M 7 15 170
4 74 63 69 5 0 4 0.11 0.0 0 10.3 22 60 M M 10 18 25 60
5 66 61 64 0 1 0 T 0.0 0 8.3 15 70 M M 10 8 18 70
6 71 62 67 4 0 2 0.00 0.0 0 4.2 8 60 M M 9 12 90
7 78 64 71 8 0 6 0.00 0.0 0 4.1 12 170 M M 6 14 60
8 76 65 71 8 0 6 0.00 0.0 0 7.2 17 100 M M 6 20 100
9 70 61 66 4 0 1 0.00 0.0 0 14.0 20 60 M M 9 24 50
10 69 63 66 4 0 1 0.11 0.0 0 16.9 23 60 M M 9 1 28 60
11 73 64 69 8 0 4 0.00 0.0 0 13.0 24 60 M M 8 30 60
12 71 63 67 6 0 2 0.00 0.0 0 6.3 12 40 M M 7 15 50
13 71 65 68 7 0 3 0.00 0.0 0 4.2 10 270 M M 9 13 270
14 79 66 73 13 0 8 0.00 0.0 0 6.6 16 330 M M 6 21 330
15 83 67 75 15 0 10 0.00 0.0 0 5.3 15 170 M M 5 19 170
16 77 60 69 9 0 4 0.16 0.0 0 13.5 25 170 M M 7 32 180
17 65 55 60 1 5 0 0.01 0.0 0 14.9 22 300 M M 4 29 260
18 62 52 57 -2 8 0 T 0.0 0 15.0 28 310 M M 5 38 310
19 69 51 60 2 5 0 0.00 0.0 0 13.2 21 270 M M 1 27 250
20 80 60 70 12 0 5 0.00 0.0 0 10.5 18 290 M M 4 22 280
21 77 62 70 12 0 5 0.00 0.0 0 8.6 18 160 M M 5 23 150
22 72 59 66 9 0 1 0.00 0.0 0 10.2 20 240 M M 5 32 250
23 61 51 56 -1 9 0 T 0.0 0 8.3 16 320 M M 8 20 320
24 61 51 56 -1 9 0 0.03 0.0 0 6.8 13 310 M M 6 16 300
25 75 58 67 11 0 2 0.40 0.0 0 8.4 24 60 M M 9 13 28 40
26 64 57 61 5 4 0 2.48 0.0 0 15.6 30 50 M M 10 1 36 50
27 62 55 59 3 6 0 0.14 0.0 0 16.2 29 350 M M 9 37 330
28 59 50 55 0 10 0 0.00 0.0 0 9.4 17 340 M M 6 20 340
29 58 49 54 -1 11 0 0.34 0.0 0 16.9 33 80 M M 9 13 42 80
30 68 56 62 7 3 0 0.16 0.0 0 10.7 26 90 M M 9 1 36 80
31 67 57 62 8 3 0 0.06 0.0 0 10.7 22 320 M M 8 27 330
================================================================================
SM 2186 1823 77 74 4.00 0.0 309.7 M 212
================================================================================
AV 70.5 58.8 10.0 FASTST M M 7 MAX(MPH)
MISC ----> 33 80 42 80
================================================================================
NOTES:
# LAST OF SEVERAL OCCURRENCES
COLUMN 17 PEAK WIND IN M.P.H.
PRELIMINARY LOCAL CLIMATOLOGICAL DATA (WS FORM: F-6) , PAGE 2
STATION: LAGUARDIA NY
MONTH: OCTOBER
YEAR: 2021
LATITUDE: 40 46 N
LONGITUDE: 73 54 W
[TEMPERATURE DATA] [PRECIPITATION DATA] SYMBOLS USED IN COLUMN 16
AVERAGE MONTHLY: 64.7 TOTAL FOR MONTH: 4.00 1 = FOG OR MIST
DPTR FM NORMAL: 5.1 DPTR FM NORMAL: 0.19 2 = FOG REDUCING VISIBILITY
HIGHEST: 83 ON 15 GRTST 24HR 2.67 ON 25-26 TO 1/4 MILE OR LESS
LOWEST: 49 ON 29 3 = THUNDER
SNOW, ICE PELLETS, HAIL 4 = ICE PELLETS
TOTAL MONTH: 0.0 INCH 5 = HAIL
GRTST 24HR 0.0 6 = FREEZING RAIN OR DRIZZLE
GRTST DEPTH: 0 7 = DUSTSTORM OR SANDSTORM:
VSBY 1/2 MILE OR LESS
8 = SMOKE OR HAZE
[NO. OF DAYS WITH] [WEATHER - DAYS WITH] 9 = BLOWING SNOW
X = TORNADO
MAX 32 OR BELOW: 0 0.01 INCH OR MORE: 11
MAX 90 OR ABOVE: 0 0.10 INCH OR MORE: 8
MIN 32 OR BELOW: 0 0.50 INCH OR MORE: 1
MIN 0 OR BELOW: 0 1.00 INCH OR MORE: 1
[HDD (BASE 65) ]
TOTAL THIS MO. 77 CLEAR (SCALE 0-3) 2
DPTR FM NORMAL -121 PTCLDY (SCALE 4-7) 18
TOTAL FM JUL 1 82 CLOUDY (SCALE 8-10) 11
DPTR FM NORMAL -137
[CDD (BASE 65) ]
TOTAL THIS MO. 74
DPTR FM NORMAL 42 [PRESSURE DATA]
TOTAL FM JAN 1 1597 HIGHEST SLP M ON M
DPTR FM NORMAL 190 LOWEST SLP 29.31 ON 26
[REMARKS]
#FINAL-10-21#