000
CXUS56 KLOX 021852
CF6LGB
PRELIMINARY LOCAL CLIMATOLOGICAL DATA (WS FORM: F-6)
STATION: LONG BEACH AIRPORT CA
MONTH: SEPTEMBER
YEAR: 2023
LATITUDE: 33 49 N
LONGITUDE: 118 9 W
TEMPERATURE IN F: :PCPN: SNOW: WIND :SUNSHINE: SKY :PK WND
================================================================================
1 2 3 4 5 6A 6B 7 8 9 10 11 12 13 14 15 16 17 18
12Z AVG MX 2MIN
DY MAX MIN AVG DEP HDD CDD WTR SNW DPTH SPD SPD DIR MIN PSBL S-S WX SPD DR
================================================================================
1 78 69 74 0 0 9 0.00 M M 7.1 17 180 M M 8 8 22 150
2 79 70 75 1 0 10 T M M 5.3 10 300 M M 10 18 14 120
3 81 69 75 1 0 10 0.00 M M 7.2 15 290 M M 6 23 280
4 78 65 72 -2 0 7 0.00 M M 5.2 12 290 M M 1 16 180
5 75 66 71 -3 0 6 0.00 M M 4.6 10 190 M M 7 15 210
6 82 68 75 1 0 10 0.00 M M 6.4 14 300 M M 5 8 16 290
7 84 65 75 1 0 10 0.00 M M 4.4 12 300 M M 0 14 290
8 93 68 81 7 0 16 0.00 M M 4.4 16 290 M M 0 18 290
9 95 71 83 9 0 18 0.00 M M 6.3 17 300 M M 0 23 290
10 95 72 84 10 0 19 0.02 M M 5.1 14 200 M M 0 18 200
11 85 71 78 4 0 13 T M M 3.4 14 300 M M 0 8 17 280
12 80 67 74 0 0 9 0.00 M M 4.6 13 200 M M 0 16 180
13 76 68 72 -2 0 7 0.00 M M 5.3 10 210 M M 5 14 200
14 77 67 72 -2 0 7 0.00 M M 5.8 13 290 M M 4 16 200
15 77 68 73 0 0 8 0.00 M M 5.2 14 290 M M 7 18 200
16 72 68 70 -3 0 5 0.00 M M 4.8 9 310 M M 10 8 11 200
17 75 67 71 -2 0 6 0.00 M M 5.7 13 290 M M 10 16 290
18 79 66 73 0 0 8 0.00 M M 6.1 13 290 M M 2 17 210
19 76 62 69 -4 0 4 0.00 M M 3.6 13 300 M M 2 21 310
20 77 66 72 -1 0 7 0.00 M M 4.5 16 290 M M 5 8 20 290
21 75 63 69 -4 0 4 0.00 M M 5.1 13 290 M M 3 16 230
22 75 61 68 -4 0 3 0.00 M M 3.8 13 210 M M 1 8 17 210
23 77 61 69 -3 0 4 0.00 M M 4.6 13 300 M M 1 18 15 290
24 81 62 72 0 0 7 0.00 M M 4.9 16 290 M M 3 8 20 290
25 78 61 70 -2 0 5 0.00 M M 4.8 13 320 M M 3 18 16 300
26 82 59 71 -1 0 6 0.00 M M 3.8 14 290 M M 0 18 18 280
27 80 60 70 -2 0 5 0.00 M M 3.8 12 190 M M 3 128 14 210
28 73 64 69 -2 0 4 0.00 M M 4.7 10 220 M M 7 15 220
29 73 67 70 -1 0 5 0.00 M M 5.2 12 210 M M 9 14 220
30 73 64 69 -2 0 4 T M M 6.2 16 220 M M 8 8 21 260
================================================================================
SM 2381 1975 0 236 0.02 M 151.9 M 120
================================================================================
AV 79.4 65.8 5.1 FASTST M M 4 MAX(MPH)
MISC ----> # 17 180 # 23 280
================================================================================
NOTES:
# LAST OF SEVERAL OCCURRENCES
COLUMN 17 PEAK WIND IN M.P.H.
PRELIMINARY LOCAL CLIMATOLOGICAL DATA (WS FORM: F-6) , PAGE 2
STATION: LONG BEACH AIRPORT CA
MONTH: SEPTEMBER
YEAR: 2023
LATITUDE: 33 49 N
LONGITUDE: 118 9 W
[TEMPERATURE DATA] [PRECIPITATION DATA] SYMBOLS USED IN COLUMN 16
AVERAGE MONTHLY: 72.6 TOTAL FOR MONTH: 0.02 1 = FOG OR MIST
DPTR FM NORMAL: -0.5 DPTR FM NORMAL: -0.06 2 = FOG REDUCING VISIBILITY
HIGHEST: 95 ON 10, 9 GRTST 24HR 0.02 ON 10-10 TO 1/4 MILE OR LESS
LOWEST: 59 ON 26 3 = THUNDER
SNOW, ICE PELLETS, HAIL 4 = ICE PELLETS
TOTAL MONTH: M 5 = HAIL
GRTST 24HR M ON M 6 = FREEZING RAIN OR DRIZZLE
GRTST DEPTH: M ON M 7 = DUSTSTORM OR SANDSTORM:
VSBY 1/2 MILE OR LESS
8 = SMOKE OR HAZE
[NO. OF DAYS WITH] [WEATHER - DAYS WITH] 9 = BLOWING SNOW
X = TORNADO
MAX 32 OR BELOW: 0 0.01 INCH OR MORE: 1
MAX 90 OR ABOVE: 3 0.10 INCH OR MORE: 0
MIN 32 OR BELOW: 0 0.50 INCH OR MORE: 0
MIN 0 OR BELOW: 0 1.00 INCH OR MORE: 0
[HDD (BASE 65) ]
TOTAL THIS MO. 0 CLEAR (SCALE 0-3) 15
DPTR FM NORMAL -1 PTCLDY (SCALE 4-7) 10
TOTAL FM JUL 1 0 CLOUDY (SCALE 8-10) 5
DPTR FM NORMAL 0
[CDD (BASE 65) ]
TOTAL THIS MO. 236
DPTR FM NORMAL -9 [PRESSURE DATA]
TOTAL FM JAN 1 964 HIGHEST SLP 30.08 ON 25
DPTR FM NORMAL -47 LOWEST SLP 29.80 ON 1
[REMARKS]
#FINAL-09-23#