000
CXUS54 KLZK 011130
CF6LIT
PRELIMINARY LOCAL CLIMATOLOGICAL DATA (WS FORM: F-6)
STATION: LITTLE ROCK ADAMS FIELD
MONTH: JUNE
YEAR: 2021
LATITUDE: 34 43 N
LONGITUDE: 92 14 W
TEMPERATURE IN F: :PCPN: SNOW: WIND :SUNSHINE: SKY :PK WND
================================================================================
1 2 3 4 5 6A 6B 7 8 9 10 11 12 13 14 15 16 17 18
12Z AVG MX 2MIN
DY MAX MIN AVG DEP HDD CDD WTR SNW DPTH SPD SPD DIR MIN PSBL S-S WX SPD DR
================================================================================
1 71 63 67 -8 0 2 1.88 0.0 0 6.5 16 110 M M 10 1 18 110
2 79 67 73 -2 0 8 T 0.0 0 6.2 14 310 M M 9 3 17 300
3 83 65 74 -1 0 9 0.00 0.0 0 4.8 12 290 M M 7 15 290
4 85 63 74 -2 0 9 0.00 0.0 0 2.8 10 70 M M 8 13 60
5 76 66 71 -5 0 6 0.04 0.0 0 3.2 17 110 M M 9 1 21 110
6 83 67 75 -1 0 10 0.02 0.0 0 5.5 18 120 M M 8 138 22 110
7 79 68 74 -2 0 9 0.85 0.0 0 6.6 24 210 M M 10 13 29 210
8 74 69 72 -4 0 7 2.56 0.0 0 4.4 14 140 M M 9 13 16 150
9 88 70 79 2 0 14 1.69 0.0 0 3.3 28 50 M M 8 123 41 60
10 92 73 83 6 0 18 0.07 0.0 0 5.4 20 120 M M 8 123 26 120
11 91 73 82 5 0 17 0.00 0.0 0 6.4 16 240 M M 5 1 19 230
12 96 76 86 8 0 21 0.00 0.0 0 4.2 17 220 M M 6 24 210
13 94 76 85 7 0 20 0.00 0.0 0 6.9 15 360 M M 3 19 20
14 93 72 83 5 0 18 0.00 0.0 0 5.7 12 360 M M 3 16 30
15 93 69 81 3 0 16 0.00 0.0 0 4.8 9 50 M M 2 M M
16 89 71 80 2 0 15 0.00 0.0 0 5.6 12 150 M M 3 17 140
17 90 73 82 4 0 17 0.00 0.0 0 7.0 13 180 M M 4 18 160
18 91 71 81 2 0 16 0.00 0.0 M 6.1 14 140 M M 2 17 150
19 91 68 80 1 0 15 0.00 0.0 M 3.8 9 190 M M 3 13 130
20 93 72 83 4 0 18 0.00 0.0 0 8.2 18 200 M M 3 26 220
21 89 65 77 -2 0 12 T 0.0 0 9.2 30 340 M M 7 36 350
22 81 58 70 -9 0 5 0.00 0.0 0 7.6 17 60 M M 1 22 50
23 87 57 72 -8 0 7 0.00 0.0 0 4.3 13 140 M M 2 16 140
24 92 72 82 2 0 17 0.00 0.0 0 6.9 13 170 M M 5 20 150
25 93 77 85 5 0 20 0.00 0.0 M 10.7 17 190 M M 4 24 190
26 91 75 83 3 0 18 T 0.0 M 10.1 18 170 M M 5 23 170
27 92 75 84 4 0 19 0.00 0.0 0 9.4 18 140 M M 5 22 140
28 91 72 82 2 0 17 0.00 0.0 0 7.1 18 140 M M 6 25 130
29 92 73 83 3 0 18 0.00 0.0 M 4.6 16 150 M M 5 19 140
30 93 72 83 3 0 18 0.00 0.0 M 5.1 13 170 M M 6 3 17 170
================================================================================
SM 2632 2088 0 416 7.11 0.0 182.4 M 166
================================================================================
AV 87.7 69.6 6.1 FASTST M M 6 MAX(MPH)
MISC ----> 30 340 41 60
================================================================================
NOTES:
# LAST OF SEVERAL OCCURRENCES
COLUMN 17 PEAK WIND IN M.P.H.
PRELIMINARY LOCAL CLIMATOLOGICAL DATA (WS FORM: F-6) , PAGE 2
STATION: LITTLE ROCK ADAMS FIELD
MONTH: JUNE
YEAR: 2021
LATITUDE: 34 43 N
LONGITUDE: 92 14 W
[TEMPERATURE DATA] [PRECIPITATION DATA] SYMBOLS USED IN COLUMN 16
AVERAGE MONTHLY: 78.7 TOTAL FOR MONTH: 7.11 1 = FOG OR MIST
DPTR FM NORMAL: 0.7 DPTR FM NORMAL: 3.56 2 = FOG REDUCING VISIBILITY
HIGHEST: 96 ON 12 GRTST 24HR 3.13 ON 7- 8 TO 1/4 MILE OR LESS
LOWEST: 57 ON 23 3 = THUNDER
SNOW, ICE PELLETS, HAIL 4 = ICE PELLETS
TOTAL MONTH: 0.0 INCH 5 = HAIL
GRTST 24HR 0.0 6 = FREEZING RAIN OR DRIZZLE
GRTST DEPTH: 0 7 = DUSTSTORM OR SANDSTORM:
VSBY 1/2 MILE OR LESS
8 = SMOKE OR HAZE
[NO. OF DAYS WITH] [WEATHER - DAYS WITH] 9 = BLOWING SNOW
X = TORNADO
MAX 32 OR BELOW: 0 0.01 INCH OR MORE: 7
MAX 90 OR ABOVE: 17 0.10 INCH OR MORE: 4
MIN 32 OR BELOW: 0 0.50 INCH OR MORE: 4
MIN 0 OR BELOW: 0 1.00 INCH OR MORE: 3
[HDD (BASE 65) ]
TOTAL THIS MO. 0 CLEAR (SCALE 0-3) 8
DPTR FM NORMAL 0 PTCLDY (SCALE 4-7) 16
TOTAL FM JUL 1 3122 CLOUDY (SCALE 8-10) 6
DPTR FM NORMAL -41
[CDD (BASE 65) ]
TOTAL THIS MO. 416
DPTR FM NORMAL 27 [PRESSURE DATA]
TOTAL FM JAN 1 605 HIGHEST SLP 30.16 ON 29
DPTR FM NORMAL -27 LOWEST SLP 29.74 ON 20
[REMARKS]
#FINAL-06-21#