000
CXUS55 KPIH 051444
CF6LLJ
PRELIMINARY LOCAL CLIMATOLOGICAL DATA (WS FORM: F-6)
STATION: CHALLIS
MONTH: JANUARY
YEAR: 2022
LATITUDE: 44 31 N
LONGITUDE: 114 13 W
TEMPERATURE IN F: :PCPN: SNOW: WIND :SUNSHINE: SKY :PK WND
================================================================================
1 2 3 4 5 6A 6B 7 8 9 10 11 12 13 14 15 16 17 18
12Z AVG MX 2MIN
DY MAX MIN AVG DEP HDD CDD WTR SNW DPTH SPD SPD DIR MIN PSBL S-S WX SPD DR
================================================================================
1 12 -12 0 -18 65 0 0.00 M M 1.3 6 220 M M 3 7 150
2 17 1 9 -9 56 0 0.00 M M 1.5 7 320 M M 1 9 190
3 39 -3 18 0 47 0 0.04 M M 5.7 28 190 M M 3 18 38 200
4 31 24 28 10 37 0 0.02 M M 8.1 17 190 M M 10 1 28 260
5 33 24 29 10 36 0 0.13 M M 2.9 16 320 M M 10 1 21 320
6 41 22 32 13 33 0 0.10 M M 2.9 20 210 M M 9 1 24 210
7 44 22 33 14 32 0 T M M 7.0 21 210 M M 5 36 180
8 37 5 21 2 44 0 0.00 M M 4.8 16 220 M M 3 8 28 220
9 M 0 M M M M 0.00 M M 1.4 7 220 M M 0 8 8 220
10 M 0 M M M M 0.00 M M 1.7 7 290 M M 0 8 8 170
11 M 1 M M M M 0.00 M M 1.9 8 160 M M 3 11 150
12 M 17 M M M M 0.00 M M 0.9 7 190 M M 3 8 8 180
13 M 13 M M M M 0.00 M M 2.0 12 200 M M 2 18 13 200
14 M 16 M M M M 0.00 M M 1.4 8 330 M M 2 8 10 170
15 M 9 M M M M 0.00 M M 1.2 7 330 M M 0 8 9 170
16 M 12 M M M M 0.00 M M 1.3 6 190 M M 0 7 150
17 M 13 M M M M 0.00 M M 1.0 7 160 M M 4 8 170
18 M 15 M M M M T M M 2.0 9 350 M M 4 11 350
19 35 9 22 2 43 0 0.00 M M 0.8 8 130 M M 7 1 8 130
20 28 8 18 -2 47 0 0.04 M M 2.0 8 200 M M 7 12 9 210
21 32 13 23 3 42 0 0.00 M M 1.8 7 150 M M 7 12 10 140
22 32 9 21 0 44 0 0.00 M M 1.2 7 320 M M 2 8 8 320
23 28 5 17 -4 48 0 0.00 M M 1.1 7 10 M M 0 8 360
24 32 4 18 -3 47 0 0.01 M M 3.3 13 360 M M 6 18 10
25 33 5 19 -2 46 0 0.00 M M 2.4 10 310 M M 1 13 340
26 28 2 15 -6 50 0 0.00 M M 1.1 6 150 M M 1 8 7 330
27 25 -4 11 -11 54 0 0.00 M M 0.7 8 200 M M 0 8 9 200
28 24 -5 10 -12 55 0 0.00 M M 0.6 3 120 M M 0 6 270
29 25 -6 10 -12 55 0 0.00 M M 1.9 9 170 M M 0 1 11 170
30 25 -6 10 -12 55 0 0.00 M M 0.8 6 340 M M 1 8 340
31 35 7 21 -1 44 0 T M M 8.2 25 270 M M 6 35 290
================================================================================
SM 636 220 980 0 0.34 M 74.9 M 100
================================================================================
AV 30.3 7.1 2.4 FASTST M M 3 MAX(MPH)
MISC ----> 28 190 38 200
================================================================================
NOTES:
# LAST OF SEVERAL OCCURRENCES
COLUMN 17 PEAK WIND IN M.P.H.
9-18TH: MISSING HIGH TEMPERATURES DUE TO ISSUES WITH ASPIRATOR.
PRELIMINARY LOCAL CLIMATOLOGICAL DATA (WS FORM: F-6) , PAGE 2
STATION: CHALLIS
MONTH: JANUARY
YEAR: 2022
LATITUDE: 44 31 N
LONGITUDE: 114 13 W
[TEMPERATURE DATA] [PRECIPITATION DATA] SYMBOLS USED IN COLUMN 16
AVERAGE MONTHLY: 18.7 TOTAL FOR MONTH: 0.34 1 = FOG OR MIST
DPTR FM NORMAL: -1.3 DPTR FM NORMAL: -0.07 2 = FOG REDUCING VISIBILITY
HIGHEST: 44 ON 7 GRTST 24HR 0.33 ON 5- 5 TO 1/4 MILE OR LESS
LOWEST: -12 ON 1 3 = THUNDER
SNOW, ICE PELLETS, HAIL 4 = ICE PELLETS
TOTAL MONTH: M 5 = HAIL
GRTST 24HR M ON M 6 = FREEZING RAIN OR DRIZZLE
GRTST DEPTH: M ON M 7 = DUSTSTORM OR SANDSTORM:
VSBY 1/2 MILE OR LESS
8 = SMOKE OR HAZE
[NO. OF DAYS WITH] [WEATHER - DAYS WITH] 9 = BLOWING SNOW
X = TORNADO
MAX 32 OR BELOW: 13 0.01 INCH OR MORE: 6
MAX 90 OR ABOVE: 0 0.10 INCH OR MORE: 2
MIN 32 OR BELOW: 31 0.50 INCH OR MORE: 0
MIN 0 OR BELOW: 8 1.00 INCH OR MORE: 0
[HDD (BASE 65) ]
TOTAL THIS MO. 980 CLEAR (SCALE 0-3) 19
DPTR FM NORMAL -416 PTCLDY (SCALE 4-7) 9
TOTAL FM JUL 1 3738 CLOUDY (SCALE 8-10) 3
DPTR FM NORMAL -983
[CDD (BASE 65) ]
TOTAL THIS MO. 0
DPTR FM NORMAL 0 [PRESSURE DATA]
TOTAL FM JAN 1 0 HIGHEST SLP 30.97 ON 28
DPTR FM NORMAL 0 LOWEST SLP 29.46 ON 7
[REMARKS]
#FINAL-01-22#