000
CXUS56 KMFR 010930
CF6LMT
PRELIMINARY LOCAL CLIMATOLOGICAL DATA (WS FORM: F-6)
STATION: KLAMATH FALLS OR
MONTH: SEPTEMBER
YEAR: 2023
LATITUDE: 42 9 N
LONGITUDE: 121 44 W
TEMPERATURE IN F: :PCPN: SNOW: WIND :SUNSHINE: SKY :PK WND
================================================================================
1 2 3 4 5 6A 6B 7 8 9 10 11 12 13 14 15 16 17 18
12Z AVG MX 2MIN
DY MAX MIN AVG DEP HDD CDD WTR SNW DPTH SPD SPD DIR MIN PSBL S-S WX SPD DR
================================================================================
1 61 47 54 -8 11 0 0.21 M M 4.6 16 130 M M 9 138 26 120
2 70 41 56 -6 9 0 T M M 6.9 25 150 M M 5 13 33 150
3 68 42 55 -7 10 0 0.00 M M 5.9 23 310 M M 2 12 29 330
4 71 37 54 -8 11 0 0.00 M M 3.0 14 320 M M 3 12 18 320
5 77 37 57 -4 8 0 0.00 M M 3.9 15 330 M M 1 12 19 320
6 79 40 60 -1 5 0 0.00 M M 5.2 17 330 M M 4 24 250
7 78 43 61 0 4 0 0.00 M M 4.6 18 320 M M 3 23 330
8 79 40 60 -1 5 0 0.00 M M 3.7 13 210 M M 0 1 19 210
9 80 37 59 -1 6 0 0.00 M M 2.6 9 100 M M 0 13 90
10 81 36 59 -1 6 0 0.00 M M 3.7 15 330 M M 0 18 330
11 82 40 61 1 4 0 0.00 M M 4.3 18 320 M M 0 23 320
12 79 41 60 0 5 0 0.00 M M 6.0 21 320 M M 0 1 26 320
13 80 40 60 1 5 0 0.00 M M 5.5 17 330 M M 0 22 310
14 85 41 63 4 2 0 0.00 M M 4.8 10 340 M M 0 M M
15 87 36 62 3 3 0 0.00 M M 2.3 9 340 M M 0 8 12 270
16 86 38 62 4 3 0 0.00 M M 4.2 17 260 M M 1 8 24 250
17 86 43 65 7 0 0 0.00 M M 3.6 16 330 M M 0 19 330
18 83 45 64 6 1 0 0.00 M M 6.0 22 340 M M 1 29 320
19 78 34 56 -1 9 0 0.00 M M 3.2 16 320 M M 0 1 21 320
20 65 31 48 -9 17 0 0.00 M M 8.9 28 320 M M 0 36 320
21 62 26 44 -13 21 0 0.00 M M 5.5 21 340 M M 4 1 34 330
22 67 32 50 -6 15 0 0.00 M M 3.3 10 70 M M 0 13 70
23 72 30 51 -5 14 0 0.00 M M 4.6 17 210 M M 0 8 24 210
24 66 50 58 2 7 0 T M M 11.8 24 170 M M 8 18 32 180
25 62 51 57 2 8 0 T M M 17.9 35 190 M M 5 47 180
26 61 39 50 -5 15 0 0.07 M M 7.0 18 280 M M 6 1 24 290
27 62 33 48 -7 17 0 0.02 M M 8.0 21 330 M M 3 26 320
28 65 25 45 -9 20 0 0.00 M M 3.8 13 320 M M 1 12 17 300
29 63 32 48 -6 17 0 0.73 M M 5.0 15 240 M M 6 1 20 170
30 57 38 48 -5 17 0 0.01 M M 9.2 18 330 M M 8 23 340
================================================================================
SM 2192 1145 275 0 1.04 M 169.0 M 70
================================================================================
AV 73.1 38.2 5.6 FASTST M M 2 MAX(MPH)
MISC ----> 35 190 47 180
================================================================================
NOTES:
# LAST OF SEVERAL OCCURRENCES
COLUMN 17 PEAK WIND IN M.P.H.
PRELIMINARY LOCAL CLIMATOLOGICAL DATA (WS FORM: F-6) , PAGE 2
STATION: KLAMATH FALLS OR
MONTH: SEPTEMBER
YEAR: 2023
LATITUDE: 42 9 N
LONGITUDE: 121 44 W
[TEMPERATURE DATA] [PRECIPITATION DATA] SYMBOLS USED IN COLUMN 16
AVERAGE MONTHLY: 55.6 TOTAL FOR MONTH: 1.04 1 = FOG OR MIST
DPTR FM NORMAL: -2.6 DPTR FM NORMAL: 0.74 2 = FOG REDUCING VISIBILITY
HIGHEST: 87 ON 15 GRTST 24HR 0.74 ON 29-30 TO 1/4 MILE OR LESS
LOWEST: 25 ON 28 3 = THUNDER
SNOW, ICE PELLETS, HAIL 4 = ICE PELLETS
TOTAL MONTH: M 5 = HAIL
GRTST 24HR M ON M 6 = FREEZING RAIN OR DRIZZLE
GRTST DEPTH: M ON M 7 = DUSTSTORM OR SANDSTORM:
VSBY 1/2 MILE OR LESS
8 = SMOKE OR HAZE
[NO. OF DAYS WITH] [WEATHER - DAYS WITH] 9 = BLOWING SNOW
X = TORNADO
MAX 32 OR BELOW: 0 0.01 INCH OR MORE: 5
MAX 90 OR ABOVE: 0 0.10 INCH OR MORE: 2
MIN 32 OR BELOW: 6 0.50 INCH OR MORE: 1
MIN 0 OR BELOW: 0 1.00 INCH OR MORE: 0
[HDD (BASE 65) ]
TOTAL THIS MO. 275 CLEAR (SCALE 0-3) 21
DPTR FM NORMAL 59 PTCLDY (SCALE 4-7) 7
TOTAL FM JUL 1 310 CLOUDY (SCALE 8-10) 2
DPTR FM NORMAL -1
[CDD (BASE 65) ]
TOTAL THIS MO. 0
DPTR FM NORMAL -14 [PRESSURE DATA]
TOTAL FM JAN 1 264 HIGHEST SLP M ON M
DPTR FM NORMAL 48 LOWEST SLP 29.69 ON 1
[REMARKS]
#FINAL-09-23#