000
CXUS55 KRIW 011010
CF6LND
PRELIMINARY LOCAL CLIMATOLOGICAL DATA (WS FORM: F-6)
STATION: LANDER WY
MONTH: APRIL
YEAR: 2023
LATITUDE: 42 49 N
LONGITUDE: 108 44 W
TEMPERATURE IN F: :PCPN: SNOW: WIND :SUNSHINE: SKY :PK WND
================================================================================
1 2 3 4 5 6A 6B 7 8 9 10 11 12 13 14 15 16 17 18
12Z AVG MX 2MIN
DY MAX MIN AVG DEP HDD CDD WTR SNW DPTH SPD SPD DIR MIN PSBL S-S WX SPD DR
================================================================================
1 48 23 36 -5 29 0 0.00 0.0 11 12.4 30 260 M M 1 45 260
2 41 26 34 -7 31 0 0.00 0.0 10 10.1 30 300 M M 2 41 300
3 31 24 28 -13 37 0 0.57 5.4 4 7.0 21 60 M M 10 1 27 50
4 26 15 21 -20 44 0 0.80 12.5 20 10.1 25 60 M M 10 128 36 80
5 26 7 17 -24 48 0 0.00 0.0 20 3.4 12 230 M M 2 14 240
6 34 9 22 -19 43 0 0.00 0.0 20 3.2 13 180 M M 0 15 120
7 35 11 23 -19 42 0 0.00 0.0 11 2.3 13 240 M M 0 19 240
8 48 21 35 -7 30 0 0.00 0.0 9 3.4 12 270 M M 1 14 260
9 53 31 42 0 23 0 0.00 0.0 8 3.4 15 180 M M 0 17 140
10 55 31 43 1 22 0 0.00 0.0 6 3.4 12 250 M M 0 14 260
11 70 33 52 10 13 0 0.00 0.0 4 7.5 31 230 M M 0 49 210
12 71 37 54 12 11 0 0.00 0.0 T 7.8 24 220 M M 0 39 250
13 62 31 47 5 18 0 0.00 0.0 0 12.3 33 220 M M 0 48 230
14 39 28 34 -9 31 0 0.04 1.0 0 7.0 24 310 M M 8 128 32 320
15 48 22 35 -8 30 0 0.00 0.0 0 6.6 14 80 M M 2 21 140
16 62 25 44 1 21 0 0.00 0.0 0 4.3 16 150 M M 0 20 160
17 69 36 53 10 12 0 0.00 0.0 0 9.3 29 210 M M 0 40 210
18 51 31 41 -3 24 0 T 0.0 0 8.8 28 300 M M 3 38 250
19 46 26 36 -8 29 0 0.00 0.0 0 12.7 25 300 M M 4 37 290
20 49 27 38 -6 27 0 0.00 0.0 0 9.9 26 350 M M 3 38 350
21 47 22 35 -9 30 0 0.17 3.0 3 5.3 20 350 M M 6 1 25 360
22 43 25 34 -10 31 0 0.09 2.0 5 4.7 15 230 M M 5 1 18 230
23 54 26 40 -5 25 0 0.00 0.0 0 4.8 14 70 M M 0 19 80
24 61 30 46 1 19 0 T 0.0 0 5.0 26 210 M M 2 33 210
25 48 34 41 -4 24 0 0.70 0.0 0 7.8 18 300 M M 9 1 24 320
26 61 32 47 1 18 0 0.00 0.0 0 5.8 17 150 M M 0 22 120
27 64 31 48 2 17 0 0.46 1.0 0 12.6 38 20 M M 4 12 47 360
28 60 24 42 -4 23 0 0.00 0.0 T 5.6 16 230 M M 0 20 220
29 71 36 54 8 11 0 0.00 0.0 0 5.7 15 240 M M 0 18 240
30 72 42 57 10 8 0 0.00 0.0 0 5.9 15 240 M M 0 20 250
================================================================================
SM 1545 796 771 0 2.83 24.9 208.1 M 72
================================================================================
AV 51.5 26.5 6.9 FASTST M M 2 MAX(MPH)
MISC ----> 38 20 49 210
================================================================================
NOTES:
# LAST OF SEVERAL OCCURRENCES
COLUMN 17 PEAK WIND IN M.P.H.
PRELIMINARY LOCAL CLIMATOLOGICAL DATA (WS FORM: F-6) , PAGE 2
STATION: LANDER WY
MONTH: APRIL
YEAR: 2023
LATITUDE: 42 49 N
LONGITUDE: 108 44 W
[TEMPERATURE DATA] [PRECIPITATION DATA] SYMBOLS USED IN COLUMN 16
AVERAGE MONTHLY: 39.0 TOTAL FOR MONTH: 2.83 1 = FOG OR MIST
DPTR FM NORMAL: -4.2 DPTR FM NORMAL: 0.76 2 = FOG REDUCING VISIBILITY
HIGHEST: 72 ON 30 GRTST 24HR 1.04 ON 3- 4 TO 1/4 MILE OR LESS
LOWEST: 7 ON 5 3 = THUNDER
SNOW, ICE PELLETS, HAIL 4 = ICE PELLETS
TOTAL MONTH: 24.9 INCHES 5 = HAIL
GRTST 24HR 12.5 ON 4- 4 6 = FREEZING RAIN OR DRIZZLE
GRTST DEPTH: 20 ON 6, 5 7 = DUSTSTORM OR SANDSTORM:
VSBY 1/2 MILE OR LESS
8 = SMOKE OR HAZE
[NO. OF DAYS WITH] [WEATHER - DAYS WITH] 9 = BLOWING SNOW
X = TORNADO
MAX 32 OR BELOW: 3 0.01 INCH OR MORE: 7
MAX 90 OR ABOVE: 0 0.10 INCH OR MORE: 5
MIN 32 OR BELOW: 24 0.50 INCH OR MORE: 3
MIN 0 OR BELOW: 0 1.00 INCH OR MORE: 0
[HDD (BASE 65) ]
TOTAL THIS MO. 771 CLEAR (SCALE 0-3) 22
DPTR FM NORMAL 119 PTCLDY (SCALE 4-7) 5
TOTAL FM JUL 1 8362 CLOUDY (SCALE 8-10) 3
DPTR FM NORMAL 1160
[CDD (BASE 65) ]
TOTAL THIS MO. 0
DPTR FM NORMAL 0 [PRESSURE DATA]
TOTAL FM JAN 1 0 HIGHEST SLP 30.37 ON 6
DPTR FM NORMAL 0 LOWEST SLP 29.29 ON 13
[REMARKS]
#FINAL-04-23#