000
CXUS55 KRIW 011010
CF6LND
PRELIMINARY LOCAL CLIMATOLOGICAL DATA (WS FORM: F-6)
STATION: LANDER WY
MONTH: MARCH
YEAR: 2022
LATITUDE: 42 49 N
LONGITUDE: 108 44 W
TEMPERATURE IN F: :PCPN: SNOW: WIND :SUNSHINE: SKY :PK WND
================================================================================
1 2 3 4 5 6A 6B 7 8 9 10 11 12 13 14 15 16 17 18
12Z AVG MX 2MIN
DY MAX MIN AVG DEP HDD CDD WTR SNW DPTH SPD SPD DIR MIN PSBL S-S WX SPD DR
================================================================================
1 62 31 47 17 18 0 0.00 0.0 0 5.6 20 260 M M 0 29 290
2 65 32 49 19 16 0 0.00 0.0 0 7.1 22 280 M M 0 32 290
3 62 34 48 17 17 0 0.00 0.0 0 4.3 18 210 M M 0 25 260
4 51 30 41 10 24 0 0.07 0.1 0 6.0 18 350 M M 5 1 24 340
5 30 21 26 -6 39 0 0.35 3.7 2 4.2 12 20 M M 10 18 15 350
6 24 15 20 -12 45 0 0.37 6.1 8 3.6 14 330 M M 10 12 19 320
7 28 1 15 -18 50 0 0.00 0.0 8 3.6 14 240 M M 0 18 240
8 27 6 17 -16 48 0 0.29 5.2 6 6.5 21 20 M M 6 12 25 30
9 11 -6 3 -31 62 0 0.18 1.8 9 6.1 14 60 M M 8 18 19 100
10 16 -15 1 -33 64 0 0.00 0.0 9 3.0 13 10 M M 2 15 10
11 24 -1 12 -22 53 0 0.00 0.0 7 2.7 9 240 M M 1 11 340
12 50 17 34 -1 31 0 0.00 0.0 7 10.2 31 250 M M 1 40 250
13 47 27 37 2 28 0 0.00 0.0 5 6.5 26 240 M M 1 38 240
14 47 23 35 -1 30 0 0.00 0.0 2 4.5 13 340 M M 0 16 330
15 57 29 43 7 22 0 0.00 0.0 1 4.0 14 130 M M 2 17 130
16 50 26 38 2 27 0 0.21 1.4 0 5.9 25 20 M M 4 12 31 30
17 40 16 28 -9 37 0 T T 1 4.6 15 230 M M 2 17 230
18 50 22 36 -1 29 0 0.00 0.0 0 4.7 13 230 M M 1 17 220
19 57 28 43 5 22 0 0.00 0.0 0 8.3 23 180 M M 0 30 200
20 58 26 42 4 23 0 0.41 2.5 3 10.1 31 230 M M 5 12 42 230
21 39 17 28 -10 37 0 T 0.3 3 4.9 13 230 M M 4 1 16 230
22 46 22 34 -4 31 0 T T 2 5.3 14 230 M M 4 18 340
23 60 24 42 3 23 0 0.00 0.0 0 5.8 15 130 M M 0 19 120
24 68 33 51 12 14 0 0.00 0.0 0 6.7 24 340 M M 1 33 350
25 63 30 47 8 18 0 0.00 0.0 0 6.5 15 230 M M 0 18 250
26 72 38 55 16 10 0 0.00 0.0 0 8.6 30 300 M M 0 41 310
27 73 36 55 15 10 0 0.00 0.0 0 5.2 17 250 M M 0 22 220
28 72 40 56 16 9 0 0.00 0.0 0 11.7 35 250 M M 1 50 200
29 53 29 41 1 24 0 0.01 0.1 0 10.7 26 70 M M 9 1 33 60
30 56 26 41 1 24 0 T T T 4.6 17 240 M M 3 19 240
31 53 29 41 1 24 0 0.00 0.0 0 5.2 18 10 M M 4 24 10
================================================================================
SM 1511 686 909 0 1.89 21.2 186.7 M 84
================================================================================
AV 48.7 22.1 6.0 FASTST M M 3 MAX(MPH)
MISC ----> 35 250 50 200
================================================================================
NOTES:
# LAST OF SEVERAL OCCURRENCES
COLUMN 17 PEAK WIND IN M.P.H.
PRELIMINARY LOCAL CLIMATOLOGICAL DATA (WS FORM: F-6) , PAGE 2
STATION: LANDER WY
MONTH: MARCH
YEAR: 2022
LATITUDE: 42 49 N
LONGITUDE: 108 44 W
[TEMPERATURE DATA] [PRECIPITATION DATA] SYMBOLS USED IN COLUMN 16
AVERAGE MONTHLY: 35.4 TOTAL FOR MONTH: 1.89 1 = FOG OR MIST
DPTR FM NORMAL: -0.6 DPTR FM NORMAL: 0.60 2 = FOG REDUCING VISIBILITY
HIGHEST: 73 ON 27 GRTST 24HR 0.54 ON 5- 6 TO 1/4 MILE OR LESS
LOWEST: -15 ON 10 3 = THUNDER
SNOW, ICE PELLETS, HAIL 4 = ICE PELLETS
TOTAL MONTH: 21.2 INCHES 5 = HAIL
GRTST 24HR 6.1 ON 6- 6 6 = FREEZING RAIN OR DRIZZLE
GRTST DEPTH: 9 ON 10, 9 7 = DUSTSTORM OR SANDSTORM:
VSBY 1/2 MILE OR LESS
8 = SMOKE OR HAZE
[NO. OF DAYS WITH] [WEATHER - DAYS WITH] 9 = BLOWING SNOW
X = TORNADO
MAX 32 OR BELOW: 7 0.01 INCH OR MORE: 8
MAX 90 OR ABOVE: 0 0.10 INCH OR MORE: 6
MIN 32 OR BELOW: 26 0.50 INCH OR MORE: 0
MIN 0 OR BELOW: 3 1.00 INCH OR MORE: 0
[HDD (BASE 65) ]
TOTAL THIS MO. 909 CLEAR (SCALE 0-3) 20
DPTR FM NORMAL 10 PTCLDY (SCALE 4-7) 7
TOTAL FM JUL 1 5731 CLOUDY (SCALE 8-10) 4
DPTR FM NORMAL -819
[CDD (BASE 65) ]
TOTAL THIS MO. 0
DPTR FM NORMAL 0 [PRESSURE DATA]
TOTAL FM JAN 1 0 HIGHEST SLP 30.42 ON 10
DPTR FM NORMAL 0 LOWEST SLP 29.44 ON 29
[REMARKS]
#FINAL-03-22#