000
CXUS55 KRIW 011010
CF6LND
PRELIMINARY LOCAL CLIMATOLOGICAL DATA (WS FORM: F-6)
STATION: LANDER WY
MONTH: MAY
YEAR: 2021
LATITUDE: 42 49 N
LONGITUDE: 108 44 W
TEMPERATURE IN F: :PCPN: SNOW: WIND :SUNSHINE: SKY :PK WND
================================================================================
1 2 3 4 5 6A 6B 7 8 9 10 11 12 13 14 15 16 17 18
12Z AVG MX 2MIN
DY MAX MIN AVG DEP HDD CDD WTR SNW DPTH SPD SPD DIR MIN PSBL S-S WX SPD DR
================================================================================
1 74 52 63 16 2 0 0.00 0.0 0 13.4 40 260 M M 1 56 260
2 56 32 44 -4 21 0 0.69 0.0 0 7.8 21 300 M M 8 1 27 300
3 47 32 40 -8 25 0 0.14 T 0 4.5 15 30 M M 10 12 18 30
4 56 36 46 -2 19 0 0.01 0.0 0 4.9 22 20 M M 6 29 20
5 64 36 50 1 15 0 0.00 0.0 0 6.2 14 250 M M 1 8 20 340
6 70 35 53 4 12 0 0.00 0.0 0 5.3 15 240 M M 0 19 240
7 82 40 61 12 4 0 0.00 0.0 0 8.5 18 340 M M 0 58 240
8 56 32 44 -6 21 0 0.00 0.0 0 13.2 35 350 M M 2 49 350
9 55 24 40 -10 25 0 0.02 0.0 0 6.0 25 10 M M 4 1 33 360
10 43 32 38 -13 27 0 0.58 0.9 0 6.6 15 110 M M 10 1 19 260
11 52 36 44 -7 21 0 0.01 T 0 6.5 21 230 M M 8 25 200
12 63 34 49 -2 16 0 0.00 0.0 0 4.3 12 230 M M 4 14 240
13 73 40 57 5 8 0 0.00 0.0 0 8.1 21 330 M M 2 35 300
14 68 43 56 4 9 0 T 0.0 0 7.1 16 160 M M 3 32 30
15 62 44 53 1 12 0 0.17 0.0 0 4.8 14 320 M M 6 M M
16 64 46 55 2 10 0 0.00 0.0 0 5.3 15 240 M M 5 19 260
17 75 44 60 7 5 0 0.00 0.0 0 7.6 20 220 M M 2 31 360
18 78 46 62 8 3 0 0.00 0.0 0 4.7 13 130 M M 0 19 230
19 78 45 62 8 3 0 0.00 0.0 0 10.2 44 220 M M 1 58 230
20 79 44 62 8 3 0 0.00 0.0 0 11.0 38 170 M M 2 47 170
21 45 36 41 -14 24 0 0.29 0.0 0 6.2 12 360 M M 10 1 16 20
22 48 35 42 -13 23 0 0.24 0.0 0 4.9 15 250 M M 10 1 20 90
23 57 42 50 -5 15 0 0.18 0.0 0 15.3 47 210 M M 5 1 69 220
24 62 34 48 -8 17 0 0.00 0.0 0 8.9 29 250 M M 2 36 260
25 70 41 56 0 9 0 T 0.0 0 5.2 28 220 M M 1 40 220
26 67 42 55 -1 10 0 0.10 0.0 0 10.5 28 310 M M 4 3 40 240
27 71 37 54 -3 11 0 0.00 0.0 0 4.4 15 240 M M 0 17 240
28 74 46 60 3 5 0 0.00 0.0 0 11.5 37 300 M M 0 48 310
29 70 44 57 0 8 0 0.00 0.0 0 6.3 16 20 M M 2 23 20
30 69 47 58 0 7 0 0.00 0.0 0 4.3 14 140 M M 4 18 130
31 76 43 60 2 5 0 0.00 0.0 0 4.7 13 230 M M 0 16 240
================================================================================
SM 2004 1220 395 0 2.43 0.9 228.2 M 113
================================================================================
AV 64.6 39.4 7.4 FASTST M M 4 MAX(MPH)
MISC ----> 47 210 69 220
================================================================================
NOTES:
# LAST OF SEVERAL OCCURRENCES
COLUMN 17 PEAK WIND IN M.P.H.
PRELIMINARY LOCAL CLIMATOLOGICAL DATA (WS FORM: F-6) , PAGE 2
STATION: LANDER WY
MONTH: MAY
YEAR: 2021
LATITUDE: 42 49 N
LONGITUDE: 108 44 W
[TEMPERATURE DATA] [PRECIPITATION DATA] SYMBOLS USED IN COLUMN 16
AVERAGE MONTHLY: 52.0 TOTAL FOR MONTH: 2.43 1 = FOG OR MIST
DPTR FM NORMAL: -0.8 DPTR FM NORMAL: -0.25 2 = FOG REDUCING VISIBILITY
HIGHEST: 82 ON 7 GRTST 24HR 0.83 ON 2- 3 TO 1/4 MILE OR LESS
LOWEST: 24 ON 9 3 = THUNDER
SNOW, ICE PELLETS, HAIL 4 = ICE PELLETS
TOTAL MONTH: 0.9 INCH 5 = HAIL
GRTST 24HR 0.9 ON 10-10 6 = FREEZING RAIN OR DRIZZLE
GRTST DEPTH: 0 7 = DUSTSTORM OR SANDSTORM:
VSBY 1/2 MILE OR LESS
8 = SMOKE OR HAZE
[NO. OF DAYS WITH] [WEATHER - DAYS WITH] 9 = BLOWING SNOW
X = TORNADO
MAX 32 OR BELOW: 0 0.01 INCH OR MORE: 11
MAX 90 OR ABOVE: 0 0.10 INCH OR MORE: 8
MIN 32 OR BELOW: 5 0.50 INCH OR MORE: 2
MIN 0 OR BELOW: 0 1.00 INCH OR MORE: 0
[HDD (BASE 65) ]
TOTAL THIS MO. 395 CLEAR (SCALE 0-3) 17
DPTR FM NORMAL 10 PTCLDY (SCALE 4-7) 10
TOTAL FM JUL 1 7457 CLOUDY (SCALE 8-10) 4
DPTR FM NORMAL -131
[CDD (BASE 65) ]
TOTAL THIS MO. 0
DPTR FM NORMAL -5 [PRESSURE DATA]
TOTAL FM JAN 1 0 HIGHEST SLP 30.27 ON 6
DPTR FM NORMAL -5 LOWEST SLP 29.35 ON 20
[REMARKS]
#FINAL-05-21#