000
CXUS53 KLMK 010800
CF6LOU
PRELIMINARY LOCAL CLIMATOLOGICAL DATA (WS FORM: F-6)
STATION: LOUISVILLE BOWMAN KY
MONTH: OCTOBER
YEAR: 2020
LATITUDE: 38 13 N
LONGITUDE: 85 40 W
TEMPERATURE IN F: :PCPN: SNOW: WIND :SUNSHINE: SKY :PK WND
================================================================================
1 2 3 4 5 6A 6B 7 8 9 10 11 12 13 14 15 16 17 18
12Z AVG MX 2MIN
DY MAX MIN AVG DEP HDD CDD WTR SNW DPTH SPD SPD DIR MIN PSBL S-S WX SPD DR
================================================================================
1 71 48 60 -3 5 0 T M M 4.6 18 280 M M 4 27 310
2 65 40 53 -10 12 0 0.00 M M 2.4 10 350 M M 4 16 350
3 68 43 56 -6 9 0 0.01 M M 1.7 10 180 M M 4 18 14 190
4 67 45 56 -6 9 0 T M M 4.5 14 300 M M 8 20 340
5 66 38 52 -10 13 0 0.00 M M 1.7 8 100 M M 1 12 12 100
6 74 40 57 -4 8 0 0.00 M M 4.5 15 190 M M 0 20 180
7 84 53 69 8 0 4 0.00 M M 7.0 16 240 M M 0 22 250
8 82 52 67 7 0 2 0.00 M M 1.7 9 120 M M 0 12 150
9 82 51 67 7 0 2 0.00 M M 5.2 16 200 M M 0 23 200
10 75 66 71 11 0 6 T M M 5.5 10 170 M M 7 13 170
11 80 67 74 14 0 9 T M M 8.6 21 60 M M 8 27 60
12 81 56 69 10 0 4 0.03 M M 8.4 29 310 M M 9 1 43 300
13 72 44 58 -1 7 0 0.00 M M 1.7 9 230 M M 0 128 14 240
14 80 46 63 4 2 0 0.00 M M 7.2 17 200 M M 0 23 180
15 71 50 61 3 4 0 0.05 M M 6.4 17 190 M M 5 26 210
16 59 37 48 -10 17 0 0.00 M M 3.7 16 280 M M 0 22 230
17 65 35 50 -8 15 0 0.00 M M 4.7 14 160 M M 0 20 180
18 61 49 55 -3 10 0 0.03 M M 6.6 15 190 M M 10 1 22 180
19 65 56 61 4 4 0 1.26 M M 3.7 12 160 M M 9 1 17 170
20 65 54 60 3 5 0 1.18 M M 3.0 12 150 M M 9 13 15 160
21 81 60 71 14 0 6 0.00 M M 4.9 14 220 M M 2 1 18 200
22 83 57 70 14 0 5 0.00 M M 4.1 15 170 M M 2 1 21 220
23 80 51 66 10 0 1 0.29 M M 8.8 21 290 M M 4 13 30 290
24 57 48 53 -3 12 0 T M M 8.4 14 50 M M 10 20 330
25 52 47 50 -6 15 0 0.02 M M 5.6 12 40 M M 10 18 16 40
26 54 50 52 -3 13 0 0.01 M M 3.4 10 20 M M 10 18 13 20
27 56 48 52 -3 13 0 0.01 M M 3.8 9 90 M M 9 18 12 100
28 59 51 55 0 10 0 0.31 M M 4.8 10 20 M M 10 18 13 150
29 59 46 53 -1 12 0 2.19 M M 8.0 18 250 M M 10 1 25 260
30 55 38 47 -7 18 0 0.00 M M 5.1 12 310 M M 6 20 310
31 62 33 48 -6 17 0 0.00 M M 3.5 14 170 M M 0 1 18 130
================================================================================
SM 2131 1499 230 39 5.39 M 153.2 M 151
================================================================================
AV 68.7 48.4 4.9 FASTST M M 5 MAX(MPH)
MISC ----> # 29 310 # 43 300
================================================================================
NOTES:
# LAST OF SEVERAL OCCURRENCES
COLUMN 17 PEAK WIND IN M.P.H.
PRELIMINARY LOCAL CLIMATOLOGICAL DATA (WS FORM: F-6) , PAGE 2
STATION: LOUISVILLE BOWMAN KY
MONTH: OCTOBER
YEAR: 2020
LATITUDE: 38 13 N
LONGITUDE: 85 40 W
[TEMPERATURE DATA] [PRECIPITATION DATA] SYMBOLS USED IN COLUMN 16
AVERAGE MONTHLY: 58.6 TOTAL FOR MONTH: 5.39 1 = FOG OR MIST
DPTR FM NORMAL: 0.3 DPTR FM NORMAL: 2.17 2 = FOG REDUCING VISIBILITY
HIGHEST: 84 ON 7 GRTST 24HR 2.19 ON 29-29 TO 1/4 MILE OR LESS
LOWEST: 33 ON 31 3 = THUNDER
SNOW, ICE PELLETS, HAIL 4 = ICE PELLETS
TOTAL MONTH: M 5 = HAIL
GRTST 24HR M ON M 6 = FREEZING RAIN OR DRIZZLE
GRTST DEPTH: M ON M 7 = DUSTSTORM OR SANDSTORM:
VSBY 1/2 MILE OR LESS
8 = SMOKE OR HAZE
[NO. OF DAYS WITH] [WEATHER - DAYS WITH] 9 = BLOWING SNOW
X = TORNADO
MAX 32 OR BELOW: 0 0.01 INCH OR MORE: 12
MAX 90 OR ABOVE: 0 0.10 INCH OR MORE: 5
MIN 32 OR BELOW: 0 0.50 INCH OR MORE: 3
MIN 0 OR BELOW: 0 1.00 INCH OR MORE: 3
[HDD (BASE 65) ]
TOTAL THIS MO. 230 CLEAR (SCALE 0-3) 12
DPTR FM NORMAL -10 PTCLDY (SCALE 4-7) 8
TOTAL FM JUL 1 263 CLOUDY (SCALE 8-10) 11
DPTR FM NORMAL -13
[CDD (BASE 65) ]
TOTAL THIS MO. 39
DPTR FM NORMAL 10 [PRESSURE DATA]
TOTAL FM JAN 1 1531 HIGHEST SLP 30.40 ON 31
DPTR FM NORMAL 89 LOWEST SLP 29.54 ON 29
[REMARKS]
#FINAL-10-20#