000
CXUS53 KLMK 010710
CF6LOU
PRELIMINARY LOCAL CLIMATOLOGICAL DATA (WS FORM: F-6)
STATION: LOUISVILLE BOWMAN KY
MONTH: OCTOBER
YEAR: 2023
LATITUDE: 38 13 N
LONGITUDE: 85 39 W
TEMPERATURE IN F: :PCPN: SNOW: WIND :SUNSHINE: SKY :PK WND
================================================================================
1 2 3 4 5 6A 6B 7 8 9 10 11 12 13 14 15 16 17 18
12Z AVG MX 2MIN
DY MAX MIN AVG DEP HDD CDD WTR SNW DPTH SPD SPD DIR MIN PSBL S-S WX SPD DR
================================================================================
1 84 57 71 6 0 6 0.00 M M 4.7 15 50 M M 0 1 20 80
2 87 56 72 8 0 7 0.00 M M 2.2 12 120 M M 0 1 14 120
3 87 57 72 8 0 7 0.00 M M 2.2 9 160 M M 0 15 160
4 86 58 72 9 0 7 0.00 M M 5.1 18 170 M M 0 25 150
5 77 61 69 6 0 4 0.34 M M 6.1 16 230 M M 6 18 23 240
6 75 50 63 0 2 0 0.01 M M 6.5 22 300 M M 4 1 35 310
7 63 44 54 -8 11 0 0.00 M M 7.9 17 280 M M 1 8 27 270
8 63 43 53 -9 12 0 0.00 M M 5.0 16 300 M M 6 24 290
9 69 42 56 -6 9 0 0.00 M M 4.0 17 250 M M 3 24 250
10 67 38 53 -8 12 0 0.00 M M 3.2 17 220 M M 1 23 210
11 68 39 54 -7 11 0 0.00 M M 4.2 13 160 M M 2 16 180
12 80 50 65 5 0 0 0.00 M M 2.3 7 60 M M 1 10 210
13 78 50 64 4 1 0 0.15 M M 5.5 17 150 M M 4 1 24 160
14 65 52 59 -1 6 0 0.06 M M 9.4 17 260 M M 9 1 24 280
15 58 50 54 -5 11 0 T M M 7.7 14 340 M M 10 26 300
16 56 46 51 -8 14 0 0.10 M M 5.4 13 350 M M 10 1 19 360
17 55 43 49 -9 16 0 0.00 M M 3.0 9 130 M M 9 13 320
18 67 39 53 -5 12 0 0.00 M M 4.8 15 160 M M 0 1 20 140
19 62 53 58 0 7 0 0.44 M M 7.3 17 210 M M 6 18 30 210
20 61 43 52 -5 13 0 0.30 M M 8.0 22 280 M M 7 1 30 300
21 75 39 57 0 8 0 0.00 M M 8.0 24 230 M M 0 33 230
22 62 41 52 -4 13 0 0.00 M M 4.8 16 10 M M 2 23 340
23 71 35 53 -3 12 0 0.00 M M 1.6 9 160 M M 0 13 140
24 75 47 61 5 4 0 0.00 M M 4.8 13 200 M M 0 17 180
25 77 54 66 11 0 1 0.00 M M 5.9 16 220 M M 1 23 220
26 79 61 70 15 0 5 T M M 8.1 21 190 M M 2 27 180
27 76 64 70 16 0 5 0.14 M M 9.7 18 200 M M 9 1 25 210
28 67 56 62 8 3 0 0.34 M M 4.5 13 310 M M 10 1 17 310
29 60 54 57 3 8 0 0.60 M M 3.5 12 320 M M 10 1 18 320
30 54 32 43 -10 22 0 0.80 M M 5.7 14 300 M M 8 1 22 320
31 46 27 37 -16 28 0 0.00 M M 7.3 20 290 M M 3 28 320
================================================================================
SM 2150 1481 235 42 3.28 M 168.4 M 124
================================================================================
AV 69.4 47.8 5.4 FASTST M M 4 MAX(MPH)
MISC ----> 24 230 35 310
================================================================================
NOTES:
# LAST OF SEVERAL OCCURRENCES
COLUMN 17 PEAK WIND IN M.P.H.
PRELIMINARY LOCAL CLIMATOLOGICAL DATA (WS FORM: F-6) , PAGE 2
STATION: LOUISVILLE BOWMAN KY
MONTH: OCTOBER
YEAR: 2023
LATITUDE: 38 13 N
LONGITUDE: 85 39 W
[TEMPERATURE DATA] [PRECIPITATION DATA] SYMBOLS USED IN COLUMN 16
AVERAGE MONTHLY: 58.6 TOTAL FOR MONTH: 3.28 1 = FOG OR MIST
DPTR FM NORMAL: -0.2 DPTR FM NORMAL: -0.37 2 = FOG REDUCING VISIBILITY
HIGHEST: 87 ON 3, 2 GRTST 24HR 1.19 ON 29-30 TO 1/4 MILE OR LESS
LOWEST: 27 ON 31 3 = THUNDER
SNOW, ICE PELLETS, HAIL 4 = ICE PELLETS
TOTAL MONTH: M 5 = HAIL
GRTST 24HR M ON M 6 = FREEZING RAIN OR DRIZZLE
GRTST DEPTH: M ON M 7 = DUSTSTORM OR SANDSTORM:
VSBY 1/2 MILE OR LESS
8 = SMOKE OR HAZE
[NO. OF DAYS WITH] [WEATHER - DAYS WITH] 9 = BLOWING SNOW
X = TORNADO
MAX 32 OR BELOW: 0 0.01 INCH OR MORE: 11
MAX 90 OR ABOVE: 0 0.10 INCH OR MORE: 9
MIN 32 OR BELOW: 2 0.50 INCH OR MORE: 2
MIN 0 OR BELOW: 0 1.00 INCH OR MORE: 0
[HDD (BASE 65) ]
TOTAL THIS MO. 235 CLEAR (SCALE 0-3) 17
DPTR FM NORMAL 3 PTCLDY (SCALE 4-7) 6
TOTAL FM JUL 1 236 CLOUDY (SCALE 8-10) 8
DPTR FM NORMAL -28
[CDD (BASE 65) ]
TOTAL THIS MO. 42
DPTR FM NORMAL 4 [PRESSURE DATA]
TOTAL FM JAN 1 1255 HIGHEST SLP M ON M
DPTR FM NORMAL -286 LOWEST SLP 29.61 ON 21
[REMARKS]
#FINAL-10-23#