000
CXUS54 KLZK 131129
CF6LRF
PRELIMINARY LOCAL CLIMATOLOGICAL DATA (WS FORM: F-6)
STATION: Jacksonville/Little Rock AFB
MONTH: SEPTEMBER
YEAR: 2020
LATITUDE: 34 55 N
LONGITUDE: 92 9 W
TEMPERATURE IN F: :PCPN: SNOW: WIND :SUNSHINE: SKY :PK WND
================================================================================
1 2 3 4 5 6A 6B 7 8 9 10 11 12 13 14 15 16 17 18
12Z AVG MX 2MIN
DY MAX MIN AVG DEP HDD CDD WTR SNW DPTH SPD SPD DIR MIN PSBL S-S WX SPD DR
================================================================================
1 84 70 77 -1 0 12 1.04 0.0 0 2.8 7 240 M M 5 13 M M
2 80 71 76 -2 0 11 0.11 0.0 0 2.2 7 260 M M 10 1 M M
3 84 72 78 0 0 13 T 0.0 0 3.5 9 250 M M 6 M M
4 87 71 79 2 0 14 0.01 0.0 0 4.2 10 20 M M 2 M M
5 86 64 75 -2 0 10 0.00 0.0 0 1.6 6 60 M M 1 M M
6 91 60 76 -1 0 11 0.00 0.0 0 2.3 8 190 M M 0 M M
7 91 63 77 0 0 12 0.00 0.0 0 3.8 12 190 M M 0 M M
8 90 67 79 3 0 14 0.00 0.0 0 3.1 9 100 M M 1 M M
9 90 65 78 2 0 13 0.00 0.0 0 2.2 9 100 M M 3 M M
10 91 66 79 3 0 14 0.00 0.0 0 2.1 6 70 M M 2 M M
11 88 70 79 4 0 14 0.00 0.0 0 2.2 7 60 M M 2 M M
12 91 67 79 4 0 14 0.00 0.0 M 1.9 8 290 M M 2 M M
13 86 68 77 2 0 12 0.00 0.0 0 3.6 10 40 M M 5 12 M M
14 87 66 77 2 0 12 0.00 0.0 0 9.1 14 60 M M 3 21 60
15 87 63 75 1 0 10 0.00 0.0 0 5.7 10 40 M M 1 M M
16 88 64 76 2 0 11 0.00 0.0 0 3.9 9 40 M M 2 M M
17 85 66 76 2 0 11 0.00 0.0 0 4.0 10 10 M M 1 M M
18 81 59 70 -3 0 5 0.00 0.0 0 7.5 13 30 M M 0 16 30
19 77 52 65 -8 0 0 0.00 0.0 0 6.2 13 30 M M 0 17 70
20 82 54 68 -5 0 3 0.00 0.0 0 6.1 10 80 M M 1 M M
21 78 56 67 -5 0 2 0.00 0.0 0 5.5 9 80 M M 5 M M
22 69 60 65 -7 0 0 0.58 0.0 0 4.8 8 50 M M 9 M M
23 62 57 60 -12 5 0 0.89 0.0 0 10.1 14 60 M M 10 1 M M
24 68 55 62 -10 3 0 T 0.0 0 4.1 10 20 M M 8 1 M M
25 76 55 66 -5 0 1 0.00 0.0 0 1.4 5 120 M M 7 M M
26 76 53 65 -6 0 0 0.00 0.0 0 3.2 10 190 M M 3 1 M M
27 85 55 70 -1 0 5 0.00 0.0 0 4.0 12 220 M M 4 12 M M
28 75 52 64 -6 1 0 0.25 0.0 0 4.2 7 360 M M 7 3 M M
29 74 48 61 -9 4 0 0.00 0.0 0 6.0 10 270 M M 1 18 280
30 85 46 66 -4 0 1 0.00 0.0 0 5.8 14 200 M M 0 M M
================================================================================
SM 2474 1835 13 225 2.88 0.0 127.1 M 101
================================================================================
AV 82.5 61.2 4.2 FASTST M M 3 MAX(MPH)
MISC ----> # 14 60 # 21 60
================================================================================
NOTES:
# LAST OF SEVERAL OCCURRENCES
COLUMN 17 PEAK WIND IN M.P.H.
PRELIMINARY LOCAL CLIMATOLOGICAL DATA (WS FORM: F-6) , PAGE 2
STATION: Jacksonville/Little Rock AFB
MONTH: SEPTEMBER
YEAR: 2020
LATITUDE: 34 55 N
LONGITUDE: 92 9 W
[TEMPERATURE DATA] [PRECIPITATION DATA] SYMBOLS USED IN COLUMN 16
AVERAGE MONTHLY: 71.8 TOTAL FOR MONTH: 2.88 1 = FOG OR MIST
DPTR FM NORMAL: -2.2 DPTR FM NORMAL: M 2 = FOG REDUCING VISIBILITY
HIGHEST: 91 ON 12,10 GRTST 24HR 1.04 ON 1- 1 TO 1/4 MILE OR LESS
LOWEST: 46 ON 30 3 = THUNDER
SNOW, ICE PELLETS, HAIL 4 = ICE PELLETS
TOTAL MONTH: 0.0 INCH 5 = HAIL
GRTST 24HR 0.0 6 = FREEZING RAIN OR DRIZZLE
GRTST DEPTH: 0 7 = DUSTSTORM OR SANDSTORM:
VSBY 1/2 MILE OR LESS
8 = SMOKE OR HAZE
[NO. OF DAYS WITH] [WEATHER - DAYS WITH] 9 = BLOWING SNOW
X = TORNADO
MAX 32 OR BELOW: 0 0.01 INCH OR MORE: 6
MAX 90 OR ABOVE: 6 0.10 INCH OR MORE: 5
MIN 32 OR BELOW: 0 0.50 INCH OR MORE: 3
MIN 0 OR BELOW: 0 1.00 INCH OR MORE: 1
[HDD (BASE 65) ]
TOTAL THIS MO. 13 CLEAR (SCALE 0-3) 19
DPTR FM NORMAL -5 PTCLDY (SCALE 4-7) 8
TOTAL FM JUL 1 13 CLOUDY (SCALE 8-10) 3
DPTR FM NORMAL -16
[CDD (BASE 65) ]
TOTAL THIS MO. 225
DPTR FM NORMAL -53 [PRESSURE DATA]
TOTAL FM JAN 1 1640 HIGHEST SLP M ON M
DPTR FM NORMAL -309 LOWEST SLP M ON M
[REMARKS]
#FINAL-09-20#