000
CXUS54 KEPZ 011130
CF6LRU
PRELIMINARY LOCAL CLIMATOLOGICAL DATA (WS FORM: F-6)
STATION: LAS CRUCES
MONTH: NOVEMBER
YEAR: 2020
LATITUDE: 32 17 N
LONGITUDE: 106 46 W
TEMPERATURE IN F: :PCPN: SNOW: WIND :SUNSHINE: SKY :PK WND
================================================================================
1 2 3 4 5 6A 6B 7 8 9 10 11 12 13 14 15 16 17 18
12Z AVG MX 2MIN
DY MAX MIN AVG DEP HDD CDD WTR SNW DPTH SPD SPD DIR MIN PSBL S-S WX SPD DR
================================================================================
1 73 52 63 M 2 0 0.00 M M 7.8 14 130 M M 0 22 140
2 73 41 57 M 8 0 0.00 M M 3.3 8 120 M M 0 M M
3 75 40 58 M 7 0 0.00 M M 2.5 8 110 M M 0 M M
4 80 44 62 M 3 0 0.00 M M 2.8 7 330 M M 0 M M
5 83 48 66 M 0 1 0.00 M M 7.0 13 340 M M 0 21 100
6 80 47 64 M 1 0 0.00 M M 6.4 14 150 M M 0 21 150
7 81 50 66 M 0 1 0.00 M M 12.5 25 230 M M 2 35 230
8 75 52 64 M 1 0 0.00 M M 17.3 33 210 M M 5 8 46 230
9 65 43 54 M 11 0 0.00 M M 13.5 25 280 M M 2 35 280
10 59 32 46 M 19 0 0.00 M M 7.4 16 240 M M 0 20 240
11 64 32 48 M 17 0 0.00 M M 4.3 12 280 M M 0 M M
12 67 35 51 M 14 0 0.00 M M 2.7 9 280 M M 0 M M
13 72 39 56 M 9 0 0.00 M M 5.0 10 250 M M 0 M M
14 70 37 54 M 11 0 0.00 M M 15.1 30 260 M M 0 39 260
15 67 37 52 M 13 0 0.00 M M 4.3 13 330 M M 0 M M
16 74 36 55 M 10 0 0.00 M M 4.9 8 360 M M 0 M M
17 76 40 58 M 7 0 0.00 M M 6.1 10 140 M M 0 M M
18 79 42 61 M 4 0 0.00 M M 4.3 9 160 M M 1 M M
19 82 45 64 M 1 0 0.00 M M 5.3 13 240 M M 0 17 260
20 80 46 63 M 2 0 0.00 M M 4.1 8 150 M M 0 16 140
21 76 45 61 M 4 0 0.00 M M 4.6 8 140 M M 0 8 M M
22 76 43 60 M 5 0 0.00 M M 8.8 20 110 M M 0 26 120
23 74 44 59 M 6 0 0.00 M M 9.9 18 200 M M 0 30 220
24 62 43 53 M 12 0 0.00 M M 16.3 33 260 M M 0 8 44 260
25 64 29 47 M 18 0 0.00 M M 7.0 14 240 M M 0 20 250
26 66 35 51 M 14 0 0.00 M M 8.0 17 260 M M 0 22 260
27 66 32 49 M 16 0 0.00 M M 8.7 22 280 M M 1 8 30 260
28 55 35 45 M 20 0 0.00 M M 7.8 13 350 M M 0 20 360
29 60 29 45 M 20 0 0.00 M M 8.0 14 340 M M 0 18 340
30 52 26 39 M 26 0 0.00 M M 3.5 10 110 M M 0 M M
================================================================================
SM 2126 1199 281 2 0.00 M 219.1 M 11
================================================================================
AV 70.9 40.0 7.3 FASTST M M 0 MAX(MPH)
MISC ----> 33 210 46 230
================================================================================
NOTES:
# LAST OF SEVERAL OCCURRENCES
COLUMN 17 PEAK WIND IN M.P.H.
PRELIMINARY LOCAL CLIMATOLOGICAL DATA (WS FORM: F-6) , PAGE 2
STATION: LAS CRUCES
MONTH: NOVEMBER
YEAR: 2020
LATITUDE: 32 17 N
LONGITUDE: 106 46 W
[TEMPERATURE DATA] [PRECIPITATION DATA] SYMBOLS USED IN COLUMN 16
AVERAGE MONTHLY: 55.4 TOTAL FOR MONTH: 0.00 1 = FOG OR MIST
DPTR FM NORMAL: 0.0 DPTR FM NORMAL: M 2 = FOG REDUCING VISIBILITY
HIGHEST: 83 ON 5 GRTST 24HR 0.00 ON 1- 1 TO 1/4 MILE OR LESS
LOWEST: 26 ON 30 3 = THUNDER
SNOW, ICE PELLETS, HAIL 4 = ICE PELLETS
TOTAL MONTH: M 5 = HAIL
GRTST 24HR M ON M 6 = FREEZING RAIN OR DRIZZLE
GRTST DEPTH: M ON M 7 = DUSTSTORM OR SANDSTORM:
VSBY 1/2 MILE OR LESS
8 = SMOKE OR HAZE
[NO. OF DAYS WITH] [WEATHER - DAYS WITH] 9 = BLOWING SNOW
X = TORNADO
MAX 32 OR BELOW: 0 0.01 INCH OR MORE: 0
MAX 90 OR ABOVE: 0 0.10 INCH OR MORE: 0
MIN 32 OR BELOW: 6 0.50 INCH OR MORE: 0
MIN 0 OR BELOW: 0 1.00 INCH OR MORE: 0
[HDD (BASE 65) ]
TOTAL THIS MO. 281 CLEAR (SCALE 0-3) 29
DPTR FM NORMAL M PTCLDY (SCALE 4-7) 1
TOTAL FM JUL 1 414 CLOUDY (SCALE 8-10) 0
DPTR FM NORMAL M
[CDD (BASE 65) ]
TOTAL THIS MO. 2
DPTR FM NORMAL M [PRESSURE DATA]
TOTAL FM JAN 1 2384 HIGHEST SLP M ON M
DPTR FM NORMAL M LOWEST SLP M ON M
[REMARKS]
#FINAL-11-20#