000
CXUS54 KFWD 010830
CF6LUD
PRELIMINARY LOCAL CLIMATOLOGICAL DATA (WS FORM: F-6)
STATION: DECATUR
MONTH: JANUARY
YEAR: 2022
LATITUDE: 33 15 N
LONGITUDE: 97 30 W
TEMPERATURE IN F: :PCPN: SNOW: WIND :SUNSHINE: SKY :PK WND
================================================================================
1 2 3 4 5 6A 6B 7 8 9 10 11 12 13 14 15 16 17 18
12Z AVG MX 2MIN
DY MAX MIN AVG DEP HDD CDD WTR SNW DPTH SPD SPD DIR MIN PSBL S-S WX SPD DR
================================================================================
1 68 19 44 2 21 0 0.02 M M 9.2 17 330 M M 7 1 30 260
2 37 15 26 -16 39 0 0.00 M M 9.0 18 320 M M 2 28 320
3 56 26 41 -1 24 0 0.00 M M 4.8 12 160 M M 0 20 200
4 64 33 49 7 16 0 0.00 M M 11.3 15 190 M M 0 23 210
5 57 36 47 5 18 0 0.00 M M 7.5 17 40 M M 0 25 60
6 37 23 30 -12 35 0 0.00 M M 7.6 13 360 M M 0 24 360
7 44 18 31 -11 34 0 0.00 M M 7.3 13 160 M M 4 21 140
8 60 42 51 9 14 0 0.00 M M 11.1 16 170 M M 10 12 23 190
9 60 36 48 6 17 0 0.00 M M 10.4 16 10 M M 4 1 24 350
10 54 26 40 -2 25 0 0.00 M M 2.3 8 20 M M 0 M M
11 57 37 47 5 18 0 0.00 M M 5.1 14 220 M M 0 21 200
12 64 37 51 9 14 0 0.00 M M 5.5 12 230 M M 0 M M
13 74 39 57 15 8 0 0.00 M M 4.8 8 330 M M 0 M M
14 75 44 60 18 5 0 0.00 M M 8.7 24 330 M M 0 35 320
15 44 30 37 -5 28 0 0.00 M M 17.3 28 330 M M 6 40 330
16 53 24 39 -3 26 0 0.00 M M 4.4 12 320 M M 0 16 320
17 62 35 49 7 16 0 0.00 M M 5.6 10 160 M M 0 16 170
18 76 45 61 19 4 0 0.00 M M 13.1 17 210 M M 0 24 200
19 62 30 46 4 19 0 0.00 M M 11.7 20 360 M M 4 29 360
20 34 20 27 -15 38 0 0.00 M M 10.9 16 360 M M 5 28 20
21 42 17 30 -12 35 0 0.00 M M 3.6 7 120 M M 2 M M
22 51 24 38 -4 27 0 0.00 M M 3.4 9 180 M M 0 M M
23 64 34 49 7 16 0 0.00 M M 6.9 12 280 M M 0 18 280
24 57 41 49 7 16 0 0.00 M M 5.7 9 190 M M 1 2 M M
25 55 34 45 3 20 0 0.00 M M 10.0 16 60 M M 1 12 23 60
26 47 25 36 -6 29 0 0.00 M M 5.3 13 50 M M 1 17 40
27 49 33 41 -2 24 0 0.00 M M 3.0 8 330 M M 6 M M
28 55 27 41 -2 24 0 0.00 M M 5.7 13 290 M M 0 1 21 290
29 67 36 52 9 13 0 0.00 M M 7.9 14 250 M M 0 21 260
30 69 42 56 13 9 0 0.00 M M 7.7 12 180 M M 0 16 260
31 69 45 57 14 8 0 0.00 M M 8.6 17 180 M M 1 24 180
================================================================================
SM 1763 973 640 0 0.02 M 235.2 M 54
================================================================================
AV 56.9 31.4 7.6 FASTST M M 2 MAX(MPH)
MISC ----> 28 330 40 330
================================================================================
NOTES:
# LAST OF SEVERAL OCCURRENCES
COLUMN 17 PEAK WIND IN M.P.H.
PRELIMINARY LOCAL CLIMATOLOGICAL DATA (WS FORM: F-6) , PAGE 2
STATION: DECATUR
MONTH: JANUARY
YEAR: 2022
LATITUDE: 33 15 N
LONGITUDE: 97 30 W
[TEMPERATURE DATA] [PRECIPITATION DATA] SYMBOLS USED IN COLUMN 16
AVERAGE MONTHLY: 44.1 TOTAL FOR MONTH: 0.02 1 = FOG OR MIST
DPTR FM NORMAL: 2.1 DPTR FM NORMAL: -1.72 2 = FOG REDUCING VISIBILITY
HIGHEST: 76 ON 18 GRTST 24HR 0.02 ON 1- 1 TO 1/4 MILE OR LESS
LOWEST: 15 ON 2 3 = THUNDER
SNOW, ICE PELLETS, HAIL 4 = ICE PELLETS
TOTAL MONTH: M 5 = HAIL
GRTST 24HR M ON M 6 = FREEZING RAIN OR DRIZZLE
GRTST DEPTH: M ON M 7 = DUSTSTORM OR SANDSTORM:
VSBY 1/2 MILE OR LESS
8 = SMOKE OR HAZE
[NO. OF DAYS WITH] [WEATHER - DAYS WITH] 9 = BLOWING SNOW
X = TORNADO
MAX 32 OR BELOW: 0 0.01 INCH OR MORE: 1
MAX 90 OR ABOVE: 0 0.10 INCH OR MORE: 0
MIN 32 OR BELOW: 14 0.50 INCH OR MORE: 0
MIN 0 OR BELOW: 0 1.00 INCH OR MORE: 0
[HDD (BASE 65) ]
TOTAL THIS MO. 640 CLEAR (SCALE 0-3) 23
DPTR FM NORMAL -73 PTCLDY (SCALE 4-7) 7
TOTAL FM JUL 1 1123 CLOUDY (SCALE 8-10) 1
DPTR FM NORMAL -730
[CDD (BASE 65) ]
TOTAL THIS MO. 0
DPTR FM NORMAL 0 [PRESSURE DATA]
TOTAL FM JAN 1 0 HIGHEST SLP M ON M
DPTR FM NORMAL 0 LOWEST SLP M ON M
[REMARKS]
#FINAL-01-22#