000
CXUS53 KTOP 011415
CLMLWC
CLIMATE REPORT
NATIONAL WEATHER SERVICE TOPEKA KS
915 AM CDT SAT JUL 01 2023
...................................
...THE LAWRENCE KS CLIMATE SUMMARY FOR THE MONTH OF JUNE 2023...
CLIMATE NORMAL PERIOD 1991 TO 2020
CLIMATE RECORD PERIOD 9999 TO 9999
WEATHER OBSERVED NORMAL DEPART LAST YEAR`S
VALUE DATE(S) VALUE FROM VALUE
NORMAL
..............................................................
TEMPERATURE (F)
HIGHEST 100 06/29 99
06/30
LOWEST 54 06/26 50
AVG. MAXIMUM 89.1 86.4 2.7 88.2
AVG. MINIMUM 62.6 63.7 -1.1 65.2
MEAN 75.9 75.1 0.8 76.7
DAYS MAX >= 90 18 10.5 7.5 15
DAYS MAX <= 32 0 0.0 0.0 0
DAYS MIN <= 32 0 0.0 0.0 0
DAYS MIN <= 0 0 0.0 0.0 0
PRECIPITATION (INCHES)
TOTALS 0.58R 4.77 -4.19 2.74
DAILY AVG. 0.02 0.09
DAYS >= .01 2 15
DAYS >= .10 1 9
DAYS >= .50 1 1
DAYS >= 1.00 0 0
GREATEST
24 HR. TOTAL 2.12 05/31 TO 05/31 2.39
DEGREE DAYS
HEATING TOTAL 0 6 -6 5
SINCE 7/1 4827 4999 -172 MM
COOLING TOTAL 301 307 -6 363
SINCE 1/1 449 443 6 MM
..............................................................
WIND (MPH)
AVERAGE WIND SPEED 5.0
HIGHEST WIND SPEED/DIRECTION 28/320 DATE 06/30
HIGHEST GUST SPEED/DIRECTION 35/320 DATE 06/30
SKY COVER
POSSIBLE SUNSHINE (PERCENT) MM
AVERAGE SKY COVER 0.11
NUMBER OF DAYS FAIR 27
NUMBER OF DAYS PC 1
NUMBER OF DAYS CLOUDY 1
AVERAGE RH (PERCENT) 67
WEATHER CONDITIONS. NUMBER OF DAYS WITH
THUNDERSTORM 7 MIXED PRECIP 0
HEAVY RAIN 1 RAIN 2
LIGHT RAIN 5 FREEZING RAIN 0
LT FREEZING RAIN 0 HAIL 0
HEAVY SNOW 0 SNOW 0
LIGHT SNOW 0 SLEET 0
FOG 23 FOG W/VIS <= 1/4 MILE 3
HAZE 22
- INDICATES NEGATIVE NUMBERS.
R INDICATES RECORD WAS SET OR TIED.
MM INDICATES DATA IS MISSING.
T INDICATES TRACE AMOUNT.
$$