792
CXUS55 KPUB 011310
CF6LXV
PRELIMINARY LOCAL CLIMATOLOGICAL DATA (WS FORM: F-6)
STATION: LEADVILLE CO
MONTH: JANUARY
YEAR: 2021
LATITUDE: 39 15 N
LONGITUDE: 106 18 W
TEMPERATURE IN F: :PCPN: SNOW: WIND :SUNSHINE: SKY :PK WND
================================================================================
1 2 3 4 5 6A 6B 7 8 9 10 11 12 13 14 15 16 17 18
12Z AVG MX 2MIN
DY MAX MIN AVG DEP HDD CDD WTR SNW DPTH SPD SPD DIR MIN PSBL S-S WX SPD DR
================================================================================
1 30 4 17 1 48 0 T M M 4.5 13 180 M M 5 16 170
2 26 -1 13 -4 52 0 T M M 10.7 25 310 M M 3 34 300
3 31 4 18 1 47 0 0.07 M M 10.2 25 300 M M 8 18 37 300
4 38 4 21 4 44 0 T M M 6.0 14 360 M M 3 21 360
5 33 8 21 4 44 0 0.07 M M 10.1 26 300 M M 7 128 41 310
6 30 0 15 -2 50 0 0.00 M M 10.1 16 360 M M 0 22 360
7 37 6 22 5 43 0 0.00 M M 7.3 17 320 M M 0 24 300
8 31 0 16 -1 49 0 0.00 M M 5.1 13 330 M M 2 20 10
9 19 -3 8 -9 57 0 0.01 M M 4.5 17 180 M M 7 18 21 180
10 27 -2 13 -4 52 0 T M M 5.6 17 300 M M 3 18 23 310
11 36 -15 11 -6 54 0 0.00 M M 5.8 14 360 M M 0 23 360
12 37 -4 17 0 48 0 0.00 M M 6.3 16 310 M M 0 19 310
13 36 11 24 7 41 0 0.02 M M 12.0 30 310 M M 5 1 44 310
14 23 9 16 -1 49 0 T M M 18.2 37 320 M M 2 89 63 310
15 30 -1 15 -2 50 0 0.00 M M 10.8 24 320 M M 0 39 320
16 29 19 24 7 41 0 T M M 10.1 24 300 M M 7 8 36 290
17 32 20 26 9 39 0 0.01 M M 11.9 24 300 M M 8 36 300
18 25 11 18 1 47 0 0.04 M M 9.1 22 300 M M 6 1 29 270
19 27 4 16 -1 49 0 0.01 M M 6.5 14 60 M M 5 1 19 190
20 34 10 22 5 43 0 T M M 9.9 18 330 M M 2 34 360
21 32 17 25 8 40 0 T M M 7.8 18 330 M M 7 8 27 310
22 34 17 26 9 39 0 T M M 5.9 16 220 M M 8 20 200
23 29 5 17 0 48 0 0.01 T 0 6.3 20 210 M M 5 18 28 210
24 20 -3 9 -8 56 0 0.04 T T 4.0 12 190 M M 6 18 14 190
25 23 -4 10 -7 55 0 0.00 M M 4.1 14 320 M M 6 19 360
26 14 -8 3 -14 62 0 0.07 M M 5.0 16 310 M M 9 18 22 300
27 31 -16 8 -9 57 0 T M M 5.5 15 50 M M 3 18 19 70
28 42 7 25 8 40 0 0.00 M M 4.6 14 180 M M 0 19 180
29 35 11 23 6 42 0 0.00 M M 6.9 20 210 M M 2 28 210
30 26 12 19 2 46 0 0.05 M M 8.1 22 310 M M 9 18 29 310
31 38 -1 19 2 46 0 T M M 5.0 14 60 M M 1 18 18 60
================================================================================
SM 935 121 1478 0 0.40 T 237.9 M 129
================================================================================
AV 30.2 3.9 7.7 FASTST M M 4 MAX(MPH)
MISC ----> 37 320 63 310
================================================================================
NOTES:
# LAST OF SEVERAL OCCURRENCES
COLUMN 17 PEAK WIND IN M.P.H.
PRELIMINARY LOCAL CLIMATOLOGICAL DATA (WS FORM: F-6) , PAGE 2
STATION: LEADVILLE CO
MONTH: JANUARY
YEAR: 2021
LATITUDE: 39 15 N
LONGITUDE: 106 18 W
[TEMPERATURE DATA] [PRECIPITATION DATA] SYMBOLS USED IN COLUMN 16
AVERAGE MONTHLY: 17.0 TOTAL FOR MONTH: 0.40 1 = FOG OR MIST
DPTR FM NORMAL: 0.2 DPTR FM NORMAL: -0.22 2 = FOG REDUCING VISIBILITY
HIGHEST: 42 ON 28 GRTST 24HR 0.16 ON 26-26 TO 1/4 MILE OR LESS
LOWEST: -16 ON 27 3 = THUNDER
SNOW, ICE PELLETS, HAIL 4 = ICE PELLETS
TOTAL MONTH: T 5 = HAIL
GRTST 24HR T ON 23-23 6 = FREEZING RAIN OR DRIZZLE
GRTST DEPTH: T 7 = DUSTSTORM OR SANDSTORM:
VSBY 1/2 MILE OR LESS
8 = SMOKE OR HAZE
[NO. OF DAYS WITH] [WEATHER - DAYS WITH] 9 = BLOWING SNOW
X = TORNADO
MAX 32 OR BELOW: 20 0.01 INCH OR MORE: 11
MAX 90 OR ABOVE: 0 0.10 INCH OR MORE: 0
MIN 32 OR BELOW: 31 0.50 INCH OR MORE: 0
MIN 0 OR BELOW: 13 1.00 INCH OR MORE: 0
[HDD (BASE 65) ]
TOTAL THIS MO. 1478 CLEAR (SCALE 0-3) 14
DPTR FM NORMAL -18 PTCLDY (SCALE 4-7) 13
TOTAL FM JUL 1 6065 CLOUDY (SCALE 8-10) 4
DPTR FM NORMAL -324
[CDD (BASE 65) ]
TOTAL THIS MO. 0
DPTR FM NORMAL 0 [PRESSURE DATA]
TOTAL FM JAN 1 0 HIGHEST SLP 30.59 ON 11
DPTR FM NORMAL 0 LOWEST SLP 29.46 ON 25
[REMARKS]
#FINAL-01-21#