000
CXUS51 KRNK 011231 CCA
CF6LYH
PRELIMINARY LOCAL CLIMATOLOGICAL DATA (WS FORM: F-6)
STATION: LYNCHBURG VA
MONTH: FEBRUARY
YEAR: 2023
LATITUDE: 37 19 N
LONGITUDE: 79 12 W
TEMPERATURE IN F: :PCPN: SNOW: WIND :SUNSHINE: SKY :PK WND
================================================================================
1 2 3 4 5 6A 6B 7 8 9 10 11 12 13 14 15 16 17 18
12Z AVG MX 2MIN
DY MAX MIN AVG DEP HDD CDD WTR SNW DPTH SPD SPD DIR MIN PSBL S-S WX SPD DR
================================================================================
1 39 36 38 2 27 0 0.24 0.0 0 5.6 12 40 M M 10 1 14 20
2 43 34 39 3 26 0 0.09 0.2 0 4.0 12 260 M M 8 1 17 270
3 42 24 33 -4 32 0 0.00 0.0 0 7.4 15 270 M M 0 23 310
4 39 16 28 -9 37 0 0.00 0.0 0 5.7 16 170 M M 0 19 180
5 56 25 41 4 24 0 0.00 0.0 0 6.1 17 190 M M 0 21 220
6 63 34 49 12 16 0 0.00 0.0 0 4.1 15 310 M M 3 21 300
7 62 27 45 8 20 0 0.00 0.0 0 4.9 15 200 M M 0 21 190
8 69 42 56 19 9 0 0.00 0.0 0 3.2 9 270 M M 2 15 230
9 70 49 60 22 5 0 0.01 0.0 0 10.2 22 200 M M 7 32 200
10 64 48 56 18 9 0 0.00 0.0 0 7.3 16 250 M M 0 23 260
11 58 36 47 9 18 0 0.00 0.0 0 4.0 10 30 M M 0 15 20
12 45 35 40 2 25 0 1.68 T 0 11.8 33 30 M M 10 14 39 40
13 56 31 44 6 21 0 0.03 0.0 0 5.6 13 210 M M 1 18 350
14 66 30 48 10 17 0 0.00 0.0 0 4.2 12 170 M M 0 17 250
15 72 48 60 21 5 0 T 0.0 0 8.7 18 190 M M 1 24 220
16 74 51 63 24 2 0 0.00 0.0 0 6.8 22 200 M M 3 36 220
17 65 32 49 10 16 0 0.55 0.0 0 8.2 18 270 M M 6 1 32 300
18 51 24 38 -1 27 0 0.00 0.0 0 2.5 10 230 M M 0 15 250
19 64 32 48 8 17 0 0.00 0.0 0 8.7 29 210 M M 0 40 220
20 62 43 53 13 12 0 0.01 0.0 0 4.1 14 250 M M 2 21 260
21 71 42 57 17 8 0 0.00 0.0 0 6.4 21 260 M M 2 30 260
22 70 40 55 15 10 0 T 0.0 0 2.8 12 40 M M 6 15 230
23 79 51 65 25 0 0 0.00 0.0 0 6.7 16 250 M M 3 26 270
24 68 49 59 18 6 0 0.00 0.0 0 6.4 16 10 M M 0 26 310
25 50 35 43 2 22 0 0.27 0.0 0 3.3 13 50 M M 6 1 16 50
26 64 37 51 10 14 0 0.00 0.0 0 5.1 14 210 M M 7 12 21 200
27 56 36 46 4 19 0 0.28 0.0 0 4.2 13 160 M M 6 1 20 320
28 74 40 57 15 8 0 T 0.0 0 5.9 14 30 M M 3 12 23 280
================================================================================
SM 1692 1027 452 0 3.16 0.2 163.9 M 86
================================================================================
AV 60.4 36.7 5.9 FASTST M M 3 MAX(MPH)
MISC ----> 33 30 40 220
================================================================================
NOTES:
# LAST OF SEVERAL OCCURRENCES
COLUMN 17 PEAK WIND IN M.P.H.
PRELIMINARY LOCAL CLIMATOLOGICAL DATA (WS FORM: F-6) , PAGE 2
STATION: LYNCHBURG VA
MONTH: FEBRUARY
YEAR: 2023
LATITUDE: 37 19 N
LONGITUDE: 79 12 W
[TEMPERATURE DATA] [PRECIPITATION DATA] SYMBOLS USED IN COLUMN 16
AVERAGE MONTHLY: 48.6 TOTAL FOR MONTH: 3.16 1 = FOG OR MIST
DPTR FM NORMAL: 9.8 DPTR FM NORMAL: 0.25 2 = FOG REDUCING VISIBILITY
HIGHEST: 79 ON 23 GRTST 24HR 1.71 ON 12-13 TO 1/4 MILE OR LESS
LOWEST: 16 ON 4 3 = THUNDER
SNOW, ICE PELLETS, HAIL 4 = ICE PELLETS
TOTAL MONTH: 0.2 INCH 5 = HAIL
GRTST 24HR 0.2 ON 2- 2 6 = FREEZING RAIN OR DRIZZLE
GRTST DEPTH: 0 7 = DUSTSTORM OR SANDSTORM:
VSBY 1/2 MILE OR LESS
8 = SMOKE OR HAZE
[NO. OF DAYS WITH] [WEATHER - DAYS WITH] 9 = BLOWING SNOW
X = TORNADO
MAX 32 OR BELOW: 0 0.01 INCH OR MORE: 9
MAX 90 OR ABOVE: 0 0.10 INCH OR MORE: 5
MIN 32 OR BELOW: 9 0.50 INCH OR MORE: 2
MIN 0 OR BELOW: 0 1.00 INCH OR MORE: 1
[HDD (BASE 65) ]
TOTAL THIS MO. 452 CLEAR (SCALE 0-3) 19
DPTR FM NORMAL -282 PTCLDY (SCALE 4-7) 6
TOTAL FM JUL 1 2650 CLOUDY (SCALE 8-10) 3
DPTR FM NORMAL -664
[CDD (BASE 65) ]
TOTAL THIS MO. 0
DPTR FM NORMAL 0 [PRESSURE DATA]
TOTAL FM JAN 1 0 HIGHEST SLP M ON M
DPTR FM NORMAL 0 LOWEST SLP 29.47 ON 27
[REMARKS]
#FINAL-02-23#