000
CXUS52 KTAE 220800
CF6MAI
PRELIMINARY LOCAL CLIMATOLOGICAL DATA (WS FORM: F-6)
STATION: MARIANNA
MONTH: APRIL
YEAR: 2024
LATITUDE: 30 50 N
LONGITUDE: 85 11 W
TEMPERATURE IN F: :PCPN: SNOW: WIND :SUNSHINE: SKY :PK WND
================================================================================
1 2 3 4 5 6A 6B 7 8 9 10 11 12 13 14 15 16 17 18
12Z AVG MX 2MIN
DY MAX MIN AVG DEP HDD CDD WTR SNW DPTH SPD SPD DIR MIN PSBL S-S WX SPD DR
================================================================================
1 81 63 72 8 0 7 0.00 0.0 M 6.0 14 200 M M 3 1 20 200
2 81 66 74 9 0 9 0.02 0.0 M 12.0 28 210 M M 8 1 40 210
3 77 54 66 1 0 1 0.08 0.0 M 12.1 30 210 M M 4 3 45 220
4 71 44 58 -7 7 0 0.00 0.0 0 9.4 21 260 M M 0 29 250
5 76 44 60 -5 5 0 0.00 0.0 0 5.2 20 300 M M 0 28 300
6 72 44 58 -7 7 0 0.00 0.0 M 2.6 14 30 M M 0 19 340
7 79 44 62 -4 3 0 0.00 0.0 M 3.8 12 180 M M 0 17 200
8 79 53 66 0 0 1 0.00 0.0 0 5.1 14 150 M M 1 8 22 140
9 78 58 68 2 0 3 0.00 0.0 0 6.5 17 180 M M 2 18 24 180
10 80 63 72 6 0 7 3.24 0.0 M 10.8 24 110 M M 8 138 39 120
11 76 54 65 -1 0 0 0.05 0.0 M 13.9 29 280 M M 5 3 41 250
12 76 50 63 -4 2 0 0.00 0.0 M 8.2 22 280 M M 0 31 260
13 81 45 63 -4 2 0 0.00 0.0 M 4.5 14 320 M M 0 20 360
14 85 51 68 1 0 3 0.00 0.0 M 3.6 16 220 M M 0 22 210
15 84 52 68 1 0 3 0.00 0.0 0 3.4 12 220 M M 0 16 250
16 86 57 72 4 0 7 0.00 0.0 M 1.3 14 170 M M 6 12 19 170
17 84 62 73 5 0 8 0.00 0.0 0 8.8 14 210 M M 0 23 210
18 81 61 71 3 0 6 0.00 0.0 0 4.0 12 260 M M 2 18 120
19 87 66 77 9 0 12 0.00 0.0 0 4.6 10 260 M M 3 1 14 270
20 87 67 77 8 0 12 0.04 0.0 0 4.6 8 200 M M 9 12 12 200
21 73 72 73 4 0 8 T 0.0 M M 12 280 M M 8 M M
================================================================================
SM 1674 1170 26 87 3.43 0.0 130.4 M 59
================================================================================
AV 79.7 55.7 6.5 FASTST M M 3 MAX(MPH)
MISC ----> 30 210 45 220
================================================================================
NOTES:
# LAST OF SEVERAL OCCURRENCES
COLUMN 17 PEAK WIND IN M.P.H.
PRELIMINARY LOCAL CLIMATOLOGICAL DATA (WS FORM: F-6) , PAGE 2
STATION: MARIANNA
MONTH: APRIL
YEAR: 2024
LATITUDE: 30 50 N
LONGITUDE: 85 11 W
[TEMPERATURE DATA] [PRECIPITATION DATA] SYMBOLS USED IN COLUMN 16
AVERAGE MONTHLY: 67.7 TOTAL FOR MONTH: 3.43 1 = FOG OR MIST
DPTR FM NORMAL: 1.2 DPTR FM NORMAL: 0.60 2 = FOG REDUCING VISIBILITY
HIGHEST: 87 ON 20,19 GRTST 24HR 3.29 ON 10-11 TO 1/4 MILE OR LESS
LOWEST: 44 ON 7, 6 3 = THUNDER
SNOW, ICE PELLETS, HAIL 4 = ICE PELLETS
TOTAL MONTH: 0.0 INCH 5 = HAIL
GRTST 24HR 0.0 6 = FREEZING RAIN OR DRIZZLE
GRTST DEPTH: 0 7 = DUSTSTORM OR SANDSTORM:
VSBY 1/2 MILE OR LESS
8 = SMOKE OR HAZE
[NO. OF DAYS WITH] [WEATHER - DAYS WITH] 9 = BLOWING SNOW
X = TORNADO
MAX 32 OR BELOW: 0 0.01 INCH OR MORE: 5
MAX 90 OR ABOVE: 0 0.10 INCH OR MORE: 1
MIN 32 OR BELOW: 0 0.50 INCH OR MORE: 1
MIN 0 OR BELOW: 0 1.00 INCH OR MORE: 1
[HDD (BASE 65) ]
TOTAL THIS MO. 26 CLEAR (SCALE 0-3) 13
DPTR FM NORMAL -16 PTCLDY (SCALE 4-7) 7
TOTAL FM JUL 1 1444 CLOUDY (SCALE 8-10) 1
DPTR FM NORMAL -67
[CDD (BASE 65) ]
TOTAL THIS MO. 87
DPTR FM NORMAL 12 [PRESSURE DATA]
TOTAL FM JAN 1 154 HIGHEST SLP M ON M
DPTR FM NORMAL 1 LOWEST SLP 29.50 ON 11
[REMARKS]