000
CXUS53 KABR 080531
CLMMBG
CLIMATE REPORT
NATIONAL WEATHER SERVICE ABERDEEN SD
1231 AM CDT FRI SEP 08 2023
...................................
...THE MOBRIDGE SD CLIMATE SUMMARY FOR THE MONTH OF AUGUST 2023...
CLIMATE NORMAL PERIOD 1991 TO 2020
CLIMATE RECORD PERIOD 1911 TO 2023
WEATHER OBSERVED NORMAL DEPART LAST YEAR`S
VALUE DATE(S) VALUE FROM VALUE DATE(S)
NORMAL
................................................................
TEMPERATURE (F)
RECORD
HIGH 110 08/09/1947
LOW 32 08/30/1935
HIGHEST 91 08/18 85 6 106 08/02
08/24
08/27
LOWEST 49 08/26 MM MM 50 08/30
AVG. MAXIMUM 83.0 86.0 -3.0 89.0
AVG. MINIMUM 60.0 59.6 0.4 62.5
MEAN 71.5 72.8 -1.3 75.7
DAYS MAX >= 90 6 9.3 -3.3 17
DAYS MAX <= 32 0 0.0 0.0 0
DAYS MIN <= 32 0 0.0 0.0 0
DAYS MIN <= 0 0 0.0 0.0 0
PRECIPITATION (INCHES)
RECORD
MAXIMUM 6.20 2007
MINIMUM 0.19 2001
TOTALS 2.99 2.05 0.94 1.34
DAYS >= .01 5 8.3 -3.3 6
DAYS >= .10 4 3.8 0.2 4
DAYS >= .50 2 1.4 0.6 1
DAYS >= 1.00 1 0.4 0.6 0
SNOWFALL (INCHES)
RECORDS
TOTAL MM 0
SNOW DEPTH MM MM
TOTALS 0.0 0.0 0.0 0.0
SINCE 7/1 T 0.0 0.0 MM
SNOWDEPTH AVG. 0 0
DAYS >= TRACE 0 0.0 0.0 0
DAYS >= 1.0 0 0.0 0.0 0
GREATEST
SNOW DEPTH 0 0 MM
DEGREE DAYS
HEATING TOTAL 5 13 -8 0
SINCE 7/1 15 15 0 MM
COOLING TOTAL 216 254 -38 343
SINCE 1/1 729 721 8 MM
FREEZE DATES
RECORD
EARLIEST MM
LATEST MM
EARLIEST MM
LATEST 05/02
................................................................
WIND (MPH)
AVERAGE WIND SPEED 8.6
RESULTANT WIND SPEED/DIRECTION 3/070
HIGHEST WIND SPEED/DIRECTION 31/140 DATE 08/30
HIGHEST GUST SPEED/DIRECTION 43/150 DATE 08/30
SKY COVER
POSSIBLE SUNSHINE (PERCENT) MM
AVERAGE SKY COVER 0.20
NUMBER OF DAYS FAIR 23
NUMBER OF DAYS PC 4
NUMBER OF DAYS CLOUDY 4
AVERAGE RH (PERCENT) 68
WEATHER CONDITIONS. NUMBER OF DAYS WITH
THUNDERSTORM 3 MIXED PRECIP 0
HEAVY RAIN 4 RAIN 3
LIGHT RAIN 6 FREEZING RAIN 0
LT FREEZING RAIN 0 HAIL 0
HEAVY SNOW 0 SNOW 0
LIGHT SNOW 0 SLEET 0
FOG 9 FOG W/VIS <= 1/4 MILE 2
HAZE 5
- INDICATES NEGATIVE NUMBERS.
R INDICATES RECORD WAS SET OR TIED.
MM INDICATES DATA IS MISSING.
T INDICATES TRACE AMOUNT.
$$