000
CXUS53 KDTX 010635
CF6MBS
PRELIMINARY LOCAL CLIMATOLOGICAL DATA (WS FORM: F-6)
STATION: TRI CITIES MI
MONTH: MAY
YEAR: 2022
LATITUDE: 43 31 N
LONGITUDE: 84 5 W
TEMPERATURE IN F: :PCPN: SNOW: WIND :SUNSHINE: SKY :PK WND
================================================================================
1 2 3 4 5 6A 6B 7 8 9 10 11 12 13 14 15 16 17 18
12Z AVG MX 2MIN
DY MAX MIN AVG DEP HDD CDD WTR SNW DPTH SPD SPD DIR MIN PSBL S-S WX SPD DR
================================================================================
1 62 46 54 2 11 0 0.28 0.0 0 9.8 22 260 M M 10 13 30 270
2 56 48 52 -1 13 0 0.00 0.0 0 10.2 18 250 M M 10 23 250
3 50 45 48 -5 17 0 0.38 0.0 0 11.8 25 40 M M 10 1 35 30
4 58 40 49 -5 16 0 T 0.0 0 10.8 18 40 M M 5 23 350
5 63 37 50 -4 15 0 0.00 0.0 0 5.4 16 40 M M 0 19 40
6 60 47 54 0 11 0 0.00 0.0 0 16.0 29 40 M M 1 36 30
7 57 39 48 -7 17 0 0.00 0.0 0 13.7 24 40 M M 0 32 40
8 67 35 51 -4 14 0 0.00 0.0 0 8.1 21 80 M M 1 29 70
9 76 44 60 4 5 0 0.00 0.0 0 13.1 24 140 M M 0 33 140
10 83 55 69 13 0 4 0.00 0.0 0 10.9 22 190 M M 8 30 180
11 78 59 69 13 0 4 T 0.0 0 7.3 24 320 M M 2 3 36 320
12 88 58 73 16 0 8 0.00 0.0 0 8.6 17 190 M M 0 25 170
13 88 61 75 18 0 10 0.00 0.0 0 8.1 14 150 M M 0 19 140
14 88 62 75 17 0 10 0.04 0.0 0 7.1 21 30 M M 2 3 29 10
15 78 55 67 9 0 2 0.13 0.0 0 7.8 18 230 M M 6 12 24 230
16 75 54 65 7 0 0 0.02 0.0 0 10.1 26 270 M M 6 35 270
17 66 42 54 -5 11 0 0.00 0.0 0 10.7 21 290 M M 2 28 340
18 54 42 48 -11 17 0 0.10 0.0 0 5.6 12 100 M M 7 1 14 110
19 74 52 63 4 2 0 0.00 0.0 0 9.4 21 230 M M 5 1 26 230
20 86 64 75 15 0 10 T 0.0 0 13.1 30 220 M M 3 3 42 190
21 69 55 62 2 3 0 0.43 0.0 0 8.3 21 300 M M 7 13 30 300
22 64 50 57 -3 8 0 0.07 0.0 0 8.4 17 320 M M 9 1 22 320
23 61 41 51 -10 14 0 0.00 0.0 0 7.1 14 20 M M 3 20 120
24 63 44 54 -7 11 0 0.00 0.0 0 8.1 16 40 M M 1 21 80
25 70 49 60 -2 5 0 0.20 0.0 0 10.0 20 100 M M 5 27 90
26 76 63 70 8 0 5 0.58 0.0 0 10.0 20 200 M M 9 1 27 200
27 66 58 62 0 3 0 1.17 0.0 0 7.9 17 30 M M 10 1 21 20
28 70 48 59 -4 6 0 0.01 0.0 0 5.0 14 340 M M 5 18 330
29 82 56 69 6 0 4 T 0.0 0 10.4 26 190 M M 2 36 200
30 87 67 77 14 0 12 0.00 0.0 0 13.3 25 220 M M 0 38 180
31 89 73 81 17 0 16 0.01 0.0 0 11.1 21 220 M M 3 29 210
================================================================================
SM 2204 1589 199 85 3.42 0.0 297.2 M 132
================================================================================
AV 71.1 51.3 9.6 FASTST M M 4 MAX(MPH)
MISC ----> 30 220 42 190
================================================================================
NOTES:
# LAST OF SEVERAL OCCURRENCES
COLUMN 17 PEAK WIND IN M.P.H.
PRELIMINARY LOCAL CLIMATOLOGICAL DATA (WS FORM: F-6) , PAGE 2
STATION: TRI CITIES MI
MONTH: MAY
YEAR: 2022
LATITUDE: 43 31 N
LONGITUDE: 84 5 W
[TEMPERATURE DATA] [PRECIPITATION DATA] SYMBOLS USED IN COLUMN 16
AVERAGE MONTHLY: 61.2 TOTAL FOR MONTH: 3.42 1 = FOG OR MIST
DPTR FM NORMAL: 3.0 DPTR FM NORMAL: 0.01 2 = FOG REDUCING VISIBILITY
HIGHEST: 89 ON 31 GRTST 24HR 1.68 ON 26-27 TO 1/4 MILE OR LESS
LOWEST: 35 ON 8 3 = THUNDER
SNOW, ICE PELLETS, HAIL 4 = ICE PELLETS
TOTAL MONTH: 0.0 INCH 5 = HAIL
GRTST 24HR 0.0 6 = FREEZING RAIN OR DRIZZLE
GRTST DEPTH: 0 7 = DUSTSTORM OR SANDSTORM:
VSBY 1/2 MILE OR LESS
8 = SMOKE OR HAZE
[NO. OF DAYS WITH] [WEATHER - DAYS WITH] 9 = BLOWING SNOW
X = TORNADO
MAX 32 OR BELOW: 0 0.01 INCH OR MORE: 13
MAX 90 OR ABOVE: 0 0.10 INCH OR MORE: 8
MIN 32 OR BELOW: 0 0.50 INCH OR MORE: 2
MIN 0 OR BELOW: 0 1.00 INCH OR MORE: 1
[HDD (BASE 65) ]
TOTAL THIS MO. 199 CLEAR (SCALE 0-3) 16
DPTR FM NORMAL -54 PTCLDY (SCALE 4-7) 9
TOTAL FM JUL 1 6442 CLOUDY (SCALE 8-10) 6
DPTR FM NORMAL -291
[CDD (BASE 65) ]
TOTAL THIS MO. 85
DPTR FM NORMAL 44 [PRESSURE DATA]
TOTAL FM JAN 1 87 HIGHEST SLP M ON M
DPTR FM NORMAL 43 LOWEST SLP 29.38 ON 20
[REMARKS]
#FINAL-05-22#